{"id":923,"date":"2019-01-31T20:56:41","date_gmt":"2019-01-31T19:56:41","guid":{"rendered":"http:\/\/drzwitarasy.pl\/?post_type=product&#038;p=923"},"modified":"2026-03-03T04:12:21","modified_gmt":"2026-03-03T03:12:21","slug":"listwa-maskujaca-oscieznice","status":"publish","type":"product","link":"https:\/\/drzwitarasy.pl\/?product=listwa-maskujaca-oscieznice","title":{"rendered":"Listwy maskuj\u0105ce do o\u015bcie\u017cnicy sta\u0142ej 60 mm \u2013 MDF"},"content":{"rendered":"<p style=\"text-align: center;\"><span style=\"font-size: 14pt;\">Listwy dedykowane do <strong>o\u015bcie\u017cnicy sta\u0142ej. L<\/strong>istwa maskuj\u0105ca polecana jest do zamaskowania szczelin i nier\u00f3wno\u015bci mi\u0119dzy o\u015bcie\u017cnic\u0105 a \u015bcian\u0105. Mo\u017cna j\u0105 mocowa\u0107 przy u\u017cyciu kleju monta\u017cowego, docinaj\u0105c na odpowiedni\u0105 d\u0142ugo\u015b\u0107.<\/span><\/p>\n<p>&nbsp;<\/p>\n<p data-start=\"0\" data-end=\"47\"><strong data-start=\"0\" data-end=\"47\">Listwa maskuj\u0105ca do o\u015bcie\u017cnicy sta\u0142ej 60 mm<\/strong><\/p>\n<p data-start=\"49\" data-end=\"257\">Listwa maskuj\u0105ca to praktyczny element wyko\u0144czeniowy przeznaczony do o\u015bcie\u017cnic sta\u0142ych. Jej zadaniem jest estetyczne zamaskowanie szczelin monta\u017cowych oraz nier\u00f3wno\u015bci powsta\u0142ych pomi\u0119dzy o\u015bcie\u017cnic\u0105 a \u015bcian\u0105.<\/p>\n<p data-start=\"259\" data-end=\"503\">Produkt pozwala uzyska\u0107 schludne i profesjonalne wyko\u0144czenie otworu drzwiowego \u2013 zar\u00f3wno w nowych inwestycjach, jak i podczas remont\u00f3w. Listwa idealnie komponuje si\u0119 z drzwiami wewn\u0119trznymi oraz o\u015bcie\u017cnicami w tej samej okleinie kolorystycznej.<\/p>\n<h3 data-start=\"505\" data-end=\"524\">Cechy produktu:<\/h3>\n<ul data-start=\"525\" data-end=\"721\">\n<li data-start=\"525\" data-end=\"568\">\n<p data-start=\"527\" data-end=\"568\">przeznaczona do o\u015bcie\u017cnicy sta\u0142ej 60 mm<\/p>\n<\/li>\n<li data-start=\"569\" data-end=\"611\">\n<p data-start=\"571\" data-end=\"611\">skutecznie maskuje szczeliny monta\u017cowe<\/p>\n<\/li>\n<li data-start=\"612\" data-end=\"651\">\n<p data-start=\"614\" data-end=\"651\">poprawia estetyk\u0119 wyko\u0144czenia drzwi<\/p>\n<\/li>\n<li data-start=\"652\" data-end=\"688\">\n<p data-start=\"654\" data-end=\"688\">\u0142atwy monta\u017c (na klej monta\u017cowy)<\/p>\n<\/li>\n<li data-start=\"689\" data-end=\"721\">\n<p data-start=\"691\" data-end=\"721\">mo\u017cliwo\u015b\u0107 doci\u0119cia na wymiar<\/p>\n<\/li>\n<\/ul>\n<p data-start=\"723\" data-end=\"811\" data-is-last-node=\"\" data-is-only-node=\"\">To prosty spos\u00f3b na estetyczne i trwa\u0142e wyko\u0144czenie drzwi w domu, mieszkaniu lub biurze.<\/p>\n<p><img loading=\"lazy\" decoding=\"async\" class=\"aligncenter size-full wp-image-3614\" src=\"https:\/\/drzwitarasy.pl\/wp-content\/uploads\/2019\/01\/listwy.jpg\" alt=\"\" width=\"650\" height=\"1024\" srcset=\"https:\/\/drzwitarasy.pl\/wp-content\/uploads\/2019\/01\/listwy.jpg 650w, https:\/\/drzwitarasy.pl\/wp-content\/uploads\/2019\/01\/listwy-300x473.jpg 300w, https:\/\/drzwitarasy.pl\/wp-content\/uploads\/2019\/01\/listwy-600x945.jpg 600w, https:\/\/drzwitarasy.pl\/wp-content\/uploads\/2019\/01\/listwy-190x300.jpg 190w\" sizes=\"auto, (max-width: 650px) 100vw, 650px\" \/><\/p>\n<p>&nbsp;<\/p>\n<p>&nbsp;<\/p>\n<p><img loading=\"lazy\" decoding=\"async\" class=\"aligncenter size-full wp-image-6804\" src=\"https:\/\/drzwitarasy.pl\/wp-content\/uploads\/2025\/03\/KOLORY-WSZYSTKIE-NOWE.jpg\" alt=\"\" width=\"1301\" height=\"1234\" srcset=\"https:\/\/drzwitarasy.pl\/wp-content\/uploads\/2025\/03\/KOLORY-WSZYSTKIE-NOWE.jpg 1301w, https:\/\/drzwitarasy.pl\/wp-content\/uploads\/2025\/03\/KOLORY-WSZYSTKIE-NOWE-300x285.jpg 300w, https:\/\/drzwitarasy.pl\/wp-content\/uploads\/2025\/03\/KOLORY-WSZYSTKIE-NOWE-1024x971.jpg 1024w, https:\/\/drzwitarasy.pl\/wp-content\/uploads\/2025\/03\/KOLORY-WSZYSTKIE-NOWE-768x728.jpg 768w, https:\/\/drzwitarasy.pl\/wp-content\/uploads\/2025\/03\/KOLORY-WSZYSTKIE-NOWE-600x569.jpg 600w\" sizes=\"auto, (max-width: 1301px) 100vw, 1301px\" \/><\/p>\n<p style=\"text-align: center;\"><img loading=\"lazy\" decoding=\"async\" class=\"aligncenter size-full wp-image-6956\" src=\"https:\/\/drzwitarasy.pl\/wp-content\/uploads\/2025\/08\/FRESH-DAB-WOTAN-NOWE.jpg\" alt=\"\" width=\"304\" height=\"295\" srcset=\"https:\/\/drzwitarasy.pl\/wp-content\/uploads\/2025\/08\/FRESH-DAB-WOTAN-NOWE.jpg 304w, https:\/\/drzwitarasy.pl\/wp-content\/uploads\/2025\/08\/FRESH-DAB-WOTAN-NOWE-300x291.jpg 300w, https:\/\/drzwitarasy.pl\/wp-content\/uploads\/2025\/08\/FRESH-DAB-WOTAN-NOWE-50x50.jpg 50w\" sizes=\"auto, (max-width: 304px) 100vw, 304px\" \/>D\u0104B WOTAN<\/p>\n<p>&nbsp;<\/p>\n<p>&nbsp;<\/p>\n<p><img loading=\"lazy\" decoding=\"async\" class=\"aligncenter size-full wp-image-4440\" src=\"https:\/\/drzwitarasy.pl\/wp-content\/uploads\/2024\/03\/IMG_2144.jpg\" alt=\"\" width=\"1206\" height=\"990\" srcset=\"https:\/\/drzwitarasy.pl\/wp-content\/uploads\/2024\/03\/IMG_2144.jpg 1206w, https:\/\/drzwitarasy.pl\/wp-content\/uploads\/2024\/03\/IMG_2144-300x246.jpg 300w, https:\/\/drzwitarasy.pl\/wp-content\/uploads\/2024\/03\/IMG_2144-600x493.jpg 600w, https:\/\/drzwitarasy.pl\/wp-content\/uploads\/2024\/03\/IMG_2144-1024x841.jpg 1024w, https:\/\/drzwitarasy.pl\/wp-content\/uploads\/2024\/03\/IMG_2144-768x630.jpg 768w\" sizes=\"auto, (max-width: 1206px) 100vw, 1206px\" \/><\/p>\n","protected":false},"excerpt":{"rendered":"<p style=\"text-align: center;\">Listwa maskuj\u0105ca do o\u015bcie\u017cnic sta\u0142ych<\/p>\n<p style=\"text-align: center;\">Komplet sk\u0142ada si\u0119 z dw\u00f3ch listew dla pion\u00f3w i jednej dla g\u0142\u00f3wki.<\/p>\n","protected":false},"featured_media":3614,"template":"","meta":{"_acf_changed":false,"_monsterinsights_skip_tracking":false,"_monsterinsights_sitenote_active":false,"_monsterinsights_sitenote_note":"","_monsterinsights_sitenote_category":0},"product_brand":[527],"product_cat":[21,251,32],"product_tag":[571,570,567,569,568,173],"class_list":{"0":"post-923","1":"product","2":"type-product","3":"status-publish","4":"has-post-thumbnail","6":"product_brand-windoor","7":"product_cat-drzwi-wewnetrzne","8":"product_cat-oscieznice-stale","9":"product_cat-oscieznice-akcesoria","10":"product_tag-listwy-do-drzwi","11":"product_tag-listwy-do-oscieznic","12":"product_tag-listwy-maskujace","13":"product_tag-opaska-do-drzwi","14":"product_tag-opaski","15":"product_tag-windoor","17":"first","18":"instock","19":"sale","20":"shipping-taxable","21":"purchasable","22":"product-type-simple","23":"add-to-wishlist-after_add_to_cart"},"acf":[],"aioseo_notices":[],"jetpack_sharing_enabled":true,"_links":{"self":[{"href":"https:\/\/drzwitarasy.pl\/index.php?rest_route=\/wp\/v2\/product\/923","targetHints":{"allow":["GET"]}}],"collection":[{"href":"https:\/\/drzwitarasy.pl\/index.php?rest_route=\/wp\/v2\/product"}],"about":[{"href":"https:\/\/drzwitarasy.pl\/index.php?rest_route=\/wp\/v2\/types\/product"}],"wp:featuredmedia":[{"embeddable":true,"href":"https:\/\/drzwitarasy.pl\/index.php?rest_route=\/wp\/v2\/media\/3614"}],"wp:attachment":[{"href":"https:\/\/drzwitarasy.pl\/index.php?rest_route=%2Fwp%2Fv2%2Fmedia&parent=923"}],"wp:term":[{"taxonomy":"product_brand","embeddable":true,"href":"https:\/\/drzwitarasy.pl\/index.php?rest_route=%2Fwp%2Fv2%2Fproduct_brand&post=923"},{"taxonomy":"product_cat","embeddable":true,"href":"https:\/\/drzwitarasy.pl\/index.php?rest_route=%2Fwp%2Fv2%2Fproduct_cat&post=923"},{"taxonomy":"product_tag","embeddable":true,"href":"https:\/\/drzwitarasy.pl\/index.php?rest_route=%2Fwp%2Fv2%2Fproduct_tag&post=923"}],"curies":[{"name":"wp","href":"https:\/\/api.w.org\/{rel}","templated":true}]}}