{"id":779,"date":"2024-01-31T14:18:04","date_gmt":"2024-01-31T13:18:04","guid":{"rendered":"http:\/\/drzwitarasy.pl\/?post_type=product&#038;p=779"},"modified":"2026-03-10T01:30:10","modified_gmt":"2026-03-10T00:30:10","slug":"drzwi-zeta-windoor","status":"publish","type":"product","link":"https:\/\/drzwitarasy.pl\/?product=drzwi-zeta-windoor","title":{"rendered":"Zeta drzwi p\u0142ycinowe standard"},"content":{"rendered":"<p><img loading=\"lazy\" decoding=\"async\" class=\"aligncenter wp-image-4003 size-full\" src=\"https:\/\/drzwitarasy.pl\/wp-content\/uploads\/2024\/10\/img_0743.jpeg\" alt=\"\" width=\"1148\" height=\"564\" srcset=\"https:\/\/drzwitarasy.pl\/wp-content\/uploads\/2024\/10\/img_0743.jpeg 1148w, https:\/\/drzwitarasy.pl\/wp-content\/uploads\/2024\/10\/img_0743-300x147.jpeg 300w, https:\/\/drzwitarasy.pl\/wp-content\/uploads\/2024\/10\/img_0743-600x295.jpeg 600w, https:\/\/drzwitarasy.pl\/wp-content\/uploads\/2024\/10\/img_0743-1024x503.jpeg 1024w, https:\/\/drzwitarasy.pl\/wp-content\/uploads\/2024\/10\/img_0743-768x377.jpeg 768w\" sizes=\"auto, (max-width: 1148px) 100vw, 1148px\" \/><\/p>\n<p>&nbsp;<\/p>\n<p>&nbsp;<\/p>\n<p style=\"text-align: center;\">Mamy przyjemno\u015b\u0107 przedstawi\u0107\u00a0<b>najnowsz\u0105 kolekcj\u0119<\/b>\u00a0drzwi wewn\u0119trznych. Skrzyd\u0142a te pokryte s\u0105 oklein\u0105 drewnopodobn\u0105 zapewniaj\u0105c\u0105\u00a0<b>wysokie walory estetyczne<\/b>, dzi\u0119ki kt\u00f3rym drzwi doskonale prezentuj\u0105 si\u0119 w Pa\u0144stwa domach.<\/p>\n<p style=\"text-align: center;\"><b>Unikalna struktura folii<\/b>\u00a0umo\u017cliwia odbijanie promieni s\u0142onecznych, co sprawia, \u017ce drzwi posiadaj\u0105 r\u00f3\u017cne odcienie w zale\u017cno\u015bci od pory dnia i nas\u0142onecznienia.<\/p>\n<p style=\"text-align: center;\">Proponowany model to skrzyd\u0142o drzwiowe wykonane z ramy MDF wype\u0142nionej wk\u0142adem stabilizuj\u0105cym w postaci tzw. plastra miodu. Rama wraz z wype\u0142nieniem jest dwustronnie ob\u0142o\u017cona p\u0142yt\u0105 HDF i oklejona Finish Foli\u0105 w kolorze drewna.<\/p>\n<p>&nbsp;<\/p>\n<h2><img loading=\"lazy\" decoding=\"async\" class=\"aligncenter size-full wp-image-7024\" src=\"https:\/\/drzwitarasy.pl\/wp-content\/uploads\/2023\/07\/KOLORY-zeta-i-olga-NOWE.jpg\" alt=\"\" width=\"757\" height=\"568\" srcset=\"https:\/\/drzwitarasy.pl\/wp-content\/uploads\/2023\/07\/KOLORY-zeta-i-olga-NOWE.jpg 757w, https:\/\/drzwitarasy.pl\/wp-content\/uploads\/2023\/07\/KOLORY-zeta-i-olga-NOWE-300x225.jpg 300w, https:\/\/drzwitarasy.pl\/wp-content\/uploads\/2023\/07\/KOLORY-zeta-i-olga-NOWE-600x450.jpg 600w\" sizes=\"auto, (max-width: 757px) 100vw, 757px\" \/><\/h2>\n<p>&nbsp;<\/p>\n<p><img loading=\"lazy\" decoding=\"async\" class=\"aligncenter wp-image-5866 size-large\" src=\"https:\/\/drzwitarasy.pl\/wp-content\/uploads\/2024\/01\/plasterduzy-1024x527.jpg\" alt=\"\" width=\"640\" height=\"329\" srcset=\"https:\/\/drzwitarasy.pl\/wp-content\/uploads\/2024\/01\/plasterduzy-1024x527.jpg 1024w, https:\/\/drzwitarasy.pl\/wp-content\/uploads\/2024\/01\/plasterduzy-300x154.jpg 300w, https:\/\/drzwitarasy.pl\/wp-content\/uploads\/2024\/01\/plasterduzy-600x309.jpg 600w, https:\/\/drzwitarasy.pl\/wp-content\/uploads\/2024\/01\/plasterduzy-768x395.jpg 768w, https:\/\/drzwitarasy.pl\/wp-content\/uploads\/2024\/01\/plasterduzy-1536x791.jpg 1536w, https:\/\/drzwitarasy.pl\/wp-content\/uploads\/2024\/01\/plasterduzy-2048x1054.jpg 2048w\" sizes=\"auto, (max-width: 640px) 100vw, 640px\" \/><\/p>\n<p>&nbsp;<\/p>\n<p><img loading=\"lazy\" decoding=\"async\" class=\"aligncenter size-full wp-image-4460\" src=\"https:\/\/drzwitarasy.pl\/wp-content\/uploads\/2024\/11\/KONTAKT-ok.jpg\" alt=\"\" width=\"1619\" height=\"1410\" srcset=\"https:\/\/drzwitarasy.pl\/wp-content\/uploads\/2024\/11\/KONTAKT-ok.jpg 1619w, https:\/\/drzwitarasy.pl\/wp-content\/uploads\/2024\/11\/KONTAKT-ok-300x261.jpg 300w, https:\/\/drzwitarasy.pl\/wp-content\/uploads\/2024\/11\/KONTAKT-ok-600x523.jpg 600w, https:\/\/drzwitarasy.pl\/wp-content\/uploads\/2024\/11\/KONTAKT-ok-1024x892.jpg 1024w, https:\/\/drzwitarasy.pl\/wp-content\/uploads\/2024\/11\/KONTAKT-ok-768x669.jpg 768w, https:\/\/drzwitarasy.pl\/wp-content\/uploads\/2024\/11\/KONTAKT-ok-1536x1338.jpg 1536w\" sizes=\"auto, (max-width: 1619px) 100vw, 1619px\" \/><\/p>\n","protected":false},"excerpt":{"rendered":"<p>&nbsp; &nbsp; Mamy przyjemno\u015b\u0107 przedstawi\u0107\u00a0najnowsz\u0105 kolekcj\u0119\u00a0drzwi wewn\u0119trznych. Skrzyd\u0142a te pokryte s\u0105 oklein\u0105 drewnopodobn\u0105 zapewniaj\u0105c\u0105\u00a0wysokie walory estetyczne, dzi\u0119ki kt\u00f3rym drzwi doskonale prezentuj\u0105 si\u0119 w Pa\u0144stwa domach. Unikalna struktura folii\u00a0umo\u017cliwia odbijanie promieni s\u0142onecznych, co sprawia, \u017ce drzwi posiadaj\u0105 r\u00f3\u017cne odcienie w zale\u017cno\u015bci od pory dnia i nas\u0142onecznienia. Proponowany model to skrzyd\u0142o drzwiowe wykonane z ramy MDF wype\u0142nionej [&hellip;]<\/p>\n","protected":false},"featured_media":4002,"template":"","meta":{"_acf_changed":false,"_monsterinsights_skip_tracking":false,"_monsterinsights_sitenote_active":false,"_monsterinsights_sitenote_note":"","_monsterinsights_sitenote_category":0},"product_brand":[527],"product_cat":[22,21],"product_tag":[312,275,389],"class_list":{"0":"post-779","1":"product","2":"type-product","3":"status-publish","4":"has-post-thumbnail","6":"product_brand-windoor","7":"product_cat-drzwi-standard","8":"product_cat-drzwi-wewnetrzne","9":"product_tag-drzwi-rozwierane-windoor","10":"product_tag-drzwi-wewnetrzne-castorama","11":"product_tag-zeta","12":"product_shipping_class-drzwi-windoor","14":"first","15":"instock","16":"sale","17":"shipping-taxable","18":"purchasable","19":"product-type-simple","20":"add-to-wishlist-after_add_to_cart"},"acf":[],"aioseo_notices":[],"jetpack_sharing_enabled":true,"_links":{"self":[{"href":"https:\/\/drzwitarasy.pl\/index.php?rest_route=\/wp\/v2\/product\/779","targetHints":{"allow":["GET"]}}],"collection":[{"href":"https:\/\/drzwitarasy.pl\/index.php?rest_route=\/wp\/v2\/product"}],"about":[{"href":"https:\/\/drzwitarasy.pl\/index.php?rest_route=\/wp\/v2\/types\/product"}],"wp:featuredmedia":[{"embeddable":true,"href":"https:\/\/drzwitarasy.pl\/index.php?rest_route=\/wp\/v2\/media\/4002"}],"wp:attachment":[{"href":"https:\/\/drzwitarasy.pl\/index.php?rest_route=%2Fwp%2Fv2%2Fmedia&parent=779"}],"wp:term":[{"taxonomy":"product_brand","embeddable":true,"href":"https:\/\/drzwitarasy.pl\/index.php?rest_route=%2Fwp%2Fv2%2Fproduct_brand&post=779"},{"taxonomy":"product_cat","embeddable":true,"href":"https:\/\/drzwitarasy.pl\/index.php?rest_route=%2Fwp%2Fv2%2Fproduct_cat&post=779"},{"taxonomy":"product_tag","embeddable":true,"href":"https:\/\/drzwitarasy.pl\/index.php?rest_route=%2Fwp%2Fv2%2Fproduct_tag&post=779"}],"curies":[{"name":"wp","href":"https:\/\/api.w.org\/{rel}","templated":true}]}}