{"id":7497,"date":"2026-05-15T18:48:03","date_gmt":"2026-05-15T16:48:03","guid":{"rendered":"https:\/\/drzwitarasy.pl\/?post_type=product&#038;p=7497"},"modified":"2026-05-15T18:50:23","modified_gmt":"2026-05-15T16:50:23","slug":"prog-aluminiowy-do-oscieznic","status":"publish","type":"product","link":"https:\/\/drzwitarasy.pl\/?product=prog-aluminiowy-do-oscieznic","title":{"rendered":"Pr\u00f3g aluminiowy do o\u015bcie\u017cnic"},"content":{"rendered":"<p><img data-recalc-dims=\"1\" loading=\"lazy\" decoding=\"async\" data-attachment-id=\"7484\" data-permalink=\"https:\/\/drzwitarasy.pl\/?attachment_id=7484\" data-orig-file=\"https:\/\/i0.wp.com\/drzwitarasy.pl\/wp-content\/uploads\/2026\/05\/BANER-NOWY-ZMIENIONY.jpg?fit=2420%2C948&amp;ssl=1\" data-orig-size=\"2420,948\" data-comments-opened=\"0\" data-image-meta=\"{&quot;aperture&quot;:&quot;0&quot;,&quot;credit&quot;:&quot;&quot;,&quot;camera&quot;:&quot;&quot;,&quot;caption&quot;:&quot;&quot;,&quot;created_timestamp&quot;:&quot;0&quot;,&quot;copyright&quot;:&quot;&quot;,&quot;focal_length&quot;:&quot;0&quot;,&quot;iso&quot;:&quot;0&quot;,&quot;shutter_speed&quot;:&quot;0&quot;,&quot;title&quot;:&quot;&quot;,&quot;orientation&quot;:&quot;1&quot;}\" data-image-title=\"BANER NOWY ZMIENIONY\" data-image-description=\"\" data-image-caption=\"\" data-large-file=\"https:\/\/i0.wp.com\/drzwitarasy.pl\/wp-content\/uploads\/2026\/05\/BANER-NOWY-ZMIENIONY.jpg?fit=640%2C251&amp;ssl=1\" class=\"aligncenter size-full wp-image-7484\" src=\"https:\/\/i0.wp.com\/drzwitarasy.pl\/wp-content\/uploads\/2026\/05\/BANER-NOWY-ZMIENIONY.jpg?resize=640%2C251&#038;ssl=1\" alt=\"\" width=\"640\" height=\"251\" srcset=\"https:\/\/i0.wp.com\/drzwitarasy.pl\/wp-content\/uploads\/2026\/05\/BANER-NOWY-ZMIENIONY.jpg?w=2420&amp;ssl=1 2420w, https:\/\/i0.wp.com\/drzwitarasy.pl\/wp-content\/uploads\/2026\/05\/BANER-NOWY-ZMIENIONY.jpg?resize=300%2C118&amp;ssl=1 300w, https:\/\/i0.wp.com\/drzwitarasy.pl\/wp-content\/uploads\/2026\/05\/BANER-NOWY-ZMIENIONY.jpg?resize=1024%2C401&amp;ssl=1 1024w, https:\/\/i0.wp.com\/drzwitarasy.pl\/wp-content\/uploads\/2026\/05\/BANER-NOWY-ZMIENIONY.jpg?resize=768%2C301&amp;ssl=1 768w, https:\/\/i0.wp.com\/drzwitarasy.pl\/wp-content\/uploads\/2026\/05\/BANER-NOWY-ZMIENIONY.jpg?resize=1536%2C602&amp;ssl=1 1536w, https:\/\/i0.wp.com\/drzwitarasy.pl\/wp-content\/uploads\/2026\/05\/BANER-NOWY-ZMIENIONY.jpg?resize=2048%2C802&amp;ssl=1 2048w, https:\/\/i0.wp.com\/drzwitarasy.pl\/wp-content\/uploads\/2026\/05\/BANER-NOWY-ZMIENIONY.jpg?resize=600%2C235&amp;ssl=1 600w, https:\/\/i0.wp.com\/drzwitarasy.pl\/wp-content\/uploads\/2026\/05\/BANER-NOWY-ZMIENIONY.jpg?w=1280&amp;ssl=1 1280w, https:\/\/i0.wp.com\/drzwitarasy.pl\/wp-content\/uploads\/2026\/05\/BANER-NOWY-ZMIENIONY.jpg?w=1920&amp;ssl=1 1920w\" sizes=\"auto, (max-width: 640px) 100vw, 640px\" \/><\/p>\n<p style=\"text-align: center;\"><strong>PR\u00d3G ALUMINIOWY UNIWERSALNY DO O\u015aCIE\u017bNIC<\/strong><\/p>\n<p>&nbsp;<\/p>\n<p><img data-recalc-dims=\"1\" loading=\"lazy\" decoding=\"async\" data-attachment-id=\"5964\" data-permalink=\"https:\/\/drzwitarasy.pl\/?attachment_id=5964\" data-orig-file=\"https:\/\/i0.wp.com\/drzwitarasy.pl\/wp-content\/uploads\/2025\/07\/prog-do-calisto.jpeg?fit=2134%2C988&amp;ssl=1\" data-orig-size=\"2134,988\" data-comments-opened=\"0\" data-image-meta=\"{&quot;aperture&quot;:&quot;0&quot;,&quot;credit&quot;:&quot;&quot;,&quot;camera&quot;:&quot;&quot;,&quot;caption&quot;:&quot;&quot;,&quot;created_timestamp&quot;:&quot;0&quot;,&quot;copyright&quot;:&quot;&quot;,&quot;focal_length&quot;:&quot;0&quot;,&quot;iso&quot;:&quot;0&quot;,&quot;shutter_speed&quot;:&quot;0&quot;,&quot;title&quot;:&quot;&quot;,&quot;orientation&quot;:&quot;1&quot;}\" data-image-title=\"pr\u00f3g do calisto\" data-image-description=\"\" data-image-caption=\"\" data-large-file=\"https:\/\/i0.wp.com\/drzwitarasy.pl\/wp-content\/uploads\/2025\/07\/prog-do-calisto.jpeg?fit=640%2C296&amp;ssl=1\" class=\"aligncenter size-full wp-image-5964\" src=\"https:\/\/i0.wp.com\/drzwitarasy.pl\/wp-content\/uploads\/2025\/07\/prog-do-calisto.jpeg?resize=640%2C296&#038;ssl=1\" alt=\"\" width=\"640\" height=\"296\" srcset=\"https:\/\/i0.wp.com\/drzwitarasy.pl\/wp-content\/uploads\/2025\/07\/prog-do-calisto.jpeg?w=2134&amp;ssl=1 2134w, https:\/\/i0.wp.com\/drzwitarasy.pl\/wp-content\/uploads\/2025\/07\/prog-do-calisto.jpeg?resize=300%2C139&amp;ssl=1 300w, https:\/\/i0.wp.com\/drzwitarasy.pl\/wp-content\/uploads\/2025\/07\/prog-do-calisto.jpeg?resize=600%2C278&amp;ssl=1 600w, https:\/\/i0.wp.com\/drzwitarasy.pl\/wp-content\/uploads\/2025\/07\/prog-do-calisto.jpeg?resize=1024%2C474&amp;ssl=1 1024w, https:\/\/i0.wp.com\/drzwitarasy.pl\/wp-content\/uploads\/2025\/07\/prog-do-calisto.jpeg?resize=768%2C356&amp;ssl=1 768w, https:\/\/i0.wp.com\/drzwitarasy.pl\/wp-content\/uploads\/2025\/07\/prog-do-calisto.jpeg?resize=1536%2C711&amp;ssl=1 1536w, https:\/\/i0.wp.com\/drzwitarasy.pl\/wp-content\/uploads\/2025\/07\/prog-do-calisto.jpeg?resize=2048%2C948&amp;ssl=1 2048w, https:\/\/i0.wp.com\/drzwitarasy.pl\/wp-content\/uploads\/2025\/07\/prog-do-calisto.jpeg?w=1280&amp;ssl=1 1280w, https:\/\/i0.wp.com\/drzwitarasy.pl\/wp-content\/uploads\/2025\/07\/prog-do-calisto.jpeg?w=1920&amp;ssl=1 1920w\" sizes=\"auto, (max-width: 640px) 100vw, 640px\" \/><\/p>\n<p><img data-recalc-dims=\"1\" loading=\"lazy\" decoding=\"async\" data-attachment-id=\"7502\" data-permalink=\"https:\/\/drzwitarasy.pl\/?attachment_id=7502\" data-orig-file=\"https:\/\/i0.wp.com\/drzwitarasy.pl\/wp-content\/uploads\/2026\/05\/PROG3A.jpg?fit=1514%2C667&amp;ssl=1\" data-orig-size=\"1514,667\" data-comments-opened=\"0\" data-image-meta=\"{&quot;aperture&quot;:&quot;0&quot;,&quot;credit&quot;:&quot;&quot;,&quot;camera&quot;:&quot;&quot;,&quot;caption&quot;:&quot;Screenshot&quot;,&quot;created_timestamp&quot;:&quot;1778868810&quot;,&quot;copyright&quot;:&quot;&quot;,&quot;focal_length&quot;:&quot;0&quot;,&quot;iso&quot;:&quot;0&quot;,&quot;shutter_speed&quot;:&quot;0&quot;,&quot;title&quot;:&quot;Screenshot&quot;,&quot;orientation&quot;:&quot;1&quot;}\" data-image-title=\"Screenshot\" data-image-description=\"\" data-image-caption=\"&lt;p&gt;Screenshot&lt;\/p&gt;\n\" data-large-file=\"https:\/\/i0.wp.com\/drzwitarasy.pl\/wp-content\/uploads\/2026\/05\/PROG3A.jpg?fit=640%2C282&amp;ssl=1\" class=\"size-full wp-image-7502\" src=\"https:\/\/i0.wp.com\/drzwitarasy.pl\/wp-content\/uploads\/2026\/05\/PROG3A.jpg?resize=640%2C282&#038;ssl=1\" alt=\"\" width=\"640\" height=\"282\" srcset=\"https:\/\/i0.wp.com\/drzwitarasy.pl\/wp-content\/uploads\/2026\/05\/PROG3A.jpg?w=1514&amp;ssl=1 1514w, https:\/\/i0.wp.com\/drzwitarasy.pl\/wp-content\/uploads\/2026\/05\/PROG3A.jpg?resize=300%2C132&amp;ssl=1 300w, https:\/\/i0.wp.com\/drzwitarasy.pl\/wp-content\/uploads\/2026\/05\/PROG3A.jpg?resize=1024%2C451&amp;ssl=1 1024w, https:\/\/i0.wp.com\/drzwitarasy.pl\/wp-content\/uploads\/2026\/05\/PROG3A.jpg?resize=768%2C338&amp;ssl=1 768w, https:\/\/i0.wp.com\/drzwitarasy.pl\/wp-content\/uploads\/2026\/05\/PROG3A.jpg?resize=600%2C264&amp;ssl=1 600w, https:\/\/i0.wp.com\/drzwitarasy.pl\/wp-content\/uploads\/2026\/05\/PROG3A.jpg?w=1280&amp;ssl=1 1280w\" sizes=\"auto, (max-width: 640px) 100vw, 640px\" \/><\/p>\n<p><img data-recalc-dims=\"1\" loading=\"lazy\" decoding=\"async\" data-attachment-id=\"7500\" data-permalink=\"https:\/\/drzwitarasy.pl\/?attachment_id=7500\" data-orig-file=\"https:\/\/i0.wp.com\/drzwitarasy.pl\/wp-content\/uploads\/2026\/05\/PROG2A.jpg?fit=1587%2C501&amp;ssl=1\" data-orig-size=\"1587,501\" data-comments-opened=\"0\" data-image-meta=\"{&quot;aperture&quot;:&quot;0&quot;,&quot;credit&quot;:&quot;&quot;,&quot;camera&quot;:&quot;&quot;,&quot;caption&quot;:&quot;Screenshot&quot;,&quot;created_timestamp&quot;:&quot;1778868777&quot;,&quot;copyright&quot;:&quot;&quot;,&quot;focal_length&quot;:&quot;0&quot;,&quot;iso&quot;:&quot;0&quot;,&quot;shutter_speed&quot;:&quot;0&quot;,&quot;title&quot;:&quot;Screenshot&quot;,&quot;orientation&quot;:&quot;1&quot;}\" data-image-title=\"Screenshot\" data-image-description=\"\" data-image-caption=\"&lt;p&gt;Screenshot&lt;\/p&gt;\n\" data-large-file=\"https:\/\/i0.wp.com\/drzwitarasy.pl\/wp-content\/uploads\/2026\/05\/PROG2A.jpg?fit=640%2C202&amp;ssl=1\" class=\"size-full wp-image-7500\" src=\"https:\/\/i0.wp.com\/drzwitarasy.pl\/wp-content\/uploads\/2026\/05\/PROG2A.jpg?resize=640%2C202&#038;ssl=1\" alt=\"\" width=\"640\" height=\"202\" srcset=\"https:\/\/i0.wp.com\/drzwitarasy.pl\/wp-content\/uploads\/2026\/05\/PROG2A.jpg?w=1587&amp;ssl=1 1587w, https:\/\/i0.wp.com\/drzwitarasy.pl\/wp-content\/uploads\/2026\/05\/PROG2A.jpg?resize=300%2C95&amp;ssl=1 300w, https:\/\/i0.wp.com\/drzwitarasy.pl\/wp-content\/uploads\/2026\/05\/PROG2A.jpg?resize=1024%2C323&amp;ssl=1 1024w, https:\/\/i0.wp.com\/drzwitarasy.pl\/wp-content\/uploads\/2026\/05\/PROG2A.jpg?resize=768%2C242&amp;ssl=1 768w, https:\/\/i0.wp.com\/drzwitarasy.pl\/wp-content\/uploads\/2026\/05\/PROG2A.jpg?resize=1536%2C485&amp;ssl=1 1536w, https:\/\/i0.wp.com\/drzwitarasy.pl\/wp-content\/uploads\/2026\/05\/PROG2A.jpg?resize=600%2C189&amp;ssl=1 600w, https:\/\/i0.wp.com\/drzwitarasy.pl\/wp-content\/uploads\/2026\/05\/PROG2A.jpg?w=1280&amp;ssl=1 1280w\" sizes=\"auto, (max-width: 640px) 100vw, 640px\" \/><\/p>\n<p><img data-recalc-dims=\"1\" loading=\"lazy\" decoding=\"async\" data-attachment-id=\"7503\" data-permalink=\"https:\/\/drzwitarasy.pl\/?attachment_id=7503\" data-orig-file=\"https:\/\/i0.wp.com\/drzwitarasy.pl\/wp-content\/uploads\/2026\/05\/PROG4.jpg?fit=513%2C1281&amp;ssl=1\" data-orig-size=\"513,1281\" data-comments-opened=\"0\" data-image-meta=\"{&quot;aperture&quot;:&quot;0&quot;,&quot;credit&quot;:&quot;&quot;,&quot;camera&quot;:&quot;&quot;,&quot;caption&quot;:&quot;Screenshot&quot;,&quot;created_timestamp&quot;:&quot;1778868857&quot;,&quot;copyright&quot;:&quot;&quot;,&quot;focal_length&quot;:&quot;0&quot;,&quot;iso&quot;:&quot;0&quot;,&quot;shutter_speed&quot;:&quot;0&quot;,&quot;title&quot;:&quot;Screenshot&quot;,&quot;orientation&quot;:&quot;1&quot;}\" data-image-title=\"Screenshot\" data-image-description=\"\" data-image-caption=\"&lt;p&gt;Screenshot&lt;\/p&gt;\n\" data-large-file=\"https:\/\/i0.wp.com\/drzwitarasy.pl\/wp-content\/uploads\/2026\/05\/PROG4.jpg?fit=410%2C1024&amp;ssl=1\" class=\"size-full wp-image-7503\" src=\"https:\/\/i0.wp.com\/drzwitarasy.pl\/wp-content\/uploads\/2026\/05\/PROG4.jpg?resize=513%2C1281&#038;ssl=1\" alt=\"\" width=\"513\" height=\"1281\" srcset=\"https:\/\/i0.wp.com\/drzwitarasy.pl\/wp-content\/uploads\/2026\/05\/PROG4.jpg?w=513&amp;ssl=1 513w, https:\/\/i0.wp.com\/drzwitarasy.pl\/wp-content\/uploads\/2026\/05\/PROG4.jpg?resize=120%2C300&amp;ssl=1 120w, https:\/\/i0.wp.com\/drzwitarasy.pl\/wp-content\/uploads\/2026\/05\/PROG4.jpg?resize=410%2C1024&amp;ssl=1 410w, https:\/\/i0.wp.com\/drzwitarasy.pl\/wp-content\/uploads\/2026\/05\/PROG4.jpg?resize=300%2C749&amp;ssl=1 300w\" sizes=\"auto, (max-width: 513px) 100vw, 513px\" \/><\/p>\n<p><img data-recalc-dims=\"1\" loading=\"lazy\" decoding=\"async\" data-attachment-id=\"7501\" data-permalink=\"https:\/\/drzwitarasy.pl\/?attachment_id=7501\" data-orig-file=\"https:\/\/i0.wp.com\/drzwitarasy.pl\/wp-content\/uploads\/2026\/05\/PROG3.jpg?fit=667%2C1514&amp;ssl=1\" data-orig-size=\"667,1514\" data-comments-opened=\"0\" data-image-meta=\"{&quot;aperture&quot;:&quot;0&quot;,&quot;credit&quot;:&quot;&quot;,&quot;camera&quot;:&quot;&quot;,&quot;caption&quot;:&quot;Screenshot&quot;,&quot;created_timestamp&quot;:&quot;1778868810&quot;,&quot;copyright&quot;:&quot;&quot;,&quot;focal_length&quot;:&quot;0&quot;,&quot;iso&quot;:&quot;0&quot;,&quot;shutter_speed&quot;:&quot;0&quot;,&quot;title&quot;:&quot;Screenshot&quot;,&quot;orientation&quot;:&quot;1&quot;}\" data-image-title=\"Screenshot\" data-image-description=\"\" data-image-caption=\"&lt;p&gt;Screenshot&lt;\/p&gt;\n\" data-large-file=\"https:\/\/i0.wp.com\/drzwitarasy.pl\/wp-content\/uploads\/2026\/05\/PROG3.jpg?fit=451%2C1024&amp;ssl=1\" class=\"size-full wp-image-7501\" src=\"https:\/\/i0.wp.com\/drzwitarasy.pl\/wp-content\/uploads\/2026\/05\/PROG3.jpg?resize=640%2C1453&#038;ssl=1\" alt=\"\" width=\"640\" height=\"1453\" srcset=\"https:\/\/i0.wp.com\/drzwitarasy.pl\/wp-content\/uploads\/2026\/05\/PROG3.jpg?w=667&amp;ssl=1 667w, https:\/\/i0.wp.com\/drzwitarasy.pl\/wp-content\/uploads\/2026\/05\/PROG3.jpg?resize=132%2C300&amp;ssl=1 132w, https:\/\/i0.wp.com\/drzwitarasy.pl\/wp-content\/uploads\/2026\/05\/PROG3.jpg?resize=451%2C1024&amp;ssl=1 451w, https:\/\/i0.wp.com\/drzwitarasy.pl\/wp-content\/uploads\/2026\/05\/PROG3.jpg?resize=300%2C681&amp;ssl=1 300w, https:\/\/i0.wp.com\/drzwitarasy.pl\/wp-content\/uploads\/2026\/05\/PROG3.jpg?resize=600%2C1362&amp;ssl=1 600w\" sizes=\"auto, (max-width: 640px) 100vw, 640px\" \/><\/p>\n<p><img data-recalc-dims=\"1\" loading=\"lazy\" decoding=\"async\" data-attachment-id=\"7499\" data-permalink=\"https:\/\/drzwitarasy.pl\/?attachment_id=7499\" data-orig-file=\"https:\/\/i0.wp.com\/drzwitarasy.pl\/wp-content\/uploads\/2026\/05\/PROG2.jpg?fit=501%2C1587&amp;ssl=1\" data-orig-size=\"501,1587\" data-comments-opened=\"0\" data-image-meta=\"{&quot;aperture&quot;:&quot;0&quot;,&quot;credit&quot;:&quot;&quot;,&quot;camera&quot;:&quot;&quot;,&quot;caption&quot;:&quot;Screenshot&quot;,&quot;created_timestamp&quot;:&quot;1778868777&quot;,&quot;copyright&quot;:&quot;&quot;,&quot;focal_length&quot;:&quot;0&quot;,&quot;iso&quot;:&quot;0&quot;,&quot;shutter_speed&quot;:&quot;0&quot;,&quot;title&quot;:&quot;Screenshot&quot;,&quot;orientation&quot;:&quot;1&quot;}\" data-image-title=\"Screenshot\" data-image-description=\"\" data-image-caption=\"&lt;p&gt;Screenshot&lt;\/p&gt;\n\" data-large-file=\"https:\/\/i0.wp.com\/drzwitarasy.pl\/wp-content\/uploads\/2026\/05\/PROG2.jpg?fit=323%2C1024&amp;ssl=1\" class=\"size-full wp-image-7499\" src=\"https:\/\/i0.wp.com\/drzwitarasy.pl\/wp-content\/uploads\/2026\/05\/PROG2.jpg?resize=501%2C1587&#038;ssl=1\" alt=\"\" width=\"501\" height=\"1587\" srcset=\"https:\/\/i0.wp.com\/drzwitarasy.pl\/wp-content\/uploads\/2026\/05\/PROG2.jpg?w=501&amp;ssl=1 501w, https:\/\/i0.wp.com\/drzwitarasy.pl\/wp-content\/uploads\/2026\/05\/PROG2.jpg?resize=95%2C300&amp;ssl=1 95w, https:\/\/i0.wp.com\/drzwitarasy.pl\/wp-content\/uploads\/2026\/05\/PROG2.jpg?resize=323%2C1024&amp;ssl=1 323w, https:\/\/i0.wp.com\/drzwitarasy.pl\/wp-content\/uploads\/2026\/05\/PROG2.jpg?resize=485%2C1536&amp;ssl=1 485w, https:\/\/i0.wp.com\/drzwitarasy.pl\/wp-content\/uploads\/2026\/05\/PROG2.jpg?resize=300%2C950&amp;ssl=1 300w\" sizes=\"auto, (max-width: 501px) 100vw, 501px\" \/><\/p>\n<p><img data-recalc-dims=\"1\" loading=\"lazy\" decoding=\"async\" data-attachment-id=\"7504\" data-permalink=\"https:\/\/drzwitarasy.pl\/?attachment_id=7504\" data-orig-file=\"https:\/\/i0.wp.com\/drzwitarasy.pl\/wp-content\/uploads\/2026\/05\/PROG5.jpg?fit=551%2C418&amp;ssl=1\" data-orig-size=\"551,418\" data-comments-opened=\"0\" data-image-meta=\"{&quot;aperture&quot;:&quot;0&quot;,&quot;credit&quot;:&quot;&quot;,&quot;camera&quot;:&quot;&quot;,&quot;caption&quot;:&quot;Screenshot&quot;,&quot;created_timestamp&quot;:&quot;1778868891&quot;,&quot;copyright&quot;:&quot;&quot;,&quot;focal_length&quot;:&quot;0&quot;,&quot;iso&quot;:&quot;0&quot;,&quot;shutter_speed&quot;:&quot;0&quot;,&quot;title&quot;:&quot;Screenshot&quot;,&quot;orientation&quot;:&quot;1&quot;}\" data-image-title=\"Screenshot\" data-image-description=\"\" data-image-caption=\"&lt;p&gt;Screenshot&lt;\/p&gt;\n\" data-large-file=\"https:\/\/i0.wp.com\/drzwitarasy.pl\/wp-content\/uploads\/2026\/05\/PROG5.jpg?fit=551%2C418&amp;ssl=1\" class=\"size-full wp-image-7504\" src=\"https:\/\/i0.wp.com\/drzwitarasy.pl\/wp-content\/uploads\/2026\/05\/PROG5.jpg?resize=551%2C418&#038;ssl=1\" alt=\"\" width=\"551\" height=\"418\" srcset=\"https:\/\/i0.wp.com\/drzwitarasy.pl\/wp-content\/uploads\/2026\/05\/PROG5.jpg?w=551&amp;ssl=1 551w, https:\/\/i0.wp.com\/drzwitarasy.pl\/wp-content\/uploads\/2026\/05\/PROG5.jpg?resize=300%2C228&amp;ssl=1 300w\" sizes=\"auto, (max-width: 551px) 100vw, 551px\" \/><\/p>\n<p><img data-recalc-dims=\"1\" loading=\"lazy\" decoding=\"async\" data-attachment-id=\"7498\" data-permalink=\"https:\/\/drzwitarasy.pl\/?attachment_id=7498\" data-orig-file=\"https:\/\/i0.wp.com\/drzwitarasy.pl\/wp-content\/uploads\/2026\/05\/PROG1.jpg?fit=611%2C1573&amp;ssl=1\" data-orig-size=\"611,1573\" data-comments-opened=\"0\" data-image-meta=\"{&quot;aperture&quot;:&quot;0&quot;,&quot;credit&quot;:&quot;&quot;,&quot;camera&quot;:&quot;&quot;,&quot;caption&quot;:&quot;Screenshot&quot;,&quot;created_timestamp&quot;:&quot;1778868749&quot;,&quot;copyright&quot;:&quot;&quot;,&quot;focal_length&quot;:&quot;0&quot;,&quot;iso&quot;:&quot;0&quot;,&quot;shutter_speed&quot;:&quot;0&quot;,&quot;title&quot;:&quot;Screenshot&quot;,&quot;orientation&quot;:&quot;1&quot;}\" data-image-title=\"Screenshot\" data-image-description=\"\" data-image-caption=\"&lt;p&gt;Screenshot&lt;\/p&gt;\n\" data-large-file=\"https:\/\/i0.wp.com\/drzwitarasy.pl\/wp-content\/uploads\/2026\/05\/PROG1.jpg?fit=398%2C1024&amp;ssl=1\" class=\"size-full wp-image-7498\" src=\"https:\/\/i0.wp.com\/drzwitarasy.pl\/wp-content\/uploads\/2026\/05\/PROG1.jpg?resize=611%2C1573&#038;ssl=1\" alt=\"\" width=\"611\" height=\"1573\" srcset=\"https:\/\/i0.wp.com\/drzwitarasy.pl\/wp-content\/uploads\/2026\/05\/PROG1.jpg?w=611&amp;ssl=1 611w, https:\/\/i0.wp.com\/drzwitarasy.pl\/wp-content\/uploads\/2026\/05\/PROG1.jpg?resize=117%2C300&amp;ssl=1 117w, https:\/\/i0.wp.com\/drzwitarasy.pl\/wp-content\/uploads\/2026\/05\/PROG1.jpg?resize=398%2C1024&amp;ssl=1 398w, https:\/\/i0.wp.com\/drzwitarasy.pl\/wp-content\/uploads\/2026\/05\/PROG1.jpg?resize=597%2C1536&amp;ssl=1 597w, https:\/\/i0.wp.com\/drzwitarasy.pl\/wp-content\/uploads\/2026\/05\/PROG1.jpg?resize=300%2C772&amp;ssl=1 300w, https:\/\/i0.wp.com\/drzwitarasy.pl\/wp-content\/uploads\/2026\/05\/PROG1.jpg?resize=600%2C1545&amp;ssl=1 600w\" sizes=\"auto, (max-width: 611px) 100vw, 611px\" \/><\/p>\n","protected":false},"excerpt":{"rendered":"<p>PR\u00d3G ALUMINIOWY UNIWERSALNY DO O\u015aCIE\u017bNIC &nbsp;<\/p>\n","protected":false},"featured_media":5964,"template":"","meta":{"_acf_changed":false,"jetpack_publicize_message":"","jetpack_publicize_feature_enabled":true,"jetpack_social_post_already_shared":true,"jetpack_social_options":{"image_generator_settings":{"template":"highway","default_image_id":0,"font":"","enabled":false},"version":2}},"product_brand":[527],"product_cat":[560,253,531,255,250,251,32,659,559,252],"product_tag":[660],"class_list":{"0":"post-7497","1":"product","2":"type-product","3":"status-publish","4":"has-post-thumbnail","6":"product_brand-windoor","7":"product_cat-bezprzylgowe","8":"product_cat-oscieznice-prestige-standard","9":"product_cat-oscieznice-i-akcesoria","10":"product_cat-oscieznice-listwy-cwiercwalki","11":"product_cat-regulowane-prestige-standard","12":"product_cat-oscieznice-stale","13":"product_cat-oscieznice-akcesoria","14":"product_cat-prog-aluminiowy-do-oscieznic","15":"product_cat-przylgowe","16":"product_cat-tunel-regulowany","17":"product_tag-prog-aluminiowy","18":"product_shipping_class-klamki","20":"first","21":"instock","22":"sale","23":"shipping-taxable","24":"purchasable","25":"product-type-simple","26":"add-to-wishlist-after_add_to_cart"},"acf":[],"aioseo_notices":[],"jetpack_publicize_connections":[],"jetpack_sharing_enabled":true,"jetpack_likes_enabled":true,"jetpack-related-posts":[],"_links":{"self":[{"href":"https:\/\/drzwitarasy.pl\/index.php?rest_route=\/wp\/v2\/product\/7497","targetHints":{"allow":["GET"]}}],"collection":[{"href":"https:\/\/drzwitarasy.pl\/index.php?rest_route=\/wp\/v2\/product"}],"about":[{"href":"https:\/\/drzwitarasy.pl\/index.php?rest_route=\/wp\/v2\/types\/product"}],"wp:featuredmedia":[{"embeddable":true,"href":"https:\/\/drzwitarasy.pl\/index.php?rest_route=\/wp\/v2\/media\/5964"}],"wp:attachment":[{"href":"https:\/\/drzwitarasy.pl\/index.php?rest_route=%2Fwp%2Fv2%2Fmedia&parent=7497"}],"wp:term":[{"taxonomy":"product_brand","embeddable":true,"href":"https:\/\/drzwitarasy.pl\/index.php?rest_route=%2Fwp%2Fv2%2Fproduct_brand&post=7497"},{"taxonomy":"product_cat","embeddable":true,"href":"https:\/\/drzwitarasy.pl\/index.php?rest_route=%2Fwp%2Fv2%2Fproduct_cat&post=7497"},{"taxonomy":"product_tag","embeddable":true,"href":"https:\/\/drzwitarasy.pl\/index.php?rest_route=%2Fwp%2Fv2%2Fproduct_tag&post=7497"}],"curies":[{"name":"wp","href":"https:\/\/api.w.org\/{rel}","templated":true}]}}