{"id":6982,"date":"2025-03-07T07:25:12","date_gmt":"2025-03-07T06:25:12","guid":{"rendered":"https:\/\/drzwitarasy.pl\/?post_type=product&#038;p=6982"},"modified":"2026-04-14T03:24:02","modified_gmt":"2026-04-14T01:24:02","slug":"elegance-classic-pelne-drzwi-prestige","status":"publish","type":"product","link":"https:\/\/drzwitarasy.pl\/?product=elegance-classic-pelne-drzwi-prestige","title":{"rendered":"Elegance CLASSIC pe\u0142ne drzwi PRESTIGE"},"content":{"rendered":"<p>&nbsp;<\/p>\n<p><img loading=\"lazy\" decoding=\"async\" class=\"aligncenter size-full wp-image-6983\" src=\"https:\/\/drzwitarasy.pl\/wp-content\/uploads\/2026\/03\/ELEGANCE-CLASSIC-WIZUAL-LOGO-ALL.jpg\" alt=\"\" width=\"1283\" height=\"1258\" srcset=\"https:\/\/drzwitarasy.pl\/wp-content\/uploads\/2026\/03\/ELEGANCE-CLASSIC-WIZUAL-LOGO-ALL.jpg 1283w, https:\/\/drzwitarasy.pl\/wp-content\/uploads\/2026\/03\/ELEGANCE-CLASSIC-WIZUAL-LOGO-ALL-300x294.jpg 300w, https:\/\/drzwitarasy.pl\/wp-content\/uploads\/2026\/03\/ELEGANCE-CLASSIC-WIZUAL-LOGO-ALL-1024x1004.jpg 1024w, https:\/\/drzwitarasy.pl\/wp-content\/uploads\/2026\/03\/ELEGANCE-CLASSIC-WIZUAL-LOGO-ALL-768x753.jpg 768w, https:\/\/drzwitarasy.pl\/wp-content\/uploads\/2026\/03\/ELEGANCE-CLASSIC-WIZUAL-LOGO-ALL-600x588.jpg 600w, https:\/\/drzwitarasy.pl\/wp-content\/uploads\/2026\/03\/ELEGANCE-CLASSIC-WIZUAL-LOGO-ALL-50x50.jpg 50w\" sizes=\"auto, (max-width: 1283px) 100vw, 1283px\" \/><\/p>\n<p>&nbsp;<\/p>\n<p>Poszukujesz drzwi, kt\u00f3re nie tylko b\u0119d\u0105 funkcjonalne, ale tak\u017ce nadadz\u0105 Twojemu wn\u0119trzu wyj\u0105tkowy, nowoczesny styl? Chcesz, aby by\u0142y trwa\u0142e, estetyczne i \u0142atwe w konserwacji? Oto nasza propozycja \u2013 Drzwi PRESTIGE Elegance Classic!<\/p>\n<h4>Dlaczego warto wybra\u0107 drzwi Elegance Classic?<\/h4>\n<p>Nasze drzwi Elegance Classic to kwintesencja wysokiej jako\u015bci i nowoczesnego designu. Konstrukcja drzwi opiera si\u0119 na pe\u0142nej p\u0142ycie MDF, co zapewnia ich niezwyk\u0142\u0105 trwa\u0142o\u015b\u0107 i odporno\u015b\u0107 na uszkodzenia mechaniczne.<\/p>\n<h4>Najwa\u017cniejsze cechy:<\/h4>\n<p><strong>Wysoka jako\u015b\u0107 i trwa\u0142o\u015b\u0107<\/strong>: Wykonane z pe\u0142nej p\u0142yty MDF, drzwi te s\u0105 wyj\u0105tkowo odporne na wszelkie uszkodzenia mechaniczne, co gwarantuje ich d\u0142ugowieczno\u015b\u0107.<\/p>\n<p><strong>Nowoczesny design<\/strong>: Drzwi Elegance Classic wyr\u00f3\u017cniaj\u0105 si\u0119 eleganckim wygl\u0105dem, kt\u00f3ry doskonale komponuje si\u0119 z nowoczesnymi wn\u0119trzami.<\/p>\n<p><strong>Technologia SOFTLine<\/strong>: Profile drzwi wykonane s\u0105 w technologii SOFTLine, kt\u00f3ra wyr\u00f3\u017cnia si\u0119 brakiem \u0142\u0105cze\u0144 okleiny na kraw\u0119dziach, co dodaje im estetycznego wygl\u0105du.<\/p>\n<p><strong>Stabilna konstrukcja<\/strong>: Technologia czopowania i ko\u0142kowania u\u017cyta do po\u0142\u0105czenia element\u00f3w pionowych i poziomych zapobiega wypaczaniu oraz opuszczaniu drzwi, nawet podczas wieloletniego u\u017cytkowania.<\/p>\n<p><strong>Komfort u\u017cytkowania<\/strong>: Drzwi wyposa\u017cone s\u0105 w 3 wkr\u0119cane zawiasy, co zapewnia \u0142atwo\u015b\u0107 monta\u017cu i stabilno\u015b\u0107.<\/p>\n<p><strong>Wszechstronne rozmiary<\/strong>: Dost\u0119pne w szeroko\u015bciach: 60, 70, 80, 90 cm, o wymiarach 2035 x 644\/744\/844\/944 x 40 mm, co pozwala dopasowa\u0107 je do r\u00f3\u017cnych przestrzeni.<\/p>\n<h4>Idealne do ka\u017cdego wn\u0119trza<\/h4>\n<p>Drzwi Elegance Classic \u015bwietnie sprawdz\u0105 si\u0119 zar\u00f3wno w nowoczesnych loftach, jak i eleganckich, klasycznych wn\u0119trzach. Dzi\u0119ki swojej uniwersalno\u015bci, mog\u0105 by\u0107 zastosowane w r\u00f3\u017cnych pomieszczeniach \u2013 od kuchni, przez salon, a\u017c po biura i gabinety.<\/p>\n<h4>Dodaj nowoczesny akcent do swojego domu ju\u017c dzi\u015b!<\/h4>\n<p>Nie czekaj \u2013 zadbaj o styl i funkcjonalno\u015b\u0107 swojego wn\u0119trza z naszymi drzwiami Elegance Classic. Kliknij \u201eDodaj do koszyka\u201d i ciesz si\u0119 wysok\u0105 jako\u015bci\u0105 oraz nowoczesnym designem ka\u017cdego dnia.<\/p>\n<p>Sprawd\u017a nasz\u0105 ofert\u0119 i wybierz drzwi, kt\u00f3re spe\u0142ni\u0105 wszystkie Twoje oczekiwania. Tw\u00f3j dom zas\u0142uguje na najlepsze!<\/p>\n<p>&nbsp;<\/p>\n<p>&nbsp;<\/p>\n<p>&nbsp;<\/p>\n<p>&nbsp;<\/p>\n<p>&nbsp;<\/p>\n<p style=\"text-align: center;\"><b>Kolekcja drzwi PRESTIGE Elegance Classic<\/b> designerskie drzwi ramiakowe. Skrzyd\u0142a tej serii charakteryzuj\u0105 si\u0119 <b>modernistyczn\u0105 stylizacj\u0105<\/b>\u00a0oraz\u00a0<b>wysok\u0105 trwa\u0142o\u015bci\u0105.<\/b><\/p>\n<p>&nbsp;<\/p>\n<p><img loading=\"lazy\" decoding=\"async\" class=\"aligncenter size-full wp-image-6984\" src=\"https:\/\/drzwitarasy.pl\/wp-content\/uploads\/2026\/03\/KOLORY-ELEGANCE-CLASIC-I-DECOR-CLASIC-NOWE.jpg\" alt=\"\" width=\"941\" height=\"1108\" srcset=\"https:\/\/drzwitarasy.pl\/wp-content\/uploads\/2026\/03\/KOLORY-ELEGANCE-CLASIC-I-DECOR-CLASIC-NOWE.jpg 941w, https:\/\/drzwitarasy.pl\/wp-content\/uploads\/2026\/03\/KOLORY-ELEGANCE-CLASIC-I-DECOR-CLASIC-NOWE-255x300.jpg 255w, https:\/\/drzwitarasy.pl\/wp-content\/uploads\/2026\/03\/KOLORY-ELEGANCE-CLASIC-I-DECOR-CLASIC-NOWE-870x1024.jpg 870w, https:\/\/drzwitarasy.pl\/wp-content\/uploads\/2026\/03\/KOLORY-ELEGANCE-CLASIC-I-DECOR-CLASIC-NOWE-768x904.jpg 768w, https:\/\/drzwitarasy.pl\/wp-content\/uploads\/2026\/03\/KOLORY-ELEGANCE-CLASIC-I-DECOR-CLASIC-NOWE-300x353.jpg 300w, https:\/\/drzwitarasy.pl\/wp-content\/uploads\/2026\/03\/KOLORY-ELEGANCE-CLASIC-I-DECOR-CLASIC-NOWE-600x706.jpg 600w\" sizes=\"auto, (max-width: 941px) 100vw, 941px\" \/><\/p>\n<p>&nbsp;<\/p>\n<p>&nbsp;<\/p>\n<p>&nbsp;<\/p>\n<p><img loading=\"lazy\" decoding=\"async\" class=\"aligncenter size-full wp-image-6985\" src=\"https:\/\/drzwitarasy.pl\/wp-content\/uploads\/2026\/03\/elegance-CLASSIC-TRZY.jpg\" alt=\"\" width=\"1841\" height=\"1071\" srcset=\"https:\/\/drzwitarasy.pl\/wp-content\/uploads\/2026\/03\/elegance-CLASSIC-TRZY.jpg 1841w, https:\/\/drzwitarasy.pl\/wp-content\/uploads\/2026\/03\/elegance-CLASSIC-TRZY-300x175.jpg 300w, https:\/\/drzwitarasy.pl\/wp-content\/uploads\/2026\/03\/elegance-CLASSIC-TRZY-1024x596.jpg 1024w, https:\/\/drzwitarasy.pl\/wp-content\/uploads\/2026\/03\/elegance-CLASSIC-TRZY-768x447.jpg 768w, https:\/\/drzwitarasy.pl\/wp-content\/uploads\/2026\/03\/elegance-CLASSIC-TRZY-1536x894.jpg 1536w, https:\/\/drzwitarasy.pl\/wp-content\/uploads\/2026\/03\/elegance-CLASSIC-TRZY-600x349.jpg 600w\" sizes=\"auto, (max-width: 1841px) 100vw, 1841px\" \/><\/p>\n<p><img loading=\"lazy\" decoding=\"async\" class=\"aligncenter size-full wp-image-6819\" src=\"https:\/\/drzwitarasy.pl\/wp-content\/uploads\/2026\/02\/konstrukcja-drzwi-prestige-nowe.jpg\" alt=\"\" width=\"921\" height=\"828\" srcset=\"https:\/\/drzwitarasy.pl\/wp-content\/uploads\/2026\/02\/konstrukcja-drzwi-prestige-nowe.jpg 921w, https:\/\/drzwitarasy.pl\/wp-content\/uploads\/2026\/02\/konstrukcja-drzwi-prestige-nowe-300x270.jpg 300w, https:\/\/drzwitarasy.pl\/wp-content\/uploads\/2026\/02\/konstrukcja-drzwi-prestige-nowe-768x690.jpg 768w, https:\/\/drzwitarasy.pl\/wp-content\/uploads\/2026\/02\/konstrukcja-drzwi-prestige-nowe-600x539.jpg 600w\" sizes=\"auto, (max-width: 921px) 100vw, 921px\" \/><img loading=\"lazy\" decoding=\"async\" class=\"aligncenter size-full wp-image-6601\" src=\"https:\/\/drzwitarasy.pl\/wp-content\/uploads\/2025\/04\/PRESTIGE-NOWE.jpg\" alt=\"\" width=\"1058\" height=\"796\" srcset=\"https:\/\/drzwitarasy.pl\/wp-content\/uploads\/2025\/04\/PRESTIGE-NOWE.jpg 1058w, https:\/\/drzwitarasy.pl\/wp-content\/uploads\/2025\/04\/PRESTIGE-NOWE-300x226.jpg 300w, https:\/\/drzwitarasy.pl\/wp-content\/uploads\/2025\/04\/PRESTIGE-NOWE-1024x770.jpg 1024w, https:\/\/drzwitarasy.pl\/wp-content\/uploads\/2025\/04\/PRESTIGE-NOWE-768x578.jpg 768w, https:\/\/drzwitarasy.pl\/wp-content\/uploads\/2025\/04\/PRESTIGE-NOWE-600x451.jpg 600w\" sizes=\"auto, (max-width: 1058px) 100vw, 1058px\" \/><\/p>\n","protected":false},"excerpt":{"rendered":"<p><img loading=\"lazy\" decoding=\"async\" class=\"aligncenter wp-image-6601 size-medium\" src=\"https:\/\/drzwitarasy.pl\/wp-content\/uploads\/2025\/04\/PRESTIGE-NOWE-300x226.jpg\" alt=\"\" width=\"300\" height=\"226\" srcset=\"https:\/\/drzwitarasy.pl\/wp-content\/uploads\/2025\/04\/PRESTIGE-NOWE-300x226.jpg 300w, https:\/\/drzwitarasy.pl\/wp-content\/uploads\/2025\/04\/PRESTIGE-NOWE-1024x770.jpg 1024w, https:\/\/drzwitarasy.pl\/wp-content\/uploads\/2025\/04\/PRESTIGE-NOWE-768x578.jpg 768w, https:\/\/drzwitarasy.pl\/wp-content\/uploads\/2025\/04\/PRESTIGE-NOWE-600x451.jpg 600w, https:\/\/drzwitarasy.pl\/wp-content\/uploads\/2025\/04\/PRESTIGE-NOWE.jpg 1058w\" sizes=\"auto, (max-width: 300px) 100vw, 300px\" \/><\/p>\n","protected":false},"featured_media":6986,"template":"","meta":{"_acf_changed":false,"om_disable_all_campaigns":false,"_monsterinsights_skip_tracking":false,"_monsterinsights_sitenote_active":false,"_monsterinsights_sitenote_note":"","_monsterinsights_sitenote_category":0},"product_brand":[527],"product_cat":[30,353,21,516,596],"product_tag":[270,285,319,282,317,320,323,324,321,326,325,322,308,178,350,287,187,348,327,330,333,342,338,336,343,337,340,339,335,332,341,309,312,306,347,274,275,277,280,273,276,279,349,278,272,307,311,174,310,269,177,292,298,294,299,293,296,295,297,300,301,313,574,344,346,284,286,304,328,283,303,281,329,314,316,315,318,331,302,305,334,271,345,288,290,289,291],"class_list":{"0":"post-6982","1":"product","2":"type-product","3":"status-publish","4":"has-post-thumbnail","6":"product_brand-windoor","7":"product_cat-drzwi-prestige","8":"product_cat-mleczne-szyby-loft-przezroczysta-szyba","9":"product_cat-drzwi-wewnetrzne","10":"product_cat-windoor","11":"product_cat-elegance-classic","12":"product_tag-castorama-drzwi-wewnetrzne","13":"product_tag-ciemne-drzwi-wewnetrzne","14":"product_tag-dre-drzwi-bezprzylgowe","15":"product_tag-drewniane-drzwi-wewnetrzne","16":"product_tag-drzwi-bezprzylgowe-co-to-znaczy","17":"product_tag-drzwi-bezprzylgowe-biale","18":"product_tag-drzwi-bezprzylgowe-castorama","19":"product_tag-drzwi-bezprzylgowe-leroy","20":"product_tag-drzwi-bezprzylgowe-oscieznica","21":"product_tag-drzwi-bezprzylgowe-z-oscieznica-cena","22":"product_tag-drzwi-bezprzylgowe-z-oscieznica-komplet","23":"product_tag-drzwi-bezprzylgowe-z-szyba","24":"product_tag-drzwi-drewniane-windoor","25":"product_tag-drzwi-elegance","26":"product_tag-drzwi-loftowe-przesuwne","27":"product_tag-drzwi-nowoczesne-wewnetrzne","28":"product_tag-drzwi-od-reki","29":"product_tag-drzwi-prysznicowe-przesuwne","30":"product_tag-drzwi-przesuwne","31":"product_tag-drzwi-przesuwne-biale","32":"product_tag-drzwi-przesuwne-bricomarche","33":"product_tag-drzwi-przesuwne-castorama","34":"product_tag-drzwi-przesuwne-chowane-w-sciane","35":"product_tag-drzwi-przesuwne-do-lazienki","36":"product_tag-drzwi-przesuwne-ikea","37":"product_tag-drzwi-przesuwne-leroy-merlin","38":"product_tag-drzwi-przesuwne-na-wymiar","39":"product_tag-drzwi-przesuwne-nascienne","40":"product_tag-drzwi-przesuwne-oscieznica","41":"product_tag-drzwi-przesuwne-otwarte-teraz","42":"product_tag-drzwi-przesuwne-szklane","43":"product_tag-drzwi-przesuwne-windoor","44":"product_tag-drzwi-rozwierane-windoor","45":"product_tag-drzwi-rozwierane-windoor-80-cm","46":"product_tag-drzwi-tarasowe-przesuwne","47":"product_tag-drzwi-wewnetrzne-biale","48":"product_tag-drzwi-wewnetrzne-castorama","49":"product_tag-drzwi-wewnetrzne-cena","50":"product_tag-drzwi-wewnetrzne-czarne","51":"product_tag-drzwi-wewnetrzne-dre","52":"product_tag-drzwi-wewnetrzne-drewniane","53":"product_tag-drzwi-wewnetrzne-nowoczesne","54":"product_tag-drzwi-wewnetrzne-przesuwne","55":"product_tag-drzwi-wewnetrzne-szare","56":"product_tag-drzwi-wewnetrzne-szklane","57":"product_tag-drzwi-wewnetrzne-windoor","58":"product_tag-drzwi-wewnetrzne-windoor-castorama","59":"product_tag-drzwi-wewnetrzne-windoor-elegance","60":"product_tag-drzwi-wewnetrzne-windoor-radom","61":"product_tag-drzwi-wewnetrzne-z-oscieznica","62":"product_tag-drzwi-windoor","63":"product_tag-drzwi-windoor-bricomarche","64":"product_tag-drzwi-windoor-castorama","65":"product_tag-drzwi-windoor-elegance","66":"product_tag-drzwi-windoor-elegance-opinie","67":"product_tag-drzwi-windoor-opinie","68":"product_tag-drzwi-windoor-orzech-north","69":"product_tag-drzwi-windoor-pegasus","70":"product_tag-drzwi-windoor-trame-orzech-north","71":"product_tag-drzwi-windoor-virgo-sonoma","72":"product_tag-drzwi-windoor-wymiary","73":"product_tag-drzwidladomu","74":"product_tag-elegance-classic-prestige","75":"product_tag-ikea-drzwi-przesuwne","76":"product_tag-ikea-drzwi-przesuwne-pokojowe","77":"product_tag-jak-wstawic-drzwi-wewnetrzne","78":"product_tag-jakiej-firmy-drzwi-wewnetrzne-wybrac","79":"product_tag-katalog-drzwi-windoor","80":"product_tag-kompletny-zestaw","81":"product_tag-leroy-merlin-drzwi-wewnetrzne","82":"product_tag-montaz-drzwi-windoor","83":"product_tag-nowoczesne-drzwi-wewnetrzne","84":"product_tag-obi-drzwi-przesuwne","85":"product_tag-oscieznica-regulowana","86":"product_tag-oscieznica-regulowana-a-stala","87":"product_tag-oscieznica-regulowana-montaz","88":"product_tag-porta-drzwi-bezprzylgowe","89":"product_tag-porta-drzwi-przesuwne","90":"product_tag-producent-drzwi-windoor","91":"product_tag-producent-drzwi-windoor-opinie","92":"product_tag-system-drzwi-przesuwnych","93":"product_tag-tanie-drzwi-pokojowe","94":"product_tag-tanie-drzwi-przesuwne-nascienne","95":"product_tag-windoor-drzwi-castorama","96":"product_tag-windoor-drzwi-cennik","97":"product_tag-windoor-drzwi-opinie","98":"product_tag-windoor-sklep","99":"product_shipping_class-drzwi-windoor","101":"first","102":"instock","103":"sale","104":"featured","105":"shipping-taxable","106":"purchasable","107":"product-type-simple","108":"add-to-wishlist-after_add_to_cart"},"acf":[],"aioseo_notices":[],"jetpack_sharing_enabled":true,"_links":{"self":[{"href":"https:\/\/drzwitarasy.pl\/index.php?rest_route=\/wp\/v2\/product\/6982","targetHints":{"allow":["GET"]}}],"collection":[{"href":"https:\/\/drzwitarasy.pl\/index.php?rest_route=\/wp\/v2\/product"}],"about":[{"href":"https:\/\/drzwitarasy.pl\/index.php?rest_route=\/wp\/v2\/types\/product"}],"wp:featuredmedia":[{"embeddable":true,"href":"https:\/\/drzwitarasy.pl\/index.php?rest_route=\/wp\/v2\/media\/6986"}],"wp:attachment":[{"href":"https:\/\/drzwitarasy.pl\/index.php?rest_route=%2Fwp%2Fv2%2Fmedia&parent=6982"}],"wp:term":[{"taxonomy":"product_brand","embeddable":true,"href":"https:\/\/drzwitarasy.pl\/index.php?rest_route=%2Fwp%2Fv2%2Fproduct_brand&post=6982"},{"taxonomy":"product_cat","embeddable":true,"href":"https:\/\/drzwitarasy.pl\/index.php?rest_route=%2Fwp%2Fv2%2Fproduct_cat&post=6982"},{"taxonomy":"product_tag","embeddable":true,"href":"https:\/\/drzwitarasy.pl\/index.php?rest_route=%2Fwp%2Fv2%2Fproduct_tag&post=6982"}],"curies":[{"name":"wp","href":"https:\/\/api.w.org\/{rel}","templated":true}]}}