{"id":6951,"date":"2026-03-03T03:36:59","date_gmt":"2026-03-03T02:36:59","guid":{"rendered":"https:\/\/drzwitarasy.pl\/?post_type=product&#038;p=6951"},"modified":"2026-03-03T03:47:18","modified_gmt":"2026-03-03T02:47:18","slug":"drzwi-calisto-wewnatrzklatkowe-windoor","status":"publish","type":"product","link":"https:\/\/drzwitarasy.pl\/?product=drzwi-calisto-wewnatrzklatkowe-windoor","title":{"rendered":"Drzwi Calisto wewn\u0105trzklatkowe"},"content":{"rendered":"<p><img loading=\"lazy\" decoding=\"async\" class=\"aligncenter size-full wp-image-4479\" src=\"https:\/\/drzwitarasy.pl\/wp-content\/uploads\/2019\/01\/IMG_2611.jpg\" alt=\"\" width=\"1009\" height=\"643\" srcset=\"https:\/\/drzwitarasy.pl\/wp-content\/uploads\/2019\/01\/IMG_2611.jpg 1009w, https:\/\/drzwitarasy.pl\/wp-content\/uploads\/2019\/01\/IMG_2611-300x191.jpg 300w, https:\/\/drzwitarasy.pl\/wp-content\/uploads\/2019\/01\/IMG_2611-600x382.jpg 600w, https:\/\/drzwitarasy.pl\/wp-content\/uploads\/2019\/01\/IMG_2611-768x489.jpg 768w\" sizes=\"auto, (max-width: 1009px) 100vw, 1009px\" \/><\/p>\n<p>&nbsp;<\/p>\n<p style=\"text-align: center;\">Mamy przyjemno\u015b\u0107 przedstawi\u0107\u00a0<b>wzmocnione drzwi zewn\u0119trzne <\/b>przeznaczone do monta\u017cu\u00a0<b>wewn\u0105trzklatkowego<\/b>. Calisto to prosta forma i ponadczasowy synonim dobrego gustu oraz smaku.<\/p>\n<p style=\"text-align: center;\">Model ten jest przeznaczony do\u00a0<b>wszelkiego rodzaju biur<\/b>\u00a0i pomieszcze\u0144 gospodarczych. Doskonale sprawdz\u0105 si\u0119 w ka\u017cdej dzia\u0142alno\u015bci us\u0142ugowej.<\/p>\n<p style=\"text-align: center;\">Solidne wykonanie to tylko jeden z nielicznych atut\u00f3w. Drzwi zalecane do stosowania jako wej\u015bciowe z\u00a0<b>klatki schodowej<\/b>\u00a0do mieszkania.<\/p>\n<p style=\"text-align: center;\">Powierzchnia drzwi charakteryzuje si\u0119 du\u017c\u0105 odporno\u015bci\u0105 na dzia\u0142anie szkodliwe czynnik\u00f3w, na przyk\u0142ad mechanicznych lub eksploatacyjnych.<\/p>\n<p>&nbsp;<\/p>\n<ul>\n<li><strong>Dost\u0119pne szeroko\u015bci:<\/strong>\u00a080, 90<\/li>\n<li><strong>Wymiary drzwi:<\/strong>\u00a02035 x 844\/944 x 39 mm<\/li>\n<li><strong>Pokrycie:<\/strong>\u00a0folia finish<\/li>\n<li><strong>Wyposa\u017cenie drzwi:<\/strong> \u2013 3 stalowe zawiasy, \u2013 2 zamki do wk\u0142adki patentowej (bez wk\u0142adki)<\/li>\n<li>BEZ KLAMKI I O\u015aCIE\u017bNICY<\/li>\n<\/ul>\n<p>&nbsp;<\/p>\n<p>&nbsp;<\/p>\n<p>&nbsp;<\/p>\n<p><img loading=\"lazy\" decoding=\"async\" class=\"aligncenter size-full wp-image-6952\" src=\"https:\/\/drzwitarasy.pl\/wp-content\/uploads\/2026\/03\/KOLORY-CALISTO-NOWE.jpg\" alt=\"\" width=\"823\" height=\"516\" srcset=\"https:\/\/drzwitarasy.pl\/wp-content\/uploads\/2026\/03\/KOLORY-CALISTO-NOWE.jpg 823w, https:\/\/drzwitarasy.pl\/wp-content\/uploads\/2026\/03\/KOLORY-CALISTO-NOWE-300x188.jpg 300w, https:\/\/drzwitarasy.pl\/wp-content\/uploads\/2026\/03\/KOLORY-CALISTO-NOWE-768x482.jpg 768w, https:\/\/drzwitarasy.pl\/wp-content\/uploads\/2026\/03\/KOLORY-CALISTO-NOWE-600x376.jpg 600w\" sizes=\"auto, (max-width: 823px) 100vw, 823px\" \/><\/p>\n<p><img loading=\"lazy\" decoding=\"async\" class=\"aligncenter size-full wp-image-6953\" src=\"https:\/\/drzwitarasy.pl\/wp-content\/uploads\/2026\/03\/CALISTO-WSZYSTKIE-NOWE.jpg\" alt=\"\" width=\"1589\" height=\"2226\" srcset=\"https:\/\/drzwitarasy.pl\/wp-content\/uploads\/2026\/03\/CALISTO-WSZYSTKIE-NOWE.jpg 1589w, https:\/\/drzwitarasy.pl\/wp-content\/uploads\/2026\/03\/CALISTO-WSZYSTKIE-NOWE-214x300.jpg 214w, https:\/\/drzwitarasy.pl\/wp-content\/uploads\/2026\/03\/CALISTO-WSZYSTKIE-NOWE-731x1024.jpg 731w, https:\/\/drzwitarasy.pl\/wp-content\/uploads\/2026\/03\/CALISTO-WSZYSTKIE-NOWE-768x1076.jpg 768w, https:\/\/drzwitarasy.pl\/wp-content\/uploads\/2026\/03\/CALISTO-WSZYSTKIE-NOWE-1096x1536.jpg 1096w, https:\/\/drzwitarasy.pl\/wp-content\/uploads\/2026\/03\/CALISTO-WSZYSTKIE-NOWE-1462x2048.jpg 1462w, https:\/\/drzwitarasy.pl\/wp-content\/uploads\/2026\/03\/CALISTO-WSZYSTKIE-NOWE-300x420.jpg 300w, https:\/\/drzwitarasy.pl\/wp-content\/uploads\/2026\/03\/CALISTO-WSZYSTKIE-NOWE-600x841.jpg 600w\" sizes=\"auto, (max-width: 1589px) 100vw, 1589px\" \/><img loading=\"lazy\" decoding=\"async\" class=\"aligncenter size-full wp-image-4480\" src=\"https:\/\/drzwitarasy.pl\/wp-content\/uploads\/2019\/01\/IMG_2612.jpg\" alt=\"\" width=\"699\" height=\"475\" srcset=\"https:\/\/drzwitarasy.pl\/wp-content\/uploads\/2019\/01\/IMG_2612.jpg 699w, https:\/\/drzwitarasy.pl\/wp-content\/uploads\/2019\/01\/IMG_2612-300x204.jpg 300w, https:\/\/drzwitarasy.pl\/wp-content\/uploads\/2019\/01\/IMG_2612-600x408.jpg 600w\" sizes=\"auto, (max-width: 699px) 100vw, 699px\" \/><img loading=\"lazy\" decoding=\"async\" class=\"aligncenter size-full wp-image-4476\" src=\"https:\/\/drzwitarasy.pl\/wp-content\/uploads\/2019\/01\/CALISTO-ORN-Z-OSCIEZ.jpg\" alt=\"\" width=\"992\" height=\"1085\" srcset=\"https:\/\/drzwitarasy.pl\/wp-content\/uploads\/2019\/01\/CALISTO-ORN-Z-OSCIEZ.jpg 992w, https:\/\/drzwitarasy.pl\/wp-content\/uploads\/2019\/01\/CALISTO-ORN-Z-OSCIEZ-300x328.jpg 300w, https:\/\/drzwitarasy.pl\/wp-content\/uploads\/2019\/01\/CALISTO-ORN-Z-OSCIEZ-600x656.jpg 600w, https:\/\/drzwitarasy.pl\/wp-content\/uploads\/2019\/01\/CALISTO-ORN-Z-OSCIEZ-274x300.jpg 274w, https:\/\/drzwitarasy.pl\/wp-content\/uploads\/2019\/01\/CALISTO-ORN-Z-OSCIEZ-936x1024.jpg 936w, https:\/\/drzwitarasy.pl\/wp-content\/uploads\/2019\/01\/CALISTO-ORN-Z-OSCIEZ-768x840.jpg 768w\" sizes=\"auto, (max-width: 992px) 100vw, 992px\" \/><\/p>\n","protected":false},"excerpt":{"rendered":"<p>DRZWI CALISTO bez o\u015bcie\u017cnicy, klamek, wk\u0142adek do zamk\u00f3w.<\/p>\n<p>&nbsp;<\/p>\n<p>&nbsp;<\/p>\n","protected":false},"featured_media":6955,"template":"","meta":{"_acf_changed":false,"om_disable_all_campaigns":false,"_monsterinsights_skip_tracking":false,"_monsterinsights_sitenote_active":false,"_monsterinsights_sitenote_note":"","_monsterinsights_sitenote_category":0},"product_brand":[527],"product_cat":[246,21],"product_tag":[422,423,173],"class_list":{"0":"post-6951","1":"product","2":"type-product","3":"status-publish","4":"has-post-thumbnail","6":"product_brand-windoor","7":"product_cat-drzwi-wewnatrzklatkowe","8":"product_cat-drzwi-wewnetrzne","9":"product_tag-calisto","10":"product_tag-drzwi-klatkowe","11":"product_tag-windoor","13":"first","14":"instock","15":"sale","16":"shipping-taxable","17":"purchasable","18":"product-type-simple","19":"add-to-wishlist-after_add_to_cart"},"acf":[],"aioseo_notices":[],"jetpack_sharing_enabled":true,"_links":{"self":[{"href":"https:\/\/drzwitarasy.pl\/index.php?rest_route=\/wp\/v2\/product\/6951","targetHints":{"allow":["GET"]}}],"collection":[{"href":"https:\/\/drzwitarasy.pl\/index.php?rest_route=\/wp\/v2\/product"}],"about":[{"href":"https:\/\/drzwitarasy.pl\/index.php?rest_route=\/wp\/v2\/types\/product"}],"wp:featuredmedia":[{"embeddable":true,"href":"https:\/\/drzwitarasy.pl\/index.php?rest_route=\/wp\/v2\/media\/6955"}],"wp:attachment":[{"href":"https:\/\/drzwitarasy.pl\/index.php?rest_route=%2Fwp%2Fv2%2Fmedia&parent=6951"}],"wp:term":[{"taxonomy":"product_brand","embeddable":true,"href":"https:\/\/drzwitarasy.pl\/index.php?rest_route=%2Fwp%2Fv2%2Fproduct_brand&post=6951"},{"taxonomy":"product_cat","embeddable":true,"href":"https:\/\/drzwitarasy.pl\/index.php?rest_route=%2Fwp%2Fv2%2Fproduct_cat&post=6951"},{"taxonomy":"product_tag","embeddable":true,"href":"https:\/\/drzwitarasy.pl\/index.php?rest_route=%2Fwp%2Fv2%2Fproduct_tag&post=6951"}],"curies":[{"name":"wp","href":"https:\/\/api.w.org\/{rel}","templated":true}]}}