{"id":6899,"date":"2025-02-28T00:52:41","date_gmt":"2025-02-27T23:52:41","guid":{"rendered":"https:\/\/drzwitarasy.pl\/?post_type=product&#038;p=6899"},"modified":"2026-03-11T22:19:49","modified_gmt":"2026-03-11T21:19:49","slug":"drzwi-bezprzylgowe-prim-slim-windoor-kaszmir-z-oscieznica-regulowana-od-reki","status":"publish","type":"product","link":"https:\/\/drzwitarasy.pl\/?product=drzwi-bezprzylgowe-prim-slim-windoor-kaszmir-z-oscieznica-regulowana-od-reki","title":{"rendered":"Drzwi bezprzylgowe PRIM SLIM WINDOOR Kaszmir z o\u015bcie\u017cnic\u0105 regulowan\u0105 90\u00b0 od r\u0119ki"},"content":{"rendered":"<p>&nbsp;<\/p>\n<p><img loading=\"lazy\" decoding=\"async\" class=\"aligncenter size-full wp-image-6900\" src=\"https:\/\/drzwitarasy.pl\/wp-content\/uploads\/2026\/02\/prim-WIZUAL-ok.jpg\" alt=\"\" width=\"1049\" height=\"1025\" srcset=\"https:\/\/drzwitarasy.pl\/wp-content\/uploads\/2026\/02\/prim-WIZUAL-ok.jpg 1049w, https:\/\/drzwitarasy.pl\/wp-content\/uploads\/2026\/02\/prim-WIZUAL-ok-300x293.jpg 300w, https:\/\/drzwitarasy.pl\/wp-content\/uploads\/2026\/02\/prim-WIZUAL-ok-1024x1001.jpg 1024w, https:\/\/drzwitarasy.pl\/wp-content\/uploads\/2026\/02\/prim-WIZUAL-ok-768x750.jpg 768w, https:\/\/drzwitarasy.pl\/wp-content\/uploads\/2026\/02\/prim-WIZUAL-ok-600x586.jpg 600w, https:\/\/drzwitarasy.pl\/wp-content\/uploads\/2026\/02\/prim-WIZUAL-ok-50x50.jpg 50w\" sizes=\"auto, (max-width: 1049px) 100vw, 1049px\" \/><\/p>\n<p><img loading=\"lazy\" decoding=\"async\" class=\"aligncenter size-full wp-image-7004\" src=\"https:\/\/drzwitarasy.pl\/wp-content\/uploads\/2024\/02\/DOSTEPNE-OD-REKI.jpg\" alt=\"\" width=\"1288\" height=\"835\" srcset=\"https:\/\/drzwitarasy.pl\/wp-content\/uploads\/2024\/02\/DOSTEPNE-OD-REKI.jpg 1288w, https:\/\/drzwitarasy.pl\/wp-content\/uploads\/2024\/02\/DOSTEPNE-OD-REKI-300x194.jpg 300w, https:\/\/drzwitarasy.pl\/wp-content\/uploads\/2024\/02\/DOSTEPNE-OD-REKI-1024x664.jpg 1024w, https:\/\/drzwitarasy.pl\/wp-content\/uploads\/2024\/02\/DOSTEPNE-OD-REKI-768x498.jpg 768w, https:\/\/drzwitarasy.pl\/wp-content\/uploads\/2024\/02\/DOSTEPNE-OD-REKI-600x389.jpg 600w\" sizes=\"auto, (max-width: 1288px) 100vw, 1288px\" \/><\/p>\n<p style=\"text-align: center;\"><strong><span style=\"font-size: 18pt;\">DRZWI OD R\u0118KI &#8211; PRIM SLIM kolor KASZMIR PP &#8211; szyby mleczne &#8211; CZARNE OKUCIA<\/span><\/strong><\/p>\n<p>&nbsp;<\/p>\n<h2 data-start=\"133\" data-end=\"207\">\ud83d\udeaa Drzwi bezprzylgowe PRIM SLIM WINDOOR Kaszmir z o\u015bcie\u017cnic\u0105 regulowan\u0105 90\u00b0<\/h2>\n<p data-start=\"209\" data-end=\"546\">Nowoczesne drzwi wewn\u0119trzne <strong data-start=\"237\" data-end=\"264\">PRIM SLIM marki WINDOOR<\/strong> w modnym kolorze <strong data-start=\"282\" data-end=\"293\">Kaszmir<\/strong> to idealne rozwi\u0105zanie do mieszka\u0144 oraz dom\u00f3w urz\u0105dzonych w stylu nowoczesnym, minimalistycznym i loftowym. System bezprzylgowy sprawia, \u017ce skrzyd\u0142o po zamkni\u0119ciu tworzy jedn\u0105 p\u0142aszczyzn\u0119 z o\u015bcie\u017cnic\u0105, zapewniaj\u0105c elegancki i estetyczny wygl\u0105d wn\u0119trza.<\/p>\n<p data-start=\"548\" data-end=\"915\">Seria SLIM wyr\u00f3\u017cnia si\u0119 smuk\u0142\u0105 konstrukcj\u0105 oraz mniejsz\u0105 wag\u0105 skrzyd\u0142a, co ogranicza obci\u0105\u017cenie zawias\u00f3w i zwi\u0119ksza komfort codziennego u\u017cytkowania. Drzwi wykonane zosta\u0142y z trwa\u0142ej konstrukcji MDF pokrytej odporn\u0105 na uszkodzenia foli\u0105 polipropylenow\u0105, gwarantuj\u0105c\u0105 wysok\u0105 odporno\u015b\u0107 na \u015bcieranie i \u0142atwo\u015b\u0107 utrzymania w czysto\u015bci.<\/p>\n<hr data-start=\"917\" data-end=\"920\" \/>\n<h2 data-start=\"922\" data-end=\"955\">\u2705 Najwa\u017cniejsze cechy produktu<\/h2>\n<ul data-start=\"956\" data-end=\"1273\">\n<li data-start=\"956\" data-end=\"991\">\n<p data-start=\"958\" data-end=\"991\">nowoczesne <strong data-start=\"969\" data-end=\"991\">drzwi bezprzylgowe<\/strong><\/p>\n<\/li>\n<li data-start=\"992\" data-end=\"1012\">\n<p data-start=\"994\" data-end=\"1012\">kolor: <strong data-start=\"1001\" data-end=\"1012\">Kaszmir<\/strong><\/p>\n<\/li>\n<li data-start=\"1013\" data-end=\"1045\">\n<p data-start=\"1015\" data-end=\"1045\">skrzyd\u0142o licuj\u0105ce z o\u015bcie\u017cnic\u0105<\/p>\n<\/li>\n<li data-start=\"1046\" data-end=\"1073\">\n<p data-start=\"1048\" data-end=\"1073\">konstrukcja ramiakowa MDF<\/p>\n<\/li>\n<li data-start=\"1074\" data-end=\"1125\">\n<p data-start=\"1076\" data-end=\"1125\">trwa\u0142a okleina PP \/ Finish odporna na zarysowania<\/p>\n<\/li>\n<li data-start=\"1126\" data-end=\"1160\">\n<p data-start=\"1128\" data-end=\"1160\">ukryte zawiasy w kolorze czarnym<\/p>\n<\/li>\n<li data-start=\"1161\" data-end=\"1180\">\n<p data-start=\"1163\" data-end=\"1180\">zamek magnetyczny<\/p>\n<\/li>\n<li data-start=\"1181\" data-end=\"1234\">\n<p data-start=\"1183\" data-end=\"1234\">uniwersalne zastosowanie: pok\u00f3j, sypialnia, gabinet<\/p>\n<\/li>\n<li data-start=\"1235\" data-end=\"1273\">\n<p data-start=\"1237\" data-end=\"1273\">produkt polskiego producenta WINDOOR<\/p>\n<\/li>\n<\/ul>\n<hr data-start=\"1275\" data-end=\"1278\" \/>\n<h2 data-start=\"1280\" data-end=\"1300\">\ud83d\udce6 Zestaw zawiera<\/h2>\n<p data-start=\"1301\" data-end=\"1446\">\u2714 skrzyd\u0142o drzwiowe PRIM SLIM<br data-start=\"1330\" data-end=\"1333\" \/>\u2714 o\u015bcie\u017cnic\u0119 regulowan\u0105 bezprzylgow\u0105 (dodatkowa op\u0142ata &#8211; naliczana automatycznie wybieraj\u0105c zakres regulacji o\u015bcie\u017cnicy)<br data-start=\"1369\" data-end=\"1372\" \/>\u2714 2 czarne zawiasy ukryte (zawiasy pakowane w o\u015bcie\u017cnicy)<br data-start=\"1388\" data-end=\"1391\" \/>\u2714 czarny zamek magnetyczny &#8211; klucz (drzwi pokojowe) &#8211; wc (drzwi \u0142azienkowe)<br data-start=\"1410\" data-end=\"1413\" \/>\u2714 komplet element\u00f3w monta\u017cowych<\/p>\n<hr data-start=\"1448\" data-end=\"1451\" \/>\n<h2 data-start=\"1453\" data-end=\"1474\">\ud83d\udcd0 Dane techniczne<\/h2>\n<ul data-start=\"1475\" data-end=\"1737\">\n<li data-start=\"1475\" data-end=\"1507\">\n<p data-start=\"1477\" data-end=\"1507\">wysoko\u015b\u0107 skrzyd\u0142a: <strong data-start=\"1496\" data-end=\"1507\">2035 mm<\/strong><\/p>\n<\/li>\n<li data-start=\"1508\" data-end=\"1541\">\n<p data-start=\"1510\" data-end=\"1541\">grubo\u015b\u0107 skrzyd\u0142a: <strong data-start=\"1528\" data-end=\"1541\">ok. 40 mm<\/strong><\/p>\n<\/li>\n<li data-start=\"1542\" data-end=\"1584\">\n<p data-start=\"1544\" data-end=\"1584\">dost\u0119pne szeroko\u015bci: <strong data-start=\"1565\" data-end=\"1584\">70 \/ 80 \/ 90 cm &#8211; drzwi POKOJOWE<\/strong><\/p>\n<\/li>\n<li>dost\u0119pne szeroko\u015bci: <strong data-start=\"1565\" data-end=\"1584\">70 \/ 80 cm &#8211; drzwi \u0141AZIENKOWE<\/strong><\/li>\n<li data-start=\"1585\" data-end=\"1622\">\n<p data-start=\"1587\" data-end=\"1622\">kierunek otwierania: lewe lub prawe<\/p>\n<\/li>\n<li data-start=\"1623\" data-end=\"1659\">\n<p data-start=\"1625\" data-end=\"1659\">wyko\u0144czenie: folia polipropylenowa<\/p>\n<\/li>\n<li data-start=\"1660\" data-end=\"1737\">\n<p data-start=\"1662\" data-end=\"1737\">gwarancja producenta: <strong data-start=\"1684\" data-end=\"1699\">24 miesi\u0105ce<\/strong><\/p>\n<\/li>\n<\/ul>\n<hr data-start=\"1739\" data-end=\"1742\" \/>\n<h2 data-start=\"1744\" data-end=\"1762\">\ud83c\udfe0 Zastosowanie<\/h2>\n<p data-start=\"1763\" data-end=\"1812\">Drzwi pe\u0142ne PRIM SLIM doskonale sprawdzaj\u0105 si\u0119 w:<\/p>\n<ul data-start=\"1813\" data-end=\"1891\">\n<li data-start=\"1813\" data-end=\"1822\">\n<p data-start=\"1815\" data-end=\"1822\">salonie<\/p>\n<\/li>\n<li data-start=\"1823\" data-end=\"1833\">\n<p data-start=\"1825\" data-end=\"1833\">sypialni<\/p>\n<\/li>\n<li data-start=\"1834\" data-end=\"1853\">\n<p data-start=\"1836\" data-end=\"1853\">pokoju dzieci\u0119cym<\/p>\n<\/li>\n<li data-start=\"1854\" data-end=\"1862\">\n<p data-start=\"1856\" data-end=\"1862\">biurze<\/p>\n<\/li>\n<li data-start=\"1863\" data-end=\"1891\">\n<p data-start=\"1865\" data-end=\"1891\">pomieszczeniach u\u017cytkowych<\/p>\n<\/li>\n<\/ul>\n<p data-start=\"1893\" data-end=\"2028\">Zwarta konstrukcja skrzyd\u0142a poprawia komfort akustyczny oraz zapewnia prywatno\u015b\u0107 w pomieszczeniu.<\/p>\n<hr data-start=\"2030\" data-end=\"2033\" \/>\n<h2 data-start=\"2035\" data-end=\"2078\">\u2b50 Dlaczego warto wybra\u0107 drzwi PRIM SLIM?<\/h2>\n<p data-start=\"2079\" data-end=\"2234\">\u2714 nowoczesny efekt \u201eflush door\u201d<br data-start=\"2110\" data-end=\"2113\" \/>\u2714 modny kolor kaszmir PP (POLIPROPYLEN)<br data-start=\"2134\" data-end=\"2137\" \/>\u2714 komplet z o\u015bcie\u017cnic\u0105 w zestawie (dodatkowa op\u0142ata &#8211; naliczana automatycznie wybieraj\u0105c zakres regulacji o\u015bcie\u017cnicy)<br data-start=\"2170\" data-end=\"2173\" \/>\u2714 \u0142atwy monta\u017c<br data-start=\"2187\" data-end=\"2190\" \/>\u2714 wysoka trwa\u0142o\u015b\u0107 w codziennym u\u017cytkowaniu<\/p>\n<p>&nbsp;<\/p>\n<p>Poszukujesz drzwi, kt\u00f3re nie tylko b\u0119d\u0105 funkcjonalne, ale tak\u017ce nadadz\u0105 Twojemu wn\u0119trzu wyj\u0105tkowy, nowoczesny styl? Chcesz, aby by\u0142y trwa\u0142e, estetyczne i \u0142atwe w konserwacji? Oto nasza propozycja \u2013 Drzwi PRIM SLIM &#8211; drzwi bezprzylgowe plus futryna regulowana &#8211; OD R\u0118KI !<\/p>\n<h4>Dlaczego warto wybra\u0107 drzwi PRIM?<\/h4>\n<p>Nasze drzwi PRIM to kwintesencja wysokiej jako\u015bci i nowoczesnego designu. Konstrukcja drzwi opiera si\u0119 na pe\u0142nej p\u0142ycie MDF wraz ze szkleniem mlecznym, co zapewnia ich niezwyk\u0142\u0105 trwa\u0142o\u015b\u0107 i odporno\u015b\u0107 na uszkodzenia mechaniczne.<\/p>\n<h4>Najwa\u017cniejsze cechy:<\/h4>\n<p><strong>Wysoka jako\u015b\u0107 i trwa\u0142o\u015b\u0107<\/strong>: Wykonane z pe\u0142nej p\u0142yty MDF, drzwi te s\u0105 wyj\u0105tkowo odporne na wszelkie uszkodzenia mechaniczne, co gwarantuje ich d\u0142ugowieczno\u015b\u0107.<\/p>\n<p><strong>Nowoczesny design<\/strong>: Drzwi PRIM wyr\u00f3\u017cniaj\u0105 si\u0119 eleganckim wygl\u0105dem, kt\u00f3ry doskonale komponuje si\u0119 z nowoczesnymi wn\u0119trzami.<\/p>\n<p><strong>Technologia SOFTLine<\/strong>: Profile drzwi wykonane s\u0105 w technologii SOFTLine, kt\u00f3ra wyr\u00f3\u017cnia si\u0119 brakiem \u0142\u0105cze\u0144 okleiny na kraw\u0119dziach, co dodaje im estetycznego wygl\u0105du.<\/p>\n<p><strong>Stabilna konstrukcja<\/strong>: Technologia czopowania i ko\u0142kowania u\u017cyta do po\u0142\u0105czenia element\u00f3w pionowych i poziomych zapobiega wypaczaniu oraz opuszczaniu drzwi, nawet podczas wieloletniego u\u017cytkowania.<\/p>\n<p><strong>Komfort u\u017cytkowania<\/strong>: Drzwi wyposa\u017cone s\u0105 w 2 zawiasy CHOWANE 3D W KOLORZE CZARNYM oraz w CZARNY zamek MAGNETYCZNY, co zapewnia \u0142atwo\u015b\u0107 monta\u017cu i stabilno\u015b\u0107.<\/p>\n<p><strong>Wszechstronne rozmiary<\/strong>: Dost\u0119pne od r\u0119ki POKOJOWE w szeroko\u015bciach:\u00a0 70tki, 80tki i 90tki, o wymiarach 2035 x \/744\/844\/944\/ x 40 mm, co pozwala dopasowa\u0107 je do r\u00f3\u017cnych przestrzeni. (60tki &#8211; dost\u0119pne na zam\u00f3wienie )<\/p>\n<p>Dost\u0119pne od r\u0119ki \u0141AZIENKOWE w szeroko\u015bciach:\u00a0 70tki i 80tki, o wymiarach 2035 x \/744\/844\/ x 40 mm, co pozwala dopasowa\u0107 je do r\u00f3\u017cnych przestrzeni. (60tki i 90tki &#8211; dost\u0119pne na zam\u00f3wienie )<\/p>\n<h4>Idealne do ka\u017cdego wn\u0119trza<\/h4>\n<p>Drzwi Prim slim KASZMIR \u015bwietnie sprawdz\u0105 si\u0119 zar\u00f3wno w nowoczesnych loftach, jak i eleganckich, klasycznych wn\u0119trzach. Dzi\u0119ki swojej uniwersalno\u015bci, mog\u0105 by\u0107 zastosowane w r\u00f3\u017cnych pomieszczeniach \u2013 od kuchni, przez salon, a\u017c po biura i gabinety.<\/p>\n<h4>Dodaj nowoczesny akcent do swojego domu ju\u017c dzi\u015b!<\/h4>\n<p>Nie czekaj \u2013 zadbaj o styl i funkcjonalno\u015b\u0107 swojego wn\u0119trza z naszymi drzwiami PRIM. Kliknij \u201eDodaj do koszyka\u201d i ciesz si\u0119 wysok\u0105 jako\u015bci\u0105 oraz nowoczesnym designem ka\u017cdego dnia.<\/p>\n<p>Sprawd\u017a nasz\u0105 ofert\u0119 i wybierz drzwi, kt\u00f3re spe\u0142ni\u0105 wszystkie Twoje oczekiwania. Tw\u00f3j dom zas\u0142uguje na najlepsze!<\/p>\n<p>&nbsp;<\/p>\n<p>&nbsp;<\/p>\n<p>&nbsp;<\/p>\n<p>&nbsp;<\/p>\n<p>&nbsp;<\/p>\n<p style=\"text-align: center;\"><b>Kolekcja drzwi Prim<\/b> designerskie bezprzylgowe drzwi ramiakowe z Linii <b>SLIM z czarnymi okuciami<\/b>. Skrzyd\u0142a tej serii charakteryzuj\u0105 si\u0119\u00a0<b>modernistyczn\u0105 stylizacj\u0105<\/b>\u00a0oraz\u00a0<b>wysok\u0105 trwa\u0142o\u015bci\u0105.<\/b><\/p>\n<p>&nbsp;<\/p>\n<p data-start=\"1801\" data-end=\"2104\"><img loading=\"lazy\" decoding=\"async\" class=\"aligncenter size-full wp-image-6901\" src=\"https:\/\/drzwitarasy.pl\/wp-content\/uploads\/2026\/02\/prim-kaszmir-pk-i-wc-scaled.jpg\" alt=\"\" width=\"2560\" height=\"2337\" srcset=\"https:\/\/drzwitarasy.pl\/wp-content\/uploads\/2026\/02\/prim-kaszmir-pk-i-wc-scaled.jpg 2560w, https:\/\/drzwitarasy.pl\/wp-content\/uploads\/2026\/02\/prim-kaszmir-pk-i-wc-300x274.jpg 300w, https:\/\/drzwitarasy.pl\/wp-content\/uploads\/2026\/02\/prim-kaszmir-pk-i-wc-1024x935.jpg 1024w, https:\/\/drzwitarasy.pl\/wp-content\/uploads\/2026\/02\/prim-kaszmir-pk-i-wc-768x701.jpg 768w, https:\/\/drzwitarasy.pl\/wp-content\/uploads\/2026\/02\/prim-kaszmir-pk-i-wc-1536x1402.jpg 1536w, https:\/\/drzwitarasy.pl\/wp-content\/uploads\/2026\/02\/prim-kaszmir-pk-i-wc-2048x1870.jpg 2048w, https:\/\/drzwitarasy.pl\/wp-content\/uploads\/2026\/02\/prim-kaszmir-pk-i-wc-600x548.jpg 600w\" sizes=\"auto, (max-width: 2560px) 100vw, 2560px\" \/><\/p>\n<p>&nbsp;<\/p>\n<p>&nbsp;<\/p>\n<p><img loading=\"lazy\" decoding=\"async\" class=\"aligncenter size-full wp-image-5949\" src=\"https:\/\/drzwitarasy.pl\/wp-content\/uploads\/2025\/09\/REG-8CM-KASZMIR-90.jpg\" alt=\"\" width=\"560\" height=\"788\" srcset=\"https:\/\/drzwitarasy.pl\/wp-content\/uploads\/2025\/09\/REG-8CM-KASZMIR-90.jpg 560w, https:\/\/drzwitarasy.pl\/wp-content\/uploads\/2025\/09\/REG-8CM-KASZMIR-90-300x422.jpg 300w, https:\/\/drzwitarasy.pl\/wp-content\/uploads\/2025\/09\/REG-8CM-KASZMIR-90-213x300.jpg 213w\" sizes=\"auto, (max-width: 560px) 100vw, 560px\" \/> <img loading=\"lazy\" decoding=\"async\" class=\"aligncenter size-full wp-image-5944\" src=\"https:\/\/drzwitarasy.pl\/wp-content\/uploads\/2025\/09\/WYMIARY.jpg\" alt=\"\" width=\"726\" height=\"817\" srcset=\"https:\/\/drzwitarasy.pl\/wp-content\/uploads\/2025\/09\/WYMIARY.jpg 726w, https:\/\/drzwitarasy.pl\/wp-content\/uploads\/2025\/09\/WYMIARY-300x338.jpg 300w, https:\/\/drzwitarasy.pl\/wp-content\/uploads\/2025\/09\/WYMIARY-600x675.jpg 600w, https:\/\/drzwitarasy.pl\/wp-content\/uploads\/2025\/09\/WYMIARY-267x300.jpg 267w\" sizes=\"auto, (max-width: 726px) 100vw, 726px\" \/><\/p>\n<p><img loading=\"lazy\" decoding=\"async\" class=\"aligncenter size-full wp-image-6748\" src=\"https:\/\/drzwitarasy.pl\/wp-content\/uploads\/2025\/04\/kat-90\u00b0.jpg\" alt=\"\" width=\"795\" height=\"698\" srcset=\"https:\/\/drzwitarasy.pl\/wp-content\/uploads\/2025\/04\/kat-90\u00b0.jpg 795w, https:\/\/drzwitarasy.pl\/wp-content\/uploads\/2025\/04\/kat-90\u00b0-300x263.jpg 300w, https:\/\/drzwitarasy.pl\/wp-content\/uploads\/2025\/04\/kat-90\u00b0-768x674.jpg 768w, https:\/\/drzwitarasy.pl\/wp-content\/uploads\/2025\/04\/kat-90\u00b0-600x527.jpg 600w\" sizes=\"auto, (max-width: 795px) 100vw, 795px\" \/><\/p>\n<p style=\"text-align: center;\"><img loading=\"lazy\" decoding=\"async\" class=\"aligncenter wp-image-6161 size-medium\" src=\"https:\/\/drzwitarasy.pl\/wp-content\/uploads\/2022\/10\/img_9663-259x300.jpeg\" alt=\"\" width=\"259\" height=\"300\" srcset=\"https:\/\/drzwitarasy.pl\/wp-content\/uploads\/2022\/10\/img_9663-259x300.jpeg 259w, https:\/\/drzwitarasy.pl\/wp-content\/uploads\/2022\/10\/img_9663-300x347.jpeg 300w, https:\/\/drzwitarasy.pl\/wp-content\/uploads\/2022\/10\/img_9663-600x695.jpeg 600w, https:\/\/drzwitarasy.pl\/wp-content\/uploads\/2022\/10\/img_9663.jpeg 608w\" sizes=\"auto, (max-width: 259px) 100vw, 259px\" \/><strong><span style=\"font-size: 18pt;\">2 ZAWIASY CZARNE CHOWANE<\/span><\/strong><\/p>\n","protected":false},"excerpt":{"rendered":"<p><img loading=\"lazy\" decoding=\"async\" class=\"wp-image-6781 alignleft\" src=\"https:\/\/drzwitarasy.pl\/wp-content\/uploads\/2025\/07\/kat-90\u00b0-300x263.jpg\" alt=\"\" width=\"200\" height=\"176\" srcset=\"https:\/\/drzwitarasy.pl\/wp-content\/uploads\/2025\/07\/kat-90\u00b0-300x263.jpg 300w, https:\/\/drzwitarasy.pl\/wp-content\/uploads\/2025\/07\/kat-90\u00b0-768x674.jpg 768w, https:\/\/drzwitarasy.pl\/wp-content\/uploads\/2025\/07\/kat-90\u00b0-600x527.jpg 600w, https:\/\/drzwitarasy.pl\/wp-content\/uploads\/2025\/07\/kat-90\u00b0.jpg 795w\" sizes=\"auto, (max-width: 200px) 100vw, 200px\" \/> <img loading=\"lazy\" decoding=\"async\" class=\"alignright wp-image-7003\" src=\"https:\/\/drzwitarasy.pl\/wp-content\/uploads\/2024\/02\/BANER-OD-REKI.jpg\" alt=\"\" width=\"300\" height=\"171\" srcset=\"https:\/\/drzwitarasy.pl\/wp-content\/uploads\/2024\/02\/BANER-OD-REKI.jpg 869w, https:\/\/drzwitarasy.pl\/wp-content\/uploads\/2024\/02\/BANER-OD-REKI-300x171.jpg 300w, https:\/\/drzwitarasy.pl\/wp-content\/uploads\/2024\/02\/BANER-OD-REKI-768x437.jpg 768w, https:\/\/drzwitarasy.pl\/wp-content\/uploads\/2024\/02\/BANER-OD-REKI-600x341.jpg 600w\" sizes=\"auto, (max-width: 300px) 100vw, 300px\" \/><\/p>\n","protected":false},"featured_media":7007,"template":"","meta":{"_acf_changed":false,"om_disable_all_campaigns":false,"_monsterinsights_skip_tracking":false,"_monsterinsights_sitenote_active":false,"_monsterinsights_sitenote_note":"","_monsterinsights_sitenote_category":0},"product_brand":[527],"product_cat":[514,532,30,21,516],"product_tag":[270,285,319,282,317,320,323,324,321,326,325,322,308,178,350,287,187,348,327,330,333,342,338,336,343,337,340,339,335,332,341,309,312,306,347,274,275,277,280,273,276,279,349,278,272,307,311,310,269,177,292,298,294,299,293,296,295,297,300,301,313,344,346,284,286,304,328,283,303,281,329,314,316,315,318,331,566,302,305,334,271,345,288,290,289,291],"class_list":{"0":"post-6899","1":"product","2":"type-product","3":"status-publish","4":"has-post-thumbnail","6":"product_brand-windoor","7":"product_cat-bezprzylgowe-windoor-od-reki","8":"product_cat-drzwi-od-reki-2","9":"product_cat-drzwi-prestige","10":"product_cat-drzwi-wewnetrzne","11":"product_cat-windoor","12":"product_tag-castorama-drzwi-wewnetrzne","13":"product_tag-ciemne-drzwi-wewnetrzne","14":"product_tag-dre-drzwi-bezprzylgowe","15":"product_tag-drewniane-drzwi-wewnetrzne","16":"product_tag-drzwi-bezprzylgowe-co-to-znaczy","17":"product_tag-drzwi-bezprzylgowe-biale","18":"product_tag-drzwi-bezprzylgowe-castorama","19":"product_tag-drzwi-bezprzylgowe-leroy","20":"product_tag-drzwi-bezprzylgowe-oscieznica","21":"product_tag-drzwi-bezprzylgowe-z-oscieznica-cena","22":"product_tag-drzwi-bezprzylgowe-z-oscieznica-komplet","23":"product_tag-drzwi-bezprzylgowe-z-szyba","24":"product_tag-drzwi-drewniane-windoor","25":"product_tag-drzwi-elegance","26":"product_tag-drzwi-loftowe-przesuwne","27":"product_tag-drzwi-nowoczesne-wewnetrzne","28":"product_tag-drzwi-od-reki","29":"product_tag-drzwi-prysznicowe-przesuwne","30":"product_tag-drzwi-przesuwne","31":"product_tag-drzwi-przesuwne-biale","32":"product_tag-drzwi-przesuwne-bricomarche","33":"product_tag-drzwi-przesuwne-castorama","34":"product_tag-drzwi-przesuwne-chowane-w-sciane","35":"product_tag-drzwi-przesuwne-do-lazienki","36":"product_tag-drzwi-przesuwne-ikea","37":"product_tag-drzwi-przesuwne-leroy-merlin","38":"product_tag-drzwi-przesuwne-na-wymiar","39":"product_tag-drzwi-przesuwne-nascienne","40":"product_tag-drzwi-przesuwne-oscieznica","41":"product_tag-drzwi-przesuwne-otwarte-teraz","42":"product_tag-drzwi-przesuwne-szklane","43":"product_tag-drzwi-przesuwne-windoor","44":"product_tag-drzwi-rozwierane-windoor","45":"product_tag-drzwi-rozwierane-windoor-80-cm","46":"product_tag-drzwi-tarasowe-przesuwne","47":"product_tag-drzwi-wewnetrzne-biale","48":"product_tag-drzwi-wewnetrzne-castorama","49":"product_tag-drzwi-wewnetrzne-cena","50":"product_tag-drzwi-wewnetrzne-czarne","51":"product_tag-drzwi-wewnetrzne-dre","52":"product_tag-drzwi-wewnetrzne-drewniane","53":"product_tag-drzwi-wewnetrzne-nowoczesne","54":"product_tag-drzwi-wewnetrzne-przesuwne","55":"product_tag-drzwi-wewnetrzne-szare","56":"product_tag-drzwi-wewnetrzne-szklane","57":"product_tag-drzwi-wewnetrzne-windoor","58":"product_tag-drzwi-wewnetrzne-windoor-castorama","59":"product_tag-drzwi-wewnetrzne-windoor-radom","60":"product_tag-drzwi-wewnetrzne-z-oscieznica","61":"product_tag-drzwi-windoor","62":"product_tag-drzwi-windoor-bricomarche","63":"product_tag-drzwi-windoor-castorama","64":"product_tag-drzwi-windoor-elegance","65":"product_tag-drzwi-windoor-elegance-opinie","66":"product_tag-drzwi-windoor-opinie","67":"product_tag-drzwi-windoor-orzech-north","68":"product_tag-drzwi-windoor-pegasus","69":"product_tag-drzwi-windoor-trame-orzech-north","70":"product_tag-drzwi-windoor-virgo-sonoma","71":"product_tag-drzwi-windoor-wymiary","72":"product_tag-drzwidladomu","73":"product_tag-ikea-drzwi-przesuwne","74":"product_tag-ikea-drzwi-przesuwne-pokojowe","75":"product_tag-jak-wstawic-drzwi-wewnetrzne","76":"product_tag-jakiej-firmy-drzwi-wewnetrzne-wybrac","77":"product_tag-katalog-drzwi-windoor","78":"product_tag-kompletny-zestaw","79":"product_tag-leroy-merlin-drzwi-wewnetrzne","80":"product_tag-montaz-drzwi-windoor","81":"product_tag-nowoczesne-drzwi-wewnetrzne","82":"product_tag-obi-drzwi-przesuwne","83":"product_tag-oscieznica-regulowana","84":"product_tag-oscieznica-regulowana-a-stala","85":"product_tag-oscieznica-regulowana-montaz","86":"product_tag-porta-drzwi-bezprzylgowe","87":"product_tag-porta-drzwi-przesuwne","88":"product_tag-prim","89":"product_tag-producent-drzwi-windoor","90":"product_tag-producent-drzwi-windoor-opinie","91":"product_tag-system-drzwi-przesuwnych","92":"product_tag-tanie-drzwi-pokojowe","93":"product_tag-tanie-drzwi-przesuwne-nascienne","94":"product_tag-windoor-drzwi-castorama","95":"product_tag-windoor-drzwi-cennik","96":"product_tag-windoor-drzwi-opinie","97":"product_tag-windoor-sklep","98":"product_shipping_class-drzwi-od-reki","100":"first","101":"instock","102":"sale","103":"featured","104":"shipping-taxable","105":"purchasable","106":"product-type-simple","107":"add-to-wishlist-after_add_to_cart"},"acf":[],"aioseo_notices":[],"jetpack_sharing_enabled":true,"_links":{"self":[{"href":"https:\/\/drzwitarasy.pl\/index.php?rest_route=\/wp\/v2\/product\/6899","targetHints":{"allow":["GET"]}}],"collection":[{"href":"https:\/\/drzwitarasy.pl\/index.php?rest_route=\/wp\/v2\/product"}],"about":[{"href":"https:\/\/drzwitarasy.pl\/index.php?rest_route=\/wp\/v2\/types\/product"}],"wp:featuredmedia":[{"embeddable":true,"href":"https:\/\/drzwitarasy.pl\/index.php?rest_route=\/wp\/v2\/media\/7007"}],"wp:attachment":[{"href":"https:\/\/drzwitarasy.pl\/index.php?rest_route=%2Fwp%2Fv2%2Fmedia&parent=6899"}],"wp:term":[{"taxonomy":"product_brand","embeddable":true,"href":"https:\/\/drzwitarasy.pl\/index.php?rest_route=%2Fwp%2Fv2%2Fproduct_brand&post=6899"},{"taxonomy":"product_cat","embeddable":true,"href":"https:\/\/drzwitarasy.pl\/index.php?rest_route=%2Fwp%2Fv2%2Fproduct_cat&post=6899"},{"taxonomy":"product_tag","embeddable":true,"href":"https:\/\/drzwitarasy.pl\/index.php?rest_route=%2Fwp%2Fv2%2Fproduct_tag&post=6899"}],"curies":[{"name":"wp","href":"https:\/\/api.w.org\/{rel}","templated":true}]}}