{"id":6776,"date":"2024-02-20T03:03:34","date_gmt":"2024-02-20T02:03:34","guid":{"rendered":"https:\/\/drzwitarasy.pl\/?post_type=product&#038;p=6776"},"modified":"2026-04-14T03:32:15","modified_gmt":"2026-04-14T01:32:15","slug":"credis-drzwi-prestige-przesuwne","status":"publish","type":"product","link":"https:\/\/drzwitarasy.pl\/?product=credis-drzwi-prestige-przesuwne","title":{"rendered":"Credis drzwi Prestige PRZESUWNE"},"content":{"rendered":"<p>&nbsp;<\/p>\n<p>&nbsp;<\/p>\n<p><img loading=\"lazy\" decoding=\"async\" class=\"aligncenter size-full wp-image-5824\" src=\"https:\/\/drzwitarasy.pl\/wp-content\/uploads\/2024\/08\/CREDIS-WIZUAL.jpeg\" alt=\"\" width=\"1110\" height=\"1126\" srcset=\"https:\/\/drzwitarasy.pl\/wp-content\/uploads\/2024\/08\/CREDIS-WIZUAL.jpeg 1110w, https:\/\/drzwitarasy.pl\/wp-content\/uploads\/2024\/08\/CREDIS-WIZUAL-300x304.jpeg 300w, https:\/\/drzwitarasy.pl\/wp-content\/uploads\/2024\/08\/CREDIS-WIZUAL-100x100.jpeg 100w, https:\/\/drzwitarasy.pl\/wp-content\/uploads\/2024\/08\/CREDIS-WIZUAL-600x609.jpeg 600w, https:\/\/drzwitarasy.pl\/wp-content\/uploads\/2024\/08\/CREDIS-WIZUAL-296x300.jpeg 296w, https:\/\/drzwitarasy.pl\/wp-content\/uploads\/2024\/08\/CREDIS-WIZUAL-1009x1024.jpeg 1009w, https:\/\/drzwitarasy.pl\/wp-content\/uploads\/2024\/08\/CREDIS-WIZUAL-768x779.jpeg 768w, https:\/\/drzwitarasy.pl\/wp-content\/uploads\/2024\/08\/CREDIS-WIZUAL-50x50.jpeg 50w\" sizes=\"auto, (max-width: 1110px) 100vw, 1110px\" \/><\/p>\n<p>&nbsp;<\/p>\n<p><img loading=\"lazy\" decoding=\"async\" class=\"aligncenter wp-image-6777 size-full\" src=\"https:\/\/drzwitarasy.pl\/wp-content\/uploads\/2026\/02\/CREDIS-PK-D-g-przes.jpg\" alt=\"\" width=\"1216\" height=\"1162\" srcset=\"https:\/\/drzwitarasy.pl\/wp-content\/uploads\/2026\/02\/CREDIS-PK-D-g-przes.jpg 1216w, https:\/\/drzwitarasy.pl\/wp-content\/uploads\/2026\/02\/CREDIS-PK-D-g-przes-300x287.jpg 300w, https:\/\/drzwitarasy.pl\/wp-content\/uploads\/2026\/02\/CREDIS-PK-D-g-przes-1024x979.jpg 1024w, https:\/\/drzwitarasy.pl\/wp-content\/uploads\/2026\/02\/CREDIS-PK-D-g-przes-768x734.jpg 768w, https:\/\/drzwitarasy.pl\/wp-content\/uploads\/2026\/02\/CREDIS-PK-D-g-przes-600x573.jpg 600w\" sizes=\"auto, (max-width: 1216px) 100vw, 1216px\" \/><\/p>\n<p>&nbsp;<\/p>\n<p style=\"text-align: center;\"><span style=\"font-size: 18pt;\"><strong>DRZWI WEWN\u0118TRZNE WINDOOR CREDIS &#8211; DRZWI PRZESUWNEE<\/strong><\/span><\/p>\n<p>Drzwi Credis to solidne rozwi\u0105zanie charakteryzuj\u0105ce si\u0119 wysok\u0105 jako\u015bci\u0105<\/p>\n<p>wykonania oraz odporno\u015bci\u0105 na uszkodzenia mechaniczne,<\/p>\n<p>idealne do nowoczesnych wn\u0119trz.<\/p>\n<p><strong>G\u0142\u00f3wne cechy:<\/strong><\/p>\n<ul>\n<li style=\"list-style-type: none;\">\n<ul>\n<li><strong>Dost\u0119pne szeroko\u015bci:<\/strong> 60 &#8211; za dop\u0142at\u0105, 70, 80, 90 &#8211; za dop\u0142at\u0105,<\/li>\n<\/ul>\n<\/li>\n<\/ul>\n<p>&nbsp;<\/p>\n<ul>\n<li><strong>Wymiary drzwi:<\/strong> 2035 x 644\/744\/844\/944 x 40 mm<\/li>\n<li><strong>Pokrycie drzwi:<\/strong> folia finish, zapewniaj\u0105ca estetyczny wygl\u0105d i \u0142atwo\u015b\u0107 w utrzymaniu czysto\u015bci<\/li>\n<li><strong>Wyposa\u017cenie drzwi:<\/strong> Drzwi wyposa\u017cone s\u0105 w standardzie w pochwyty srebrne, stabilno\u015b\u0107 i dodatkow\u0105 wytrzyma\u0142o\u015b\u0107.<\/li>\n<li><strong>Gwarancja producenta:<\/strong> 2 lata<\/li>\n<\/ul>\n<p><strong>Konstrukcja:<\/strong><\/p>\n<ul>\n<li>Drzwi ramiakowe wykonane z wysokiej jako\u015bci pe\u0142nej p\u0142yty MDF, co zapewnia solidno\u015b\u0107 i trwa\u0142o\u015b\u0107.<\/li>\n<li>Wyposa\u017cone w 3 wkr\u0119cane zawiasy oraz szk\u0142o mleczne wzmacniane o grubo\u015bci 4 mm, zwi\u0119kszaj\u0105ce bezpiecze\u0144stwo i estetyk\u0119.<\/li>\n<li>Profile drzwi wykonane w technologii SOFTLine eliminuj\u0105cej widoczne \u0142\u0105czenia okleiny na kraw\u0119dziach, co dodatkowo podkre\u015bla ich elegancki wygl\u0105d.<\/li>\n<\/ul>\n<p><strong>Technologia czopowania i ko\u0142kowania<\/strong> zastosowana do po\u0142\u0105czenia element\u00f3w pionowych i poziomych zapobiega wypaczaniu oraz opuszczaniu si\u0119 drzwi nawet przy intensywnym u\u017cytkowaniu.<\/p>\n<p>Drzwi Credis pe\u0142ne to nie tylko funkcjonalne elementy wyposa\u017cenia, ale tak\u017ce eleganckie akcenty, kt\u00f3re doskonale wsp\u00f3\u0142graj\u0105 z nowoczesnymi aran\u017cacjami wn\u0119trz. Dzi\u0119ki swojej solidnej konstrukcji oraz estetycznemu wyko\u0144czeniu, stanowi\u0105 idealne rozwi\u0105zanie do ka\u017cdego typu pomieszczenia, zapewniaj\u0105c zar\u00f3wno styl, jak i niezawodno\u015b\u0107 przez wiele lat u\u017cytkowania.<\/p>\n<p>&nbsp;<\/p>\n<p>&nbsp;<\/p>\n<p>&nbsp;<\/p>\n<p><img loading=\"lazy\" decoding=\"async\" class=\"aligncenter size-full wp-image-5826\" src=\"https:\/\/drzwitarasy.pl\/wp-content\/uploads\/2024\/08\/CREDIS-KOLORY-OK.jpg\" alt=\"\" width=\"1440\" height=\"1488\" srcset=\"https:\/\/drzwitarasy.pl\/wp-content\/uploads\/2024\/08\/CREDIS-KOLORY-OK.jpg 1440w, https:\/\/drzwitarasy.pl\/wp-content\/uploads\/2024\/08\/CREDIS-KOLORY-OK-300x310.jpg 300w, https:\/\/drzwitarasy.pl\/wp-content\/uploads\/2024\/08\/CREDIS-KOLORY-OK-600x620.jpg 600w, https:\/\/drzwitarasy.pl\/wp-content\/uploads\/2024\/08\/CREDIS-KOLORY-OK-290x300.jpg 290w, https:\/\/drzwitarasy.pl\/wp-content\/uploads\/2024\/08\/CREDIS-KOLORY-OK-991x1024.jpg 991w, https:\/\/drzwitarasy.pl\/wp-content\/uploads\/2024\/08\/CREDIS-KOLORY-OK-768x794.jpg 768w\" sizes=\"auto, (max-width: 1440px) 100vw, 1440px\" \/><\/p>\n<p>&nbsp;<\/p>\n<p><img loading=\"lazy\" decoding=\"async\" class=\"aligncenter size-full wp-image-5825\" src=\"https:\/\/drzwitarasy.pl\/wp-content\/uploads\/2024\/08\/CREDIS-WSZYSTKIE.jpg\" alt=\"\" width=\"953\" height=\"804\" srcset=\"https:\/\/drzwitarasy.pl\/wp-content\/uploads\/2024\/08\/CREDIS-WSZYSTKIE.jpg 953w, https:\/\/drzwitarasy.pl\/wp-content\/uploads\/2024\/08\/CREDIS-WSZYSTKIE-300x253.jpg 300w, https:\/\/drzwitarasy.pl\/wp-content\/uploads\/2024\/08\/CREDIS-WSZYSTKIE-600x506.jpg 600w, https:\/\/drzwitarasy.pl\/wp-content\/uploads\/2024\/08\/CREDIS-WSZYSTKIE-768x648.jpg 768w\" sizes=\"auto, (max-width: 953px) 100vw, 953px\" \/><\/p>\n<p>&nbsp;<\/p>\n<p>&nbsp;<\/p>\n<p><img loading=\"lazy\" decoding=\"async\" class=\"size-large wp-image-3969 aligncenter\" src=\"https:\/\/drzwitarasy.pl\/wp-content\/uploads\/2024\/10\/KONSTRUKCJA-DRZWI-1024x1006.jpg\" alt=\"\" width=\"640\" height=\"629\" srcset=\"https:\/\/drzwitarasy.pl\/wp-content\/uploads\/2024\/10\/KONSTRUKCJA-DRZWI-1024x1006.jpg 1024w, https:\/\/drzwitarasy.pl\/wp-content\/uploads\/2024\/10\/KONSTRUKCJA-DRZWI-300x295.jpg 300w, https:\/\/drzwitarasy.pl\/wp-content\/uploads\/2024\/10\/KONSTRUKCJA-DRZWI-600x590.jpg 600w, https:\/\/drzwitarasy.pl\/wp-content\/uploads\/2024\/10\/KONSTRUKCJA-DRZWI-768x755.jpg 768w, https:\/\/drzwitarasy.pl\/wp-content\/uploads\/2024\/10\/KONSTRUKCJA-DRZWI-50x50.jpg 50w, https:\/\/drzwitarasy.pl\/wp-content\/uploads\/2024\/10\/KONSTRUKCJA-DRZWI.jpg 1170w\" sizes=\"auto, (max-width: 640px) 100vw, 640px\" \/><\/p>\n<p><img loading=\"lazy\" decoding=\"async\" class=\"aligncenter size-full wp-image-5827\" src=\"https:\/\/drzwitarasy.pl\/wp-content\/uploads\/2024\/08\/ZAWIASY-DO-DRZWI-I-OSCIEZNIC.jpg\" alt=\"\" width=\"2104\" height=\"1837\" srcset=\"https:\/\/drzwitarasy.pl\/wp-content\/uploads\/2024\/08\/ZAWIASY-DO-DRZWI-I-OSCIEZNIC.jpg 2104w, https:\/\/drzwitarasy.pl\/wp-content\/uploads\/2024\/08\/ZAWIASY-DO-DRZWI-I-OSCIEZNIC-300x262.jpg 300w, https:\/\/drzwitarasy.pl\/wp-content\/uploads\/2024\/08\/ZAWIASY-DO-DRZWI-I-OSCIEZNIC-600x524.jpg 600w, https:\/\/drzwitarasy.pl\/wp-content\/uploads\/2024\/08\/ZAWIASY-DO-DRZWI-I-OSCIEZNIC-1024x894.jpg 1024w, https:\/\/drzwitarasy.pl\/wp-content\/uploads\/2024\/08\/ZAWIASY-DO-DRZWI-I-OSCIEZNIC-768x671.jpg 768w, https:\/\/drzwitarasy.pl\/wp-content\/uploads\/2024\/08\/ZAWIASY-DO-DRZWI-I-OSCIEZNIC-1536x1341.jpg 1536w, https:\/\/drzwitarasy.pl\/wp-content\/uploads\/2024\/08\/ZAWIASY-DO-DRZWI-I-OSCIEZNIC-2048x1788.jpg 2048w\" sizes=\"auto, (max-width: 2104px) 100vw, 2104px\" \/><\/p>\n","protected":false},"excerpt":{"rendered":"<p>&nbsp; &nbsp; &nbsp; &nbsp; DRZWI WEWN\u0118TRZNE WINDOOR CREDIS &#8211; DRZWI PRZESUWNEE Drzwi Credis to solidne rozwi\u0105zanie charakteryzuj\u0105ce si\u0119 wysok\u0105 jako\u015bci\u0105 wykonania oraz odporno\u015bci\u0105 na uszkodzenia mechaniczne, idealne do nowoczesnych wn\u0119trz. G\u0142\u00f3wne cechy: Dost\u0119pne szeroko\u015bci: 60 &#8211; za dop\u0142at\u0105, 70, 80, 90 &#8211; za dop\u0142at\u0105, &nbsp; Wymiary drzwi: 2035 x 644\/744\/844\/944 x 40 mm Pokrycie drzwi: [&hellip;]<\/p>\n","protected":false},"featured_media":6777,"template":"","meta":{"_acf_changed":false,"om_disable_all_campaigns":false,"_monsterinsights_skip_tracking":false,"_monsterinsights_sitenote_active":false,"_monsterinsights_sitenote_note":"","_monsterinsights_sitenote_category":0},"product_brand":[527],"product_cat":[606,514,30,353,351,561,562,21,516],"product_tag":[270,309,312,279],"class_list":{"0":"post-6776","1":"product","2":"type-product","3":"status-publish","4":"has-post-thumbnail","6":"product_brand-windoor","7":"product_cat-credis","8":"product_cat-bezprzylgowe-windoor-od-reki","9":"product_cat-drzwi-prestige","10":"product_cat-mleczne-szyby-loft-przezroczysta-szyba","11":"product_cat-czarna-szyba","12":"product_cat-drzwi-przesuwne-windoor","13":"product_cat-drzwi-przesuwne-windoor-drzwi-wewnetrzne","14":"product_cat-drzwi-wewnetrzne","15":"product_cat-windoor","16":"product_tag-castorama-drzwi-wewnetrzne","17":"product_tag-drzwi-przesuwne-windoor","18":"product_tag-drzwi-rozwierane-windoor","19":"product_tag-drzwi-wewnetrzne-nowoczesne","20":"product_shipping_class-drzwi-windoor","22":"first","23":"instock","24":"sale","25":"shipping-taxable","26":"purchasable","27":"product-type-simple","28":"add-to-wishlist-after_add_to_cart"},"acf":[],"aioseo_notices":[],"jetpack_sharing_enabled":true,"_links":{"self":[{"href":"https:\/\/drzwitarasy.pl\/index.php?rest_route=\/wp\/v2\/product\/6776","targetHints":{"allow":["GET"]}}],"collection":[{"href":"https:\/\/drzwitarasy.pl\/index.php?rest_route=\/wp\/v2\/product"}],"about":[{"href":"https:\/\/drzwitarasy.pl\/index.php?rest_route=\/wp\/v2\/types\/product"}],"wp:featuredmedia":[{"embeddable":true,"href":"https:\/\/drzwitarasy.pl\/index.php?rest_route=\/wp\/v2\/media\/6777"}],"wp:attachment":[{"href":"https:\/\/drzwitarasy.pl\/index.php?rest_route=%2Fwp%2Fv2%2Fmedia&parent=6776"}],"wp:term":[{"taxonomy":"product_brand","embeddable":true,"href":"https:\/\/drzwitarasy.pl\/index.php?rest_route=%2Fwp%2Fv2%2Fproduct_brand&post=6776"},{"taxonomy":"product_cat","embeddable":true,"href":"https:\/\/drzwitarasy.pl\/index.php?rest_route=%2Fwp%2Fv2%2Fproduct_cat&post=6776"},{"taxonomy":"product_tag","embeddable":true,"href":"https:\/\/drzwitarasy.pl\/index.php?rest_route=%2Fwp%2Fv2%2Fproduct_tag&post=6776"}],"curies":[{"name":"wp","href":"https:\/\/api.w.org\/{rel}","templated":true}]}}