{"id":635,"date":"2024-08-22T09:40:29","date_gmt":"2024-08-22T07:40:29","guid":{"rendered":"http:\/\/drzwitarasy.pl\/?post_type=product&#038;p=635"},"modified":"2026-04-21T23:45:56","modified_gmt":"2026-04-21T21:45:56","slug":"drzwi-credis-windoor","status":"publish","type":"product","link":"https:\/\/drzwitarasy.pl\/?product=drzwi-credis-windoor","title":{"rendered":"Credis drzwi wewn\u0119trzne Prestige"},"content":{"rendered":"<p>&nbsp;<\/p>\n<p>&nbsp;<\/p>\n<p><img loading=\"lazy\" decoding=\"async\" class=\"aligncenter size-full wp-image-5824\" src=\"https:\/\/drzwitarasy.pl\/wp-content\/uploads\/2024\/08\/CREDIS-WIZUAL.jpeg\" alt=\"\" width=\"1110\" height=\"1126\" srcset=\"https:\/\/drzwitarasy.pl\/wp-content\/uploads\/2024\/08\/CREDIS-WIZUAL.jpeg 1110w, https:\/\/drzwitarasy.pl\/wp-content\/uploads\/2024\/08\/CREDIS-WIZUAL-300x304.jpeg 300w, https:\/\/drzwitarasy.pl\/wp-content\/uploads\/2024\/08\/CREDIS-WIZUAL-100x100.jpeg 100w, https:\/\/drzwitarasy.pl\/wp-content\/uploads\/2024\/08\/CREDIS-WIZUAL-600x609.jpeg 600w, https:\/\/drzwitarasy.pl\/wp-content\/uploads\/2024\/08\/CREDIS-WIZUAL-296x300.jpeg 296w, https:\/\/drzwitarasy.pl\/wp-content\/uploads\/2024\/08\/CREDIS-WIZUAL-1009x1024.jpeg 1009w, https:\/\/drzwitarasy.pl\/wp-content\/uploads\/2024\/08\/CREDIS-WIZUAL-768x779.jpeg 768w, https:\/\/drzwitarasy.pl\/wp-content\/uploads\/2024\/08\/CREDIS-WIZUAL-50x50.jpeg 50w\" sizes=\"auto, (max-width: 1110px) 100vw, 1110px\" \/><\/p>\n<p>&nbsp;<\/p>\n<h3 data-section-id=\"xg2gax\" data-start=\"139\" data-end=\"180\"><strong data-start=\"143\" data-end=\"180\">Drzwi wewn\u0119trzne Credis \u2014 Windoor<\/strong><\/h3>\n<p data-start=\"182\" data-end=\"413\">Odkryj drzwi, kt\u00f3re \u0142\u0105cz\u0105 <strong data-start=\"208\" data-end=\"229\">nowoczesny design<\/strong>, <strong data-start=\"231\" data-end=\"249\">funkcjonalno\u015b\u0107<\/strong> i <strong data-start=\"252\" data-end=\"290\">\u015bwietn\u0105 jako\u015b\u0107 w atrakcyjnej cenie<\/strong>.<br data-start=\"291\" data-end=\"294\" \/>Drzwi <strong data-start=\"300\" data-end=\"310\">Credis<\/strong> od <strong data-start=\"314\" data-end=\"325\">Windoor<\/strong> to idealne rozwi\u0105zanie do ka\u017cdego wn\u0119trza \u2014 od salonu, przez sypialni\u0119, a\u017c po \u0142azienk\u0119.<\/p>\n<h4 data-start=\"415\" data-end=\"451\">\u2705 <strong data-start=\"422\" data-end=\"451\">Dlaczego warto je wybra\u0107?<\/strong><\/h4>\n<ul data-start=\"452\" data-end=\"1023\">\n<li data-section-id=\"jirjoo\" data-start=\"452\" data-end=\"531\">\n<p data-start=\"454\" data-end=\"531\"><strong data-start=\"454\" data-end=\"477\">Solidna konstrukcja<\/strong> \u2014 rama z MDF i trwa\u0142a okleina odporna na zarysowania.<\/p>\n<\/li>\n<li data-section-id=\"aldtj1\" data-start=\"532\" data-end=\"629\">\n<p data-start=\"534\" data-end=\"629\"><strong data-start=\"534\" data-end=\"555\">Estetyczny wygl\u0105d<\/strong> \u2014 minimalistyczna forma pasuj\u0105ca do nowoczesnych i klasycznych aran\u017cacji.<\/p>\n<\/li>\n<li data-section-id=\"1kf2ji7\" data-start=\"630\" data-end=\"710\">\n<p data-start=\"632\" data-end=\"710\"><strong data-start=\"632\" data-end=\"656\">Uniwersalne warianty<\/strong> \u2014 dost\u0119pne zar\u00f3wno w wersjach z szyb\u0105, jak i pe\u0142nych.<\/p>\n<\/li>\n<li data-section-id=\"y2s4lg\" data-start=\"711\" data-end=\"823\">\n<p data-start=\"713\" data-end=\"823\"><strong data-start=\"713\" data-end=\"731\">Funkcjonalno\u015b\u0107<\/strong> \u2014 drzwi wyposa\u017cone w <strong data-start=\"753\" data-end=\"786\">trzy stabilne zawiasy czopowe<\/strong> oraz mo\u017cliwo\u015b\u0107 wyboru rodzaju zamka.<\/p>\n<\/li>\n<li data-section-id=\"vyejdd\" data-start=\"824\" data-end=\"924\">\n<p data-start=\"826\" data-end=\"924\"><strong data-start=\"826\" data-end=\"846\">R\u00f3\u017cne szeroko\u015bci<\/strong> \u2014 dopasujesz drzwi do ka\u017cdego otworu drzwiowego (60, 70, 80, 90\u202fcm i wi\u0119cej).<\/p>\n<\/li>\n<li data-section-id=\"1fjkrwy\" data-start=\"925\" data-end=\"1023\">\n<p data-start=\"927\" data-end=\"1023\"><strong data-start=\"927\" data-end=\"951\">Szeroka gama kolor\u00f3w<\/strong> \u2014 od ponadczasowej bieli po naturalne odcienie drewna i modne szaro\u015bci.<\/p>\n<\/li>\n<\/ul>\n<h4 data-start=\"1025\" data-end=\"1062\">\ud83d\udee0\ufe0f <strong data-start=\"1034\" data-end=\"1062\">Opcje dost\u0119pne w ofercie<\/strong><\/h4>\n<ul data-start=\"1063\" data-end=\"1212\">\n<li data-section-id=\"iquuum\" data-start=\"1063\" data-end=\"1103\">\n<p data-start=\"1065\" data-end=\"1103\">Drzwi <strong data-start=\"1071\" data-end=\"1084\">przylgowe<\/strong> i <strong data-start=\"1087\" data-end=\"1103\">bezprzylgowe<\/strong><\/p>\n<\/li>\n<li data-section-id=\"rd61on\" data-start=\"1104\" data-end=\"1151\">\n<p data-start=\"1106\" data-end=\"1151\">Wersje <strong data-start=\"1113\" data-end=\"1132\">z przeszkleniem<\/strong> ze szk\u0142em mlecznym<\/p>\n<\/li>\n<li data-section-id=\"1lg771y\" data-start=\"1152\" data-end=\"1175\">\n<p data-start=\"1154\" data-end=\"1175\">Alternatywy <strong data-start=\"1166\" data-end=\"1175\">pe\u0142ne<\/strong><\/p>\n<\/li>\n<li data-section-id=\"9fmer\" data-start=\"1176\" data-end=\"1212\">\n<p data-start=\"1178\" data-end=\"1212\">Mo\u017cliwo\u015b\u0107 doboru o\u015bcie\u017cnicy i oku\u0107<\/p>\n<\/li>\n<\/ul>\n<h4 data-start=\"1214\" data-end=\"1238\">\ud83c\udfe1 <strong data-start=\"1222\" data-end=\"1238\">Zastosowanie<\/strong><\/h4>\n<p data-start=\"1239\" data-end=\"1382\">Drzwi Credis sprawdz\u0105 si\u0119 w:<br \/>\n\u2714 salonie<br data-start=\"1277\" data-end=\"1280\" \/>\u2714 sypialni<br data-start=\"1290\" data-end=\"1293\" \/>\u2714 przedpokoju<br data-start=\"1306\" data-end=\"1309\" \/>\u2714 \u0142azience (wersje z odpowiednim zamkiem)<br data-start=\"1350\" data-end=\"1353\" \/>\u2714 biurze lub pokoju go\u015bcinnym<\/p>\n<hr data-start=\"1384\" data-end=\"1387\" \/>\n<p data-start=\"1389\" data-end=\"1591\">\ud83c\udfaf <strong data-start=\"1392\" data-end=\"1409\">Podsumowanie:<\/strong><br data-start=\"1409\" data-end=\"1412\" \/>Drzwi <strong data-start=\"1418\" data-end=\"1438\">Credis \u2014 Windoor<\/strong> to stylowe, funkcjonalne i trwa\u0142e rozwi\u0105zanie do Twojego domu. \u015awietnie wygl\u0105daj\u0105, \u0142atwo si\u0119 montuj\u0105 i doskonale komponuj\u0105 z r\u00f3\u017cnymi aran\u017cacjami wn\u0119trz.<\/p>\n<p>&nbsp;<\/p>\n<p>Drzwi Credis to solidne rozwi\u0105zanie charakteryzuj\u0105ce si\u0119 wysok\u0105 jako\u015bci\u0105<\/p>\n<p>wykonania oraz odporno\u015bci\u0105 na uszkodzenia mechaniczne,<\/p>\n<p>idealne do nowoczesnych wn\u0119trz.<\/p>\n<p><strong>G\u0142\u00f3wne cechy:<\/strong><\/p>\n<ul>\n<li style=\"list-style-type: none;\">\n<ul>\n<li><strong>Dost\u0119pne szeroko\u015bci:<\/strong> 60 &#8211; za dop\u0142at\u0105, 70, 80, 90 &#8211; za dop\u0142at\u0105,<\/li>\n<\/ul>\n<\/li>\n<\/ul>\n<p>&nbsp;<\/p>\n<ul>\n<li><strong>Wymiary drzwi:<\/strong> 2035 x 644\/744\/844\/944 x 40 mm<\/li>\n<li><strong>Pokrycie drzwi:<\/strong> folia finish, zapewniaj\u0105ca estetyczny wygl\u0105d i \u0142atwo\u015b\u0107 w utrzymaniu czysto\u015bci<\/li>\n<li><strong>Wyposa\u017cenie drzwi:<\/strong> 3 zawiasy w kolorze srebra z regulacj\u0105 2D, zapewniaj\u0105ce precyzyjne dopasowanie i stabilno\u015b\u0107<\/li>\n<li><strong>Gwarancja producenta:<\/strong> 2 lata<\/li>\n<\/ul>\n<p><strong>Konstrukcja:<\/strong><\/p>\n<ul>\n<li>Drzwi ramiakowe wykonane z wysokiej jako\u015bci pe\u0142nej p\u0142yty MDF, co zapewnia solidno\u015b\u0107 i trwa\u0142o\u015b\u0107.<\/li>\n<li>Wyposa\u017cone w 3 wkr\u0119cane zawiasy oraz szk\u0142o mleczne wzmacniane o grubo\u015bci 4 mm, zwi\u0119kszaj\u0105ce bezpiecze\u0144stwo i estetyk\u0119.<\/li>\n<li>Profile drzwi wykonane w technologii SOFTLine eliminuj\u0105cej widoczne \u0142\u0105czenia okleiny na kraw\u0119dziach, co dodatkowo podkre\u015bla ich elegancki wygl\u0105d.<\/li>\n<\/ul>\n<p><strong>Technologia czopowania i ko\u0142kowania<\/strong> zastosowana do po\u0142\u0105czenia element\u00f3w pionowych i poziomych zapobiega wypaczaniu oraz opuszczaniu si\u0119 drzwi nawet przy intensywnym u\u017cytkowaniu.<\/p>\n<p>Drzwi Credis pe\u0142ne to nie tylko funkcjonalne elementy wyposa\u017cenia, ale tak\u017ce eleganckie akcenty, kt\u00f3re doskonale wsp\u00f3\u0142graj\u0105 z nowoczesnymi aran\u017cacjami wn\u0119trz. Dzi\u0119ki swojej solidnej konstrukcji oraz estetycznemu wyko\u0144czeniu, stanowi\u0105 idealne rozwi\u0105zanie do ka\u017cdego typu pomieszczenia, zapewniaj\u0105c zar\u00f3wno styl, jak i niezawodno\u015b\u0107 przez wiele lat u\u017cytkowania.<\/p>\n<p>&nbsp;<\/p>\n<p>&nbsp;<\/p>\n<p><img loading=\"lazy\" decoding=\"async\" class=\"aligncenter size-large wp-image-7276\" src=\"https:\/\/drzwitarasy.pl\/wp-content\/uploads\/2024\/08\/kolory-credis-NOWE-1011x1024.jpg\" alt=\"\" width=\"640\" height=\"648\" srcset=\"https:\/\/drzwitarasy.pl\/wp-content\/uploads\/2024\/08\/kolory-credis-NOWE-1011x1024.jpg 1011w, https:\/\/drzwitarasy.pl\/wp-content\/uploads\/2024\/08\/kolory-credis-NOWE-296x300.jpg 296w, https:\/\/drzwitarasy.pl\/wp-content\/uploads\/2024\/08\/kolory-credis-NOWE-768x778.jpg 768w, https:\/\/drzwitarasy.pl\/wp-content\/uploads\/2024\/08\/kolory-credis-NOWE-300x304.jpg 300w, https:\/\/drzwitarasy.pl\/wp-content\/uploads\/2024\/08\/kolory-credis-NOWE-600x608.jpg 600w, https:\/\/drzwitarasy.pl\/wp-content\/uploads\/2024\/08\/kolory-credis-NOWE-100x100.jpg 100w, https:\/\/drzwitarasy.pl\/wp-content\/uploads\/2024\/08\/kolory-credis-NOWE-50x50.jpg 50w, https:\/\/drzwitarasy.pl\/wp-content\/uploads\/2024\/08\/kolory-credis-NOWE.jpg 1058w\" sizes=\"auto, (max-width: 640px) 100vw, 640px\" \/><\/p>\n<p>&nbsp;<\/p>\n<p><img loading=\"lazy\" decoding=\"async\" class=\"aligncenter size-full wp-image-7278\" src=\"https:\/\/drzwitarasy.pl\/wp-content\/uploads\/2024\/08\/CREDIS-WSZYSTKIE-1.jpg\" alt=\"\" width=\"953\" height=\"804\" srcset=\"https:\/\/drzwitarasy.pl\/wp-content\/uploads\/2024\/08\/CREDIS-WSZYSTKIE-1.jpg 953w, https:\/\/drzwitarasy.pl\/wp-content\/uploads\/2024\/08\/CREDIS-WSZYSTKIE-1-300x253.jpg 300w, https:\/\/drzwitarasy.pl\/wp-content\/uploads\/2024\/08\/CREDIS-WSZYSTKIE-1-768x648.jpg 768w, https:\/\/drzwitarasy.pl\/wp-content\/uploads\/2024\/08\/CREDIS-WSZYSTKIE-1-600x506.jpg 600w\" sizes=\"auto, (max-width: 953px) 100vw, 953px\" \/><\/p>\n<p>&nbsp;<\/p>\n<p><img loading=\"lazy\" decoding=\"async\" class=\"size-large wp-image-3969 aligncenter\" src=\"https:\/\/drzwitarasy.pl\/wp-content\/uploads\/2024\/10\/KONSTRUKCJA-DRZWI-1024x1006.jpg\" alt=\"\" width=\"640\" height=\"629\" srcset=\"https:\/\/drzwitarasy.pl\/wp-content\/uploads\/2024\/10\/KONSTRUKCJA-DRZWI-1024x1006.jpg 1024w, https:\/\/drzwitarasy.pl\/wp-content\/uploads\/2024\/10\/KONSTRUKCJA-DRZWI-300x295.jpg 300w, https:\/\/drzwitarasy.pl\/wp-content\/uploads\/2024\/10\/KONSTRUKCJA-DRZWI-600x590.jpg 600w, https:\/\/drzwitarasy.pl\/wp-content\/uploads\/2024\/10\/KONSTRUKCJA-DRZWI-768x755.jpg 768w, https:\/\/drzwitarasy.pl\/wp-content\/uploads\/2024\/10\/KONSTRUKCJA-DRZWI-50x50.jpg 50w, https:\/\/drzwitarasy.pl\/wp-content\/uploads\/2024\/10\/KONSTRUKCJA-DRZWI.jpg 1170w\" sizes=\"auto, (max-width: 640px) 100vw, 640px\" \/><\/p>\n<p><img loading=\"lazy\" decoding=\"async\" class=\"aligncenter size-full wp-image-5827\" src=\"https:\/\/drzwitarasy.pl\/wp-content\/uploads\/2024\/08\/ZAWIASY-DO-DRZWI-I-OSCIEZNIC.jpg\" alt=\"\" width=\"2104\" height=\"1837\" srcset=\"https:\/\/drzwitarasy.pl\/wp-content\/uploads\/2024\/08\/ZAWIASY-DO-DRZWI-I-OSCIEZNIC.jpg 2104w, https:\/\/drzwitarasy.pl\/wp-content\/uploads\/2024\/08\/ZAWIASY-DO-DRZWI-I-OSCIEZNIC-300x262.jpg 300w, https:\/\/drzwitarasy.pl\/wp-content\/uploads\/2024\/08\/ZAWIASY-DO-DRZWI-I-OSCIEZNIC-600x524.jpg 600w, https:\/\/drzwitarasy.pl\/wp-content\/uploads\/2024\/08\/ZAWIASY-DO-DRZWI-I-OSCIEZNIC-1024x894.jpg 1024w, https:\/\/drzwitarasy.pl\/wp-content\/uploads\/2024\/08\/ZAWIASY-DO-DRZWI-I-OSCIEZNIC-768x671.jpg 768w, https:\/\/drzwitarasy.pl\/wp-content\/uploads\/2024\/08\/ZAWIASY-DO-DRZWI-I-OSCIEZNIC-1536x1341.jpg 1536w, https:\/\/drzwitarasy.pl\/wp-content\/uploads\/2024\/08\/ZAWIASY-DO-DRZWI-I-OSCIEZNIC-2048x1788.jpg 2048w\" sizes=\"auto, (max-width: 2104px) 100vw, 2104px\" \/><\/p>\n","protected":false},"excerpt":{"rendered":"<p>&nbsp; &nbsp; &nbsp; Drzwi wewn\u0119trzne Credis \u2014 Windoor Odkryj drzwi, kt\u00f3re \u0142\u0105cz\u0105 nowoczesny design, funkcjonalno\u015b\u0107 i \u015bwietn\u0105 jako\u015b\u0107 w atrakcyjnej cenie.Drzwi Credis od Windoor to idealne rozwi\u0105zanie do ka\u017cdego wn\u0119trza \u2014 od salonu, przez sypialni\u0119, a\u017c po \u0142azienk\u0119. \u2705 Dlaczego warto je wybra\u0107? Solidna konstrukcja \u2014 rama z MDF i trwa\u0142a okleina odporna na zarysowania. [&hellip;]<\/p>\n","protected":false},"featured_media":7277,"template":"","meta":{"_acf_changed":false,"_monsterinsights_skip_tracking":false,"_monsterinsights_sitenote_active":false,"_monsterinsights_sitenote_note":"","_monsterinsights_sitenote_category":0},"product_brand":[527],"product_cat":[606,30,21,516],"product_tag":[270,388,309,312,279],"class_list":{"0":"post-635","1":"product","2":"type-product","3":"status-publish","4":"has-post-thumbnail","6":"product_brand-windoor","7":"product_cat-credis","8":"product_cat-drzwi-prestige","9":"product_cat-drzwi-wewnetrzne","10":"product_cat-windoor","11":"product_tag-castorama-drzwi-wewnetrzne","12":"product_tag-credis","13":"product_tag-drzwi-przesuwne-windoor","14":"product_tag-drzwi-rozwierane-windoor","15":"product_tag-drzwi-wewnetrzne-nowoczesne","16":"product_shipping_class-drzwi-windoor","18":"first","19":"instock","20":"sale","21":"shipping-taxable","22":"purchasable","23":"product-type-simple","24":"add-to-wishlist-after_add_to_cart"},"acf":[],"aioseo_notices":[],"jetpack_sharing_enabled":true,"_links":{"self":[{"href":"https:\/\/drzwitarasy.pl\/index.php?rest_route=\/wp\/v2\/product\/635","targetHints":{"allow":["GET"]}}],"collection":[{"href":"https:\/\/drzwitarasy.pl\/index.php?rest_route=\/wp\/v2\/product"}],"about":[{"href":"https:\/\/drzwitarasy.pl\/index.php?rest_route=\/wp\/v2\/types\/product"}],"wp:featuredmedia":[{"embeddable":true,"href":"https:\/\/drzwitarasy.pl\/index.php?rest_route=\/wp\/v2\/media\/7277"}],"wp:attachment":[{"href":"https:\/\/drzwitarasy.pl\/index.php?rest_route=%2Fwp%2Fv2%2Fmedia&parent=635"}],"wp:term":[{"taxonomy":"product_brand","embeddable":true,"href":"https:\/\/drzwitarasy.pl\/index.php?rest_route=%2Fwp%2Fv2%2Fproduct_brand&post=635"},{"taxonomy":"product_cat","embeddable":true,"href":"https:\/\/drzwitarasy.pl\/index.php?rest_route=%2Fwp%2Fv2%2Fproduct_cat&post=635"},{"taxonomy":"product_tag","embeddable":true,"href":"https:\/\/drzwitarasy.pl\/index.php?rest_route=%2Fwp%2Fv2%2Fproduct_tag&post=635"}],"curies":[{"name":"wp","href":"https:\/\/api.w.org\/{rel}","templated":true}]}}