{"id":6258,"date":"2025-11-13T16:41:40","date_gmt":"2025-11-13T15:41:40","guid":{"rendered":"https:\/\/drzwitarasy.pl\/?post_type=product&#038;p=6258"},"modified":"2025-11-13T17:03:23","modified_gmt":"2025-11-13T16:03:23","slug":"drzwi-bezprzylgowe-kleopatra-defendoor-z-magazynu","status":"publish","type":"product","link":"https:\/\/drzwitarasy.pl\/?product=drzwi-bezprzylgowe-kleopatra-defendoor-z-magazynu","title":{"rendered":"Drzwi bezprzylgowe 80 PRAWE Kleopatra Defendoor &#8211; z magazynu &#8211; jako drugi gatunek"},"content":{"rendered":"<h1><img loading=\"lazy\" decoding=\"async\" class=\"aligncenter size-full wp-image-4168\" src=\"https:\/\/drzwitarasy.pl\/wp-content\/uploads\/2024\/05\/kleo-wizzzz.jpeg\" alt=\"\" width=\"1148\" height=\"564\" srcset=\"https:\/\/drzwitarasy.pl\/wp-content\/uploads\/2024\/05\/kleo-wizzzz.jpeg 1148w, https:\/\/drzwitarasy.pl\/wp-content\/uploads\/2024\/05\/kleo-wizzzz-300x147.jpeg 300w, https:\/\/drzwitarasy.pl\/wp-content\/uploads\/2024\/05\/kleo-wizzzz-600x295.jpeg 600w, https:\/\/drzwitarasy.pl\/wp-content\/uploads\/2024\/05\/kleo-wizzzz-1024x503.jpeg 1024w, https:\/\/drzwitarasy.pl\/wp-content\/uploads\/2024\/05\/kleo-wizzzz-768x377.jpeg 768w\" sizes=\"auto, (max-width: 1148px) 100vw, 1148px\" \/><\/h1>\n<h1>DRZWI KLEOPATRA BEZPRZYLGOWE CZARNE &#8211; PE\u0141NE SKRZYD\u0141O 80 prawe, ZAMEK OSZCZ\u0118DNO\u015aCIOWY.<\/h1>\n<ul>\n<li>DRZWI MOG\u0104 POSIADA\u0106 DELIKATNE RYSKI NA OKLEINIE.<\/li>\n<\/ul>\n<p style=\"text-align: center;\"><b>Unikalna struktura folii<\/b>\u00a0umo\u017cliwia odbijanie promieni s\u0142onecznych, co sprawia, \u017ce drzwi posiadaj\u0105 r\u00f3\u017cne odcienie w zale\u017cno\u015bci od pory dnia i nas\u0142onecznienia.<\/p>\n<p style=\"text-align: center;\">Proponowany model to skrzyd\u0142o drzwiowe wykonane z ramy MDF wype\u0142nionej wk\u0142adem stabilizuj\u0105cym w postaci tzw. plastra miodu. Rama wraz z wype\u0142nieniem jest dwustronnie ob\u0142o\u017cona p\u0142yt\u0105 HDF i oklejona Finish Foli\u0105 .<\/p>\n<p>Drzwi dost\u0119pne od r\u0119ki w Radomiu (1-2 dni) lub dostawa na terenie ca\u0142ego kraju ok. 7 dni.<\/p>\n<p style=\"text-align: center;\"><strong>DRZWI BEZPRZYLGOWE KLEOPATRA KOLOR CZARNY MAT Z ZAMKIEM OSZCZ\u0118DNO\u015aCIOWYM (NA SAM\u0104 KLAMK\u0118) 80 PRAWE<\/strong><\/p>\n<p style=\"text-align: center;\">( SAMO SKRZYD\u0141O Z ZAMKIEM MAGNETYCZNYM &#8211; BEZ ZAWIAS\u00d3W &#8211; BEZ KLAMKI)<\/p>\n<ul>\n<li>pe\u0142ne zamek oszcz\u0119dno\u015bciowy magnetyczny<\/li>\n<li>klamka\/o\u015bcie\u017cnica za dodatkow\u0105 op\u0142at\u0105 (nie wchodzi w cen\u0119 skrzyd\u0142a) ( dokupi\u0107 nale\u017cy o\u015bcie\u017cnice bezprzylgow\u0105 do drzwi Kleopatra)<img loading=\"lazy\" decoding=\"async\" class=\"aligncenter size-full wp-image-6259\" src=\"https:\/\/drzwitarasy.pl\/wp-content\/uploads\/2025\/11\/plaster-miodu-nowy.jpg\" alt=\"\" width=\"319\" height=\"158\" srcset=\"https:\/\/drzwitarasy.pl\/wp-content\/uploads\/2025\/11\/plaster-miodu-nowy.jpg 319w, https:\/\/drzwitarasy.pl\/wp-content\/uploads\/2025\/11\/plaster-miodu-nowy-300x149.jpg 300w\" sizes=\"auto, (max-width: 319px) 100vw, 319px\" \/><\/li>\n<\/ul>\n<p><img loading=\"lazy\" decoding=\"async\" class=\"aligncenter size-full wp-image-6260\" src=\"https:\/\/drzwitarasy.pl\/wp-content\/uploads\/2025\/11\/kleo-bezprz-black-zam-oszcz.jpg\" alt=\"\" width=\"665\" height=\"1219\" srcset=\"https:\/\/drzwitarasy.pl\/wp-content\/uploads\/2025\/11\/kleo-bezprz-black-zam-oszcz.jpg 665w, https:\/\/drzwitarasy.pl\/wp-content\/uploads\/2025\/11\/kleo-bezprz-black-zam-oszcz-164x300.jpg 164w, https:\/\/drzwitarasy.pl\/wp-content\/uploads\/2025\/11\/kleo-bezprz-black-zam-oszcz-559x1024.jpg 559w, https:\/\/drzwitarasy.pl\/wp-content\/uploads\/2025\/11\/kleo-bezprz-black-zam-oszcz-300x550.jpg 300w, https:\/\/drzwitarasy.pl\/wp-content\/uploads\/2025\/11\/kleo-bezprz-black-zam-oszcz-600x1100.jpg 600w\" sizes=\"auto, (max-width: 665px) 100vw, 665px\" \/><\/p>\n<p>&nbsp;<\/p>\n<p>&nbsp;<\/p>\n<p>&nbsp;<\/p>\n<p>&nbsp;<\/p>\n<p><img loading=\"lazy\" decoding=\"async\" class=\"aligncenter size-full wp-image-2911\" src=\"https:\/\/drzwitarasy.pl\/wp-content\/uploads\/2023\/09\/plaster.jpg\" alt=\"\" width=\"983\" height=\"255\" srcset=\"https:\/\/drzwitarasy.pl\/wp-content\/uploads\/2023\/09\/plaster.jpg 983w, https:\/\/drzwitarasy.pl\/wp-content\/uploads\/2023\/09\/plaster-300x78.jpg 300w, https:\/\/drzwitarasy.pl\/wp-content\/uploads\/2023\/09\/plaster-600x156.jpg 600w, https:\/\/drzwitarasy.pl\/wp-content\/uploads\/2023\/09\/plaster-768x199.jpg 768w\" sizes=\"auto, (max-width: 983px) 100vw, 983px\" \/><\/p>\n<p><img loading=\"lazy\" decoding=\"async\" class=\"aligncenter size-full wp-image-4440\" src=\"https:\/\/drzwitarasy.pl\/wp-content\/uploads\/2024\/03\/IMG_2144.jpg\" alt=\"\" width=\"1206\" height=\"990\" srcset=\"https:\/\/drzwitarasy.pl\/wp-content\/uploads\/2024\/03\/IMG_2144.jpg 1206w, https:\/\/drzwitarasy.pl\/wp-content\/uploads\/2024\/03\/IMG_2144-300x246.jpg 300w, https:\/\/drzwitarasy.pl\/wp-content\/uploads\/2024\/03\/IMG_2144-600x493.jpg 600w, https:\/\/drzwitarasy.pl\/wp-content\/uploads\/2024\/03\/IMG_2144-1024x841.jpg 1024w, https:\/\/drzwitarasy.pl\/wp-content\/uploads\/2024\/03\/IMG_2144-768x630.jpg 768w\" sizes=\"auto, (max-width: 1206px) 100vw, 1206px\" \/><\/p>\n<p>&nbsp;<\/p>\n","protected":false},"excerpt":{"rendered":"<p>DRZWI KLEOPATRA BEZPRZYLGOWE CZARNE &#8211; PE\u0141NE SKRZYD\u0141O 80 prawe, ZAMEK OSZCZ\u0118DNO\u015aCIOWY. DRZWI MOG\u0104 POSIADA\u0106 DELIKATNE RYSKI NA OKLEINIE. Unikalna struktura folii\u00a0umo\u017cliwia odbijanie promieni s\u0142onecznych, co sprawia, \u017ce drzwi posiadaj\u0105 r\u00f3\u017cne odcienie w zale\u017cno\u015bci od pory dnia i nas\u0142onecznienia. Proponowany model to skrzyd\u0142o drzwiowe wykonane z ramy MDF wype\u0142nionej wk\u0142adem stabilizuj\u0105cym w postaci tzw. plastra miodu. [&hellip;]<\/p>\n","protected":false},"featured_media":6260,"template":"","meta":{"_acf_changed":false,"om_disable_all_campaigns":false,"_monsterinsights_skip_tracking":false,"_monsterinsights_sitenote_active":false,"_monsterinsights_sitenote_note":"","_monsterinsights_sitenote_category":0},"product_brand":[528],"product_cat":[354],"product_tag":[452,188,270,285,319,282,317,320,323,324,321,326,325,322,308,350,287,187,348,327,330,333,342,338,336,343,337,340,339,335,332,341,309,312,306,347,274,275,277,280,273,276,279,349,278,272,307,311,310,269,177,292,298,294,299,293,296,295,297,300,301,313,344,346,284,286,304,328,283,451,303,281,329,314,316,315,318,331,302,305,334,271,345,288,290,289,291],"class_list":{"0":"post-6258","1":"product","2":"type-product","3":"status-publish","4":"has-post-thumbnail","6":"product_brand-defendoor","7":"product_cat-outlet","8":"product_tag-abc","9":"product_tag-bezprzylgowe","10":"product_tag-castorama-drzwi-wewnetrzne","11":"product_tag-ciemne-drzwi-wewnetrzne","12":"product_tag-dre-drzwi-bezprzylgowe","13":"product_tag-drewniane-drzwi-wewnetrzne","14":"product_tag-drzwi-bezprzylgowe-co-to-znaczy","15":"product_tag-drzwi-bezprzylgowe-biale","16":"product_tag-drzwi-bezprzylgowe-castorama","17":"product_tag-drzwi-bezprzylgowe-leroy","18":"product_tag-drzwi-bezprzylgowe-oscieznica","19":"product_tag-drzwi-bezprzylgowe-z-oscieznica-cena","20":"product_tag-drzwi-bezprzylgowe-z-oscieznica-komplet","21":"product_tag-drzwi-bezprzylgowe-z-szyba","22":"product_tag-drzwi-drewniane-windoor","23":"product_tag-drzwi-loftowe-przesuwne","24":"product_tag-drzwi-nowoczesne-wewnetrzne","25":"product_tag-drzwi-od-reki","26":"product_tag-drzwi-prysznicowe-przesuwne","27":"product_tag-drzwi-przesuwne","28":"product_tag-drzwi-przesuwne-biale","29":"product_tag-drzwi-przesuwne-bricomarche","30":"product_tag-drzwi-przesuwne-castorama","31":"product_tag-drzwi-przesuwne-chowane-w-sciane","32":"product_tag-drzwi-przesuwne-do-lazienki","33":"product_tag-drzwi-przesuwne-ikea","34":"product_tag-drzwi-przesuwne-leroy-merlin","35":"product_tag-drzwi-przesuwne-na-wymiar","36":"product_tag-drzwi-przesuwne-nascienne","37":"product_tag-drzwi-przesuwne-oscieznica","38":"product_tag-drzwi-przesuwne-otwarte-teraz","39":"product_tag-drzwi-przesuwne-szklane","40":"product_tag-drzwi-przesuwne-windoor","41":"product_tag-drzwi-rozwierane-windoor","42":"product_tag-drzwi-rozwierane-windoor-80-cm","43":"product_tag-drzwi-tarasowe-przesuwne","44":"product_tag-drzwi-wewnetrzne-biale","45":"product_tag-drzwi-wewnetrzne-castorama","46":"product_tag-drzwi-wewnetrzne-cena","47":"product_tag-drzwi-wewnetrzne-czarne","48":"product_tag-drzwi-wewnetrzne-dre","49":"product_tag-drzwi-wewnetrzne-drewniane","50":"product_tag-drzwi-wewnetrzne-nowoczesne","51":"product_tag-drzwi-wewnetrzne-przesuwne","52":"product_tag-drzwi-wewnetrzne-szare","53":"product_tag-drzwi-wewnetrzne-szklane","54":"product_tag-drzwi-wewnetrzne-windoor","55":"product_tag-drzwi-wewnetrzne-windoor-castorama","56":"product_tag-drzwi-wewnetrzne-windoor-radom","57":"product_tag-drzwi-wewnetrzne-z-oscieznica","58":"product_tag-drzwi-windoor","59":"product_tag-drzwi-windoor-bricomarche","60":"product_tag-drzwi-windoor-castorama","61":"product_tag-drzwi-windoor-elegance","62":"product_tag-drzwi-windoor-elegance-opinie","63":"product_tag-drzwi-windoor-opinie","64":"product_tag-drzwi-windoor-orzech-north","65":"product_tag-drzwi-windoor-pegasus","66":"product_tag-drzwi-windoor-trame-orzech-north","67":"product_tag-drzwi-windoor-virgo-sonoma","68":"product_tag-drzwi-windoor-wymiary","69":"product_tag-drzwidladomu","70":"product_tag-ikea-drzwi-przesuwne","71":"product_tag-ikea-drzwi-przesuwne-pokojowe","72":"product_tag-jak-wstawic-drzwi-wewnetrzne","73":"product_tag-jakiej-firmy-drzwi-wewnetrzne-wybrac","74":"product_tag-katalog-drzwi-windoor","75":"product_tag-kompletny-zestaw","76":"product_tag-leroy-merlin-drzwi-wewnetrzne","77":"product_tag-link-def-bezprz","78":"product_tag-montaz-drzwi-windoor","79":"product_tag-nowoczesne-drzwi-wewnetrzne","80":"product_tag-obi-drzwi-przesuwne","81":"product_tag-oscieznica-regulowana","82":"product_tag-oscieznica-regulowana-a-stala","83":"product_tag-oscieznica-regulowana-montaz","84":"product_tag-porta-drzwi-bezprzylgowe","85":"product_tag-porta-drzwi-przesuwne","86":"product_tag-producent-drzwi-windoor","87":"product_tag-producent-drzwi-windoor-opinie","88":"product_tag-system-drzwi-przesuwnych","89":"product_tag-tanie-drzwi-pokojowe","90":"product_tag-tanie-drzwi-przesuwne-nascienne","91":"product_tag-windoor-drzwi-castorama","92":"product_tag-windoor-drzwi-cennik","93":"product_tag-windoor-drzwi-opinie","94":"product_tag-windoor-sklep","95":"product_shipping_class-drzwi-od-reki","97":"first","98":"instock","99":"sale","100":"featured","101":"shipping-taxable","102":"purchasable","103":"product-type-simple","104":"add-to-wishlist-after_add_to_cart"},"acf":[],"aioseo_notices":[],"jetpack_sharing_enabled":true,"_links":{"self":[{"href":"https:\/\/drzwitarasy.pl\/index.php?rest_route=\/wp\/v2\/product\/6258","targetHints":{"allow":["GET"]}}],"collection":[{"href":"https:\/\/drzwitarasy.pl\/index.php?rest_route=\/wp\/v2\/product"}],"about":[{"href":"https:\/\/drzwitarasy.pl\/index.php?rest_route=\/wp\/v2\/types\/product"}],"wp:featuredmedia":[{"embeddable":true,"href":"https:\/\/drzwitarasy.pl\/index.php?rest_route=\/wp\/v2\/media\/6260"}],"wp:attachment":[{"href":"https:\/\/drzwitarasy.pl\/index.php?rest_route=%2Fwp%2Fv2%2Fmedia&parent=6258"}],"wp:term":[{"taxonomy":"product_brand","embeddable":true,"href":"https:\/\/drzwitarasy.pl\/index.php?rest_route=%2Fwp%2Fv2%2Fproduct_brand&post=6258"},{"taxonomy":"product_cat","embeddable":true,"href":"https:\/\/drzwitarasy.pl\/index.php?rest_route=%2Fwp%2Fv2%2Fproduct_cat&post=6258"},{"taxonomy":"product_tag","embeddable":true,"href":"https:\/\/drzwitarasy.pl\/index.php?rest_route=%2Fwp%2Fv2%2Fproduct_tag&post=6258"}],"curies":[{"name":"wp","href":"https:\/\/api.w.org\/{rel}","templated":true}]}}