{"id":6009,"date":"2024-06-26T04:32:10","date_gmt":"2024-06-26T02:32:10","guid":{"rendered":"https:\/\/drzwitarasy.pl\/?post_type=product&#038;p=6009"},"modified":"2026-02-08T20:43:32","modified_gmt":"2026-02-08T19:43:32","slug":"canis-drzwi-biale-pelne-dostepne-od-reki","status":"publish","type":"product","link":"https:\/\/drzwitarasy.pl\/?product=canis-drzwi-biale-pelne-dostepne-od-reki","title":{"rendered":"Canis drzwi bia\u0142e pe\u0142ne od r\u0119ki dost\u0119pne"},"content":{"rendered":"<p>&nbsp;<\/p>\n<p><img loading=\"lazy\" decoding=\"async\" class=\"aligncenter size-full wp-image-5927\" src=\"https:\/\/drzwitarasy.pl\/wp-content\/uploads\/2019\/08\/CANIS-WIZUAL.jpg\" alt=\"\" width=\"1096\" height=\"1249\" srcset=\"https:\/\/drzwitarasy.pl\/wp-content\/uploads\/2019\/08\/CANIS-WIZUAL.jpg 1096w, https:\/\/drzwitarasy.pl\/wp-content\/uploads\/2019\/08\/CANIS-WIZUAL-300x342.jpg 300w, https:\/\/drzwitarasy.pl\/wp-content\/uploads\/2019\/08\/CANIS-WIZUAL-600x684.jpg 600w, https:\/\/drzwitarasy.pl\/wp-content\/uploads\/2019\/08\/CANIS-WIZUAL-263x300.jpg 263w, https:\/\/drzwitarasy.pl\/wp-content\/uploads\/2019\/08\/CANIS-WIZUAL-899x1024.jpg 899w, https:\/\/drzwitarasy.pl\/wp-content\/uploads\/2019\/08\/CANIS-WIZUAL-768x875.jpg 768w\" sizes=\"auto, (max-width: 1096px) 100vw, 1096px\" \/><\/p>\n<p style=\"text-align: center;\"><strong>DRZWI DOST\u0118PNE OD R\u0118KI NA NASZYM MAGAZYNIE &#8211; SZYBKA DOSTAWA W CA\u0141YM KRAJU<\/strong><\/p>\n<p style=\"text-align: center;\">MODEL CANIS &#8211; DOST\u0118PNE R\u00d3WNIE\u017b O\u015aCIE\u017bNICE DO DRZWI ORAZ KLAMKI<\/p>\n<p style=\"text-align: center;\">Mamy przyjemno\u015b\u0107 przedstawi\u0107\u00a0<b>najnowsz\u0105 kolekcj\u0119<\/b> drzwi wewn\u0119trznych. Skrzyd\u0142a te pokryte s\u0105 oklein\u0105 finish w kolorze bia\u0142ym zapewniaj\u0105c\u0105 <b>wysokie walory estetyczne<\/b>, dzi\u0119ki kt\u00f3rym drzwi doskonale prezentuj\u0105 si\u0119 w Pa\u0144stwa domach.<\/p>\n<p style=\"text-align: center;\"><b>Unikalna struktura folii<\/b>\u00a0umo\u017cliwia odbijanie promieni s\u0142onecznych, co sprawia, \u017ce drzwi posiadaj\u0105 r\u00f3\u017cne odcienie w zale\u017cno\u015bci od pory dnia i nas\u0142onecznienia.<\/p>\n<p style=\"text-align: center;\">Proponowany model to skrzyd\u0142o drzwiowe wykonane z ramy MDF wype\u0142nionej wk\u0142adem stabilizuj\u0105cym w postaci tzw. plastra miodu. Rama wraz z wype\u0142nieniem jest dwustronnie ob\u0142o\u017cona p\u0142yt\u0105 HDF i oklejona Finish Foli\u0105 w kolorze bia\u0142ym.<\/p>\n<p>&nbsp;<\/p>\n<p><img loading=\"lazy\" decoding=\"async\" class=\"aligncenter size-full wp-image-6010\" src=\"https:\/\/drzwitarasy.pl\/wp-content\/uploads\/2025\/09\/CANIS-BIALE.jpg\" alt=\"\" width=\"650\" height=\"1024\" srcset=\"https:\/\/drzwitarasy.pl\/wp-content\/uploads\/2025\/09\/CANIS-BIALE.jpg 650w, https:\/\/drzwitarasy.pl\/wp-content\/uploads\/2025\/09\/CANIS-BIALE-300x473.jpg 300w, https:\/\/drzwitarasy.pl\/wp-content\/uploads\/2025\/09\/CANIS-BIALE-600x945.jpg 600w, https:\/\/drzwitarasy.pl\/wp-content\/uploads\/2025\/09\/CANIS-BIALE-190x300.jpg 190w\" sizes=\"auto, (max-width: 650px) 100vw, 650px\" \/><\/p>\n<p><img loading=\"lazy\" decoding=\"async\" class=\"aligncenter size-full wp-image-6011\" src=\"https:\/\/drzwitarasy.pl\/wp-content\/uploads\/2025\/09\/kolor-bialy-kolory.jpg\" alt=\"\" width=\"422\" height=\"292\" srcset=\"https:\/\/drzwitarasy.pl\/wp-content\/uploads\/2025\/09\/kolor-bialy-kolory.jpg 422w, https:\/\/drzwitarasy.pl\/wp-content\/uploads\/2025\/09\/kolor-bialy-kolory-300x208.jpg 300w\" sizes=\"auto, (max-width: 422px) 100vw, 422px\" \/><\/p>\n<p>&nbsp;<\/p>\n<h1><\/h1>\n<p><img loading=\"lazy\" decoding=\"async\" class=\"aligncenter size-full wp-image-6012\" src=\"https:\/\/drzwitarasy.pl\/wp-content\/uploads\/2025\/09\/plaster-miodu-nowy.jpg\" alt=\"\" width=\"319\" height=\"158\" srcset=\"https:\/\/drzwitarasy.pl\/wp-content\/uploads\/2025\/09\/plaster-miodu-nowy.jpg 319w, https:\/\/drzwitarasy.pl\/wp-content\/uploads\/2025\/09\/plaster-miodu-nowy-300x149.jpg 300w\" sizes=\"auto, (max-width: 319px) 100vw, 319px\" \/><\/p>\n<p><img loading=\"lazy\" decoding=\"async\" class=\"aligncenter size-full wp-image-6013\" src=\"https:\/\/drzwitarasy.pl\/wp-content\/uploads\/2025\/09\/canis-BIALy-ze-stala.jpg\" alt=\"\" width=\"1659\" height=\"1673\" srcset=\"https:\/\/drzwitarasy.pl\/wp-content\/uploads\/2025\/09\/canis-BIALy-ze-stala.jpg 1659w, https:\/\/drzwitarasy.pl\/wp-content\/uploads\/2025\/09\/canis-BIALy-ze-stala-300x303.jpg 300w, https:\/\/drzwitarasy.pl\/wp-content\/uploads\/2025\/09\/canis-BIALy-ze-stala-100x100.jpg 100w, https:\/\/drzwitarasy.pl\/wp-content\/uploads\/2025\/09\/canis-BIALy-ze-stala-600x605.jpg 600w, https:\/\/drzwitarasy.pl\/wp-content\/uploads\/2025\/09\/canis-BIALy-ze-stala-297x300.jpg 297w, https:\/\/drzwitarasy.pl\/wp-content\/uploads\/2025\/09\/canis-BIALy-ze-stala-1015x1024.jpg 1015w, https:\/\/drzwitarasy.pl\/wp-content\/uploads\/2025\/09\/canis-BIALy-ze-stala-150x150.jpg 150w, https:\/\/drzwitarasy.pl\/wp-content\/uploads\/2025\/09\/canis-BIALy-ze-stala-768x774.jpg 768w, https:\/\/drzwitarasy.pl\/wp-content\/uploads\/2025\/09\/canis-BIALy-ze-stala-1523x1536.jpg 1523w, https:\/\/drzwitarasy.pl\/wp-content\/uploads\/2025\/09\/canis-BIALy-ze-stala-50x50.jpg 50w\" sizes=\"auto, (max-width: 1659px) 100vw, 1659px\" \/><\/p>\n<p><img loading=\"lazy\" decoding=\"async\" class=\"aligncenter size-full wp-image-4460\" src=\"https:\/\/drzwitarasy.pl\/wp-content\/uploads\/2024\/11\/KONTAKT-ok.jpg\" alt=\"\" width=\"1619\" height=\"1410\" srcset=\"https:\/\/drzwitarasy.pl\/wp-content\/uploads\/2024\/11\/KONTAKT-ok.jpg 1619w, https:\/\/drzwitarasy.pl\/wp-content\/uploads\/2024\/11\/KONTAKT-ok-300x261.jpg 300w, https:\/\/drzwitarasy.pl\/wp-content\/uploads\/2024\/11\/KONTAKT-ok-600x523.jpg 600w, https:\/\/drzwitarasy.pl\/wp-content\/uploads\/2024\/11\/KONTAKT-ok-1024x892.jpg 1024w, https:\/\/drzwitarasy.pl\/wp-content\/uploads\/2024\/11\/KONTAKT-ok-768x669.jpg 768w, https:\/\/drzwitarasy.pl\/wp-content\/uploads\/2024\/11\/KONTAKT-ok-1536x1338.jpg 1536w\" sizes=\"auto, (max-width: 1619px) 100vw, 1619px\" \/><\/p>\n<p>&nbsp;<\/p>\n<p><img loading=\"lazy\" decoding=\"async\" class=\"aligncenter size-full wp-image-5926\" src=\"https:\/\/drzwitarasy.pl\/wp-content\/uploads\/2022\/10\/canisy.jpg\" alt=\"\" width=\"2108\" height=\"2551\" srcset=\"https:\/\/drzwitarasy.pl\/wp-content\/uploads\/2022\/10\/canisy.jpg 2108w, https:\/\/drzwitarasy.pl\/wp-content\/uploads\/2022\/10\/canisy-300x363.jpg 300w, https:\/\/drzwitarasy.pl\/wp-content\/uploads\/2022\/10\/canisy-600x726.jpg 600w, https:\/\/drzwitarasy.pl\/wp-content\/uploads\/2022\/10\/canisy-248x300.jpg 248w, https:\/\/drzwitarasy.pl\/wp-content\/uploads\/2022\/10\/canisy-846x1024.jpg 846w, https:\/\/drzwitarasy.pl\/wp-content\/uploads\/2022\/10\/canisy-768x929.jpg 768w, https:\/\/drzwitarasy.pl\/wp-content\/uploads\/2022\/10\/canisy-1269x1536.jpg 1269w, https:\/\/drzwitarasy.pl\/wp-content\/uploads\/2022\/10\/canisy-1692x2048.jpg 1692w\" sizes=\"auto, (max-width: 2108px) 100vw, 2108px\" \/><\/p>\n<p>&nbsp;<\/p>\n","protected":false},"excerpt":{"rendered":"<p>&nbsp;<\/p>\n<ul>\n<li style=\"list-style-type: none;\">\n<ul>\n<li>2 srebrne zawiasy \u0142o\u017cyskowe<\/li>\n<\/ul>\n<\/li>\n<\/ul>\n<p>&nbsp;<\/p>\n<ul>\n<li style=\"list-style-type: none;\">\n<ul>\n<li>zamek: na klucz ( pe\u0142ne), na wk\u0142adk\u0119 patentow\u0105 (dodatkowa op\u0142ata) lub obrotowy (\u0142azienkowe)<\/li>\n<\/ul>\n<\/li>\n<\/ul>\n<p>&nbsp;<\/p>\n<ul>\n<li style=\"list-style-type: none;\">\n<ul>\n<li>klamka\/o\u015bcie\u017cnica za dodatkow\u0105 op\u0142at\u0105 (nie wchodzi w cen\u0119 skrzyd\u0142a)<\/li>\n<\/ul>\n<\/li>\n<\/ul>\n<p>&nbsp;<\/p>\n<p>DRZWI PRZYLGOWE<\/p>\n","protected":false},"featured_media":6010,"template":"","meta":{"_acf_changed":false,"_monsterinsights_skip_tracking":false,"_monsterinsights_sitenote_active":false,"_monsterinsights_sitenote_note":"","_monsterinsights_sitenote_category":0},"product_brand":[527],"product_cat":[532,112,22,516],"product_tag":[360,363,525,361,362],"class_list":{"0":"post-6009","1":"product","2":"type-product","3":"status-publish","4":"has-post-thumbnail","6":"product_brand-windoor","7":"product_cat-drzwi-od-reki-2","8":"product_cat-drzwi-od-reki","9":"product_cat-drzwi-standard","10":"product_cat-windoor","11":"product_tag-canis","12":"product_tag-drzwi-bezprzylgowe","13":"product_tag-drzwi-dostepne-na-magazynie","14":"product_tag-drzwi-inwestycyjne","15":"product_tag-drzwi-przylgowe","16":"product_shipping_class-drzwi-windoor","18":"first","19":"instock","20":"sale","21":"shipping-taxable","22":"purchasable","23":"product-type-simple","24":"add-to-wishlist-after_add_to_cart"},"acf":[],"aioseo_notices":[],"jetpack_sharing_enabled":true,"_links":{"self":[{"href":"https:\/\/drzwitarasy.pl\/index.php?rest_route=\/wp\/v2\/product\/6009","targetHints":{"allow":["GET"]}}],"collection":[{"href":"https:\/\/drzwitarasy.pl\/index.php?rest_route=\/wp\/v2\/product"}],"about":[{"href":"https:\/\/drzwitarasy.pl\/index.php?rest_route=\/wp\/v2\/types\/product"}],"wp:featuredmedia":[{"embeddable":true,"href":"https:\/\/drzwitarasy.pl\/index.php?rest_route=\/wp\/v2\/media\/6010"}],"wp:attachment":[{"href":"https:\/\/drzwitarasy.pl\/index.php?rest_route=%2Fwp%2Fv2%2Fmedia&parent=6009"}],"wp:term":[{"taxonomy":"product_brand","embeddable":true,"href":"https:\/\/drzwitarasy.pl\/index.php?rest_route=%2Fwp%2Fv2%2Fproduct_brand&post=6009"},{"taxonomy":"product_cat","embeddable":true,"href":"https:\/\/drzwitarasy.pl\/index.php?rest_route=%2Fwp%2Fv2%2Fproduct_cat&post=6009"},{"taxonomy":"product_tag","embeddable":true,"href":"https:\/\/drzwitarasy.pl\/index.php?rest_route=%2Fwp%2Fv2%2Fproduct_tag&post=6009"}],"curies":[{"name":"wp","href":"https:\/\/api.w.org\/{rel}","templated":true}]}}

Canis drzwi białe pełne od ręki dostępne

<p>&nbsp;</p>
<p><img loading="lazy" decoding="async" class="aligncenter size-full wp-image-5927" src="https://drzwitarasy.pl/wp-content/uploads/2019/08/CANIS-WIZUAL.jpg" alt="" width="1096" height="1249" srcset="https://drzwitarasy.pl/wp-content/uploads/2019/08/CANIS-WIZUAL.jpg 1096w, https://drzwitarasy.pl/wp-content/uploads/2019/08/CANIS-WIZUAL-300x342.jpg 300w, https://drzwitarasy.pl/wp-content/uploads/2019/08/CANIS-WIZUAL-600x684.jpg 600w, https://drzwitarasy.pl/wp-content/uploads/2019/08/CANIS-WIZUAL-263x300.jpg 263w, https://drzwitarasy.pl/wp-content/uploads/2019/08/CANIS-WIZUAL-899x1024.jpg 899w, https://drzwitarasy.pl/wp-content/uploads/2019/08/CANIS-WIZUAL-768x875.jpg 768w" sizes="auto, (max-width: 1096px) 100vw, 1096px" /></p>
<p style="text-align: center;"><strong>DRZWI DOSTĘPNE OD RĘKI NA NASZYM MAGAZYNIE &#8211; SZYBKA DOSTAWA W CAŁYM KRAJU</strong></p>
<p style="text-align: center;">MODEL CANIS &#8211; DOSTĘPNE RÓWNIEŻ OŚCIEŻNICE DO DRZWI ORAZ KLAMKI</p>
<p style="text-align: center;">Mamy przyjemność przedstawić <b>najnowszą kolekcję</b> drzwi wewnętrznych. Skrzydła te pokryte są okleiną finish w kolorze białym zapewniającą <b>wysokie walory estetyczne</b>, dzięki którym drzwi doskonale prezentują się w Państwa domach.</p>
<p style="text-align: center;"><b>Unikalna struktura folii</b> umożliwia odbijanie promieni słonecznych, co sprawia, że drzwi posiadają różne odcienie w zależności od pory dnia i nasłonecznienia.</p>
<p style="text-align: center;">Proponowany model to skrzydło drzwiowe wykonane z ramy MDF wypełnionej wkładem stabilizującym w postaci tzw. plastra miodu. Rama wraz z wypełnieniem jest dwustronnie obłożona płytą HDF i oklejona Finish Folią w kolorze białym.</p>
<p>&nbsp;</p>
<p><img loading="lazy" decoding="async" class="aligncenter size-full wp-image-6010" src="https://drzwitarasy.pl/wp-content/uploads/2025/09/CANIS-BIALE.jpg" alt="" width="650" height="1024" srcset="https://drzwitarasy.pl/wp-content/uploads/2025/09/CANIS-BIALE.jpg 650w, https://drzwitarasy.pl/wp-content/uploads/2025/09/CANIS-BIALE-300x473.jpg 300w, https://drzwitarasy.pl/wp-content/uploads/2025/09/CANIS-BIALE-600x945.jpg 600w, https://drzwitarasy.pl/wp-content/uploads/2025/09/CANIS-BIALE-190x300.jpg 190w" sizes="auto, (max-width: 650px) 100vw, 650px" /></p>
<p><img loading="lazy" decoding="async" class="aligncenter size-full wp-image-6011" src="https://drzwitarasy.pl/wp-content/uploads/2025/09/kolor-bialy-kolory.jpg" alt="" width="422" height="292" srcset="https://drzwitarasy.pl/wp-content/uploads/2025/09/kolor-bialy-kolory.jpg 422w, https://drzwitarasy.pl/wp-content/uploads/2025/09/kolor-bialy-kolory-300x208.jpg 300w" sizes="auto, (max-width: 422px) 100vw, 422px" /></p>
<p>&nbsp;</p>
<h1></h1>
<p><img loading="lazy" decoding="async" class="aligncenter size-full wp-image-6012" src="https://drzwitarasy.pl/wp-content/uploads/2025/09/plaster-miodu-nowy.jpg" alt="" width="319" height="158" srcset="https://drzwitarasy.pl/wp-content/uploads/2025/09/plaster-miodu-nowy.jpg 319w, https://drzwitarasy.pl/wp-content/uploads/2025/09/plaster-miodu-nowy-300x149.jpg 300w" sizes="auto, (max-width: 319px) 100vw, 319px" /></p>
<p><img loading="lazy" decoding="async" class="aligncenter size-full wp-image-6013" src="https://drzwitarasy.pl/wp-content/uploads/2025/09/canis-BIALy-ze-stala.jpg" alt="" width="1659" height="1673" srcset="https://drzwitarasy.pl/wp-content/uploads/2025/09/canis-BIALy-ze-stala.jpg 1659w, https://drzwitarasy.pl/wp-content/uploads/2025/09/canis-BIALy-ze-stala-300x303.jpg 300w, https://drzwitarasy.pl/wp-content/uploads/2025/09/canis-BIALy-ze-stala-100x100.jpg 100w, https://drzwitarasy.pl/wp-content/uploads/2025/09/canis-BIALy-ze-stala-600x605.jpg 600w, https://drzwitarasy.pl/wp-content/uploads/2025/09/canis-BIALy-ze-stala-297x300.jpg 297w, https://drzwitarasy.pl/wp-content/uploads/2025/09/canis-BIALy-ze-stala-1015x1024.jpg 1015w, https://drzwitarasy.pl/wp-content/uploads/2025/09/canis-BIALy-ze-stala-150x150.jpg 150w, https://drzwitarasy.pl/wp-content/uploads/2025/09/canis-BIALy-ze-stala-768x774.jpg 768w, https://drzwitarasy.pl/wp-content/uploads/2025/09/canis-BIALy-ze-stala-1523x1536.jpg 1523w, https://drzwitarasy.pl/wp-content/uploads/2025/09/canis-BIALy-ze-stala-50x50.jpg 50w" sizes="auto, (max-width: 1659px) 100vw, 1659px" /></p>
<p><img loading="lazy" decoding="async" class="aligncenter size-full wp-image-4460" src="https://drzwitarasy.pl/wp-content/uploads/2024/11/KONTAKT-ok.jpg" alt="" width="1619" height="1410" srcset="https://drzwitarasy.pl/wp-content/uploads/2024/11/KONTAKT-ok.jpg 1619w, https://drzwitarasy.pl/wp-content/uploads/2024/11/KONTAKT-ok-300x261.jpg 300w, https://drzwitarasy.pl/wp-content/uploads/2024/11/KONTAKT-ok-600x523.jpg 600w, https://drzwitarasy.pl/wp-content/uploads/2024/11/KONTAKT-ok-1024x892.jpg 1024w, https://drzwitarasy.pl/wp-content/uploads/2024/11/KONTAKT-ok-768x669.jpg 768w, https://drzwitarasy.pl/wp-content/uploads/2024/11/KONTAKT-ok-1536x1338.jpg 1536w" sizes="auto, (max-width: 1619px) 100vw, 1619px" /></p>
<p>&nbsp;</p>
<p><img loading="lazy" decoding="async" class="aligncenter size-full wp-image-5926" src="https://drzwitarasy.pl/wp-content/uploads/2022/10/canisy.jpg" alt="" width="2108" height="2551" srcset="https://drzwitarasy.pl/wp-content/uploads/2022/10/canisy.jpg 2108w, https://drzwitarasy.pl/wp-content/uploads/2022/10/canisy-300x363.jpg 300w, https://drzwitarasy.pl/wp-content/uploads/2022/10/canisy-600x726.jpg 600w, https://drzwitarasy.pl/wp-content/uploads/2022/10/canisy-248x300.jpg 248w, https://drzwitarasy.pl/wp-content/uploads/2022/10/canisy-846x1024.jpg 846w, https://drzwitarasy.pl/wp-content/uploads/2022/10/canisy-768x929.jpg 768w, https://drzwitarasy.pl/wp-content/uploads/2022/10/canisy-1269x1536.jpg 1269w, https://drzwitarasy.pl/wp-content/uploads/2022/10/canisy-1692x2048.jpg 1692w" sizes="auto, (max-width: 2108px) 100vw, 2108px" /></p>
<p>&nbsp;</p>

<p>&nbsp;</p>
<ul>
<li style="list-style-type: none;">
<ul>
<li>2 srebrne zawiasy łożyskowe</li>
</ul>
</li>
</ul>
<p>&nbsp;</p>
<ul>
<li style="list-style-type: none;">
<ul>
<li>zamek: na klucz ( pełne), na wkładkę patentową (dodatkowa opłata) lub obrotowy (łazienkowe)</li>
</ul>
</li>
</ul>
<p>&nbsp;</p>
<ul>
<li style="list-style-type: none;">
<ul>
<li>klamka/ościeżnica za dodatkową opłatą (nie wchodzi w cenę skrzydła)</li>
</ul>
</li>
</ul>
<p>&nbsp;</p>
<p>DRZWI PRZYLGOWE</p>
