{"id":4103,"date":"2024-10-23T22:43:29","date_gmt":"2024-10-23T20:43:29","guid":{"rendered":"https:\/\/drzwitarasy.pl\/?post_type=product&#038;p=4103"},"modified":"2025-10-14T00:02:32","modified_gmt":"2025-10-13T22:02:32","slug":"zestaw-startstop-lamdeco-quattro-nero","status":"publish","type":"product","link":"https:\/\/drzwitarasy.pl\/?product=zestaw-startstop-lamdeco-quattro-nero","title":{"rendered":"Zestaw start+stop LAMDECO Quattro nero"},"content":{"rendered":"<h1><\/h1>\n<p>&nbsp;<\/p>\n<p><img loading=\"lazy\" decoding=\"async\" class=\"aligncenter size-large wp-image-4113\" src=\"https:\/\/drzwitarasy.pl\/wp-content\/uploads\/2024\/10\/start-stop-ok-2-483x1024.jpg\" alt=\"\" width=\"483\" height=\"1024\" srcset=\"https:\/\/drzwitarasy.pl\/wp-content\/uploads\/2024\/10\/start-stop-ok-2-483x1024.jpg 483w, https:\/\/drzwitarasy.pl\/wp-content\/uploads\/2024\/10\/start-stop-ok-2-300x637.jpg 300w, https:\/\/drzwitarasy.pl\/wp-content\/uploads\/2024\/10\/start-stop-ok-2-600x1273.jpg 600w, https:\/\/drzwitarasy.pl\/wp-content\/uploads\/2024\/10\/start-stop-ok-2-141x300.jpg 141w, https:\/\/drzwitarasy.pl\/wp-content\/uploads\/2024\/10\/start-stop-ok-2-768x1630.jpg 768w, https:\/\/drzwitarasy.pl\/wp-content\/uploads\/2024\/10\/start-stop-ok-2-724x1536.jpg 724w, https:\/\/drzwitarasy.pl\/wp-content\/uploads\/2024\/10\/start-stop-ok-2-965x2048.jpg 965w, https:\/\/drzwitarasy.pl\/wp-content\/uploads\/2024\/10\/start-stop-ok-2.jpg 984w\" sizes=\"auto, (max-width: 483px) 100vw, 483px\" \/><\/p>\n<p><img loading=\"lazy\" decoding=\"async\" class=\"alignnone wp-image-4112 size-medium\" src=\"https:\/\/drzwitarasy.pl\/wp-content\/uploads\/2024\/10\/quattro-nero-white-ss-585x1024-start-stop-171x300.jpg\" alt=\"\" width=\"171\" height=\"300\" srcset=\"https:\/\/drzwitarasy.pl\/wp-content\/uploads\/2024\/10\/quattro-nero-white-ss-585x1024-start-stop-171x300.jpg 171w, https:\/\/drzwitarasy.pl\/wp-content\/uploads\/2024\/10\/quattro-nero-white-ss-585x1024-start-stop-300x525.jpg 300w, https:\/\/drzwitarasy.pl\/wp-content\/uploads\/2024\/10\/quattro-nero-white-ss-585x1024-start-stop.jpg 585w\" sizes=\"auto, (max-width: 171px) 100vw, 171px\" \/><img loading=\"lazy\" decoding=\"async\" class=\"alignnone wp-image-4111 size-medium\" src=\"https:\/\/drzwitarasy.pl\/wp-content\/uploads\/2024\/10\/quattro-nero-northwalnut-ss-585x1024-start-stop-171x300.jpg\" alt=\"\" width=\"171\" height=\"300\" srcset=\"https:\/\/drzwitarasy.pl\/wp-content\/uploads\/2024\/10\/quattro-nero-northwalnut-ss-585x1024-start-stop-171x300.jpg 171w, https:\/\/drzwitarasy.pl\/wp-content\/uploads\/2024\/10\/quattro-nero-northwalnut-ss-585x1024-start-stop-300x525.jpg 300w, https:\/\/drzwitarasy.pl\/wp-content\/uploads\/2024\/10\/quattro-nero-northwalnut-ss-585x1024-start-stop.jpg 585w\" sizes=\"auto, (max-width: 171px) 100vw, 171px\" \/> <img loading=\"lazy\" decoding=\"async\" class=\"alignnone wp-image-4110 size-medium\" src=\"https:\/\/drzwitarasy.pl\/wp-content\/uploads\/2024\/10\/quattro-nero-gray-ss-585x1024-start-stop-171x300.jpg\" alt=\"\" width=\"171\" height=\"300\" srcset=\"https:\/\/drzwitarasy.pl\/wp-content\/uploads\/2024\/10\/quattro-nero-gray-ss-585x1024-start-stop-171x300.jpg 171w, https:\/\/drzwitarasy.pl\/wp-content\/uploads\/2024\/10\/quattro-nero-gray-ss-585x1024-start-stop-300x525.jpg 300w, https:\/\/drzwitarasy.pl\/wp-content\/uploads\/2024\/10\/quattro-nero-gray-ss-585x1024-start-stop.jpg 585w\" sizes=\"auto, (max-width: 171px) 100vw, 171px\" \/> <img loading=\"lazy\" decoding=\"async\" class=\"alignnone wp-image-4109 size-medium\" src=\"https:\/\/drzwitarasy.pl\/wp-content\/uploads\/2024\/10\/quattro-nero-black-ss-585x1024-start-stop-171x300.jpg\" alt=\"\" width=\"171\" height=\"300\" srcset=\"https:\/\/drzwitarasy.pl\/wp-content\/uploads\/2024\/10\/quattro-nero-black-ss-585x1024-start-stop-171x300.jpg 171w, https:\/\/drzwitarasy.pl\/wp-content\/uploads\/2024\/10\/quattro-nero-black-ss-585x1024-start-stop-300x525.jpg 300w, https:\/\/drzwitarasy.pl\/wp-content\/uploads\/2024\/10\/quattro-nero-black-ss-585x1024-start-stop.jpg 585w\" sizes=\"auto, (max-width: 171px) 100vw, 171px\" \/> <img loading=\"lazy\" decoding=\"async\" class=\"alignleft wp-image-4097 size-medium\" src=\"https:\/\/drzwitarasy.pl\/wp-content\/uploads\/2024\/10\/quattro-nero-mountainoak-ss-585x1024-start-stop-171x300.jpg\" alt=\"\" width=\"171\" height=\"300\" srcset=\"https:\/\/drzwitarasy.pl\/wp-content\/uploads\/2024\/10\/quattro-nero-mountainoak-ss-585x1024-start-stop-171x300.jpg 171w, https:\/\/drzwitarasy.pl\/wp-content\/uploads\/2024\/10\/quattro-nero-mountainoak-ss-585x1024-start-stop-300x525.jpg 300w, https:\/\/drzwitarasy.pl\/wp-content\/uploads\/2024\/10\/quattro-nero-mountainoak-ss-585x1024-start-stop.jpg 585w\" sizes=\"auto, (max-width: 171px) 100vw, 171px\" \/><\/p>\n<p>&nbsp;<\/p>\n<p>&nbsp;<\/p>\n<p>&nbsp;<\/p>\n<p>&nbsp;<\/p>\n<h1><\/h1>\n<h1 class=\"product_title entry-title\">Zestaw start+stop LAMDECO Quattro nero &#8211; na czarnej p\u0142ycie.<\/h1>\n<h1 class=\"product_title entry-title\"><\/h1>\n<p>Panele lamelowe\u00a0<b>LAMDECO\u00a0<\/b>to funkcjonalne rozwi\u0105zanie, kt\u00f3re dodaje charakteru i stylu ka\u017cdemu pomieszczeniu. Lamele dekoracyjne wykonane z wysokiej jako\u015bci materia\u0142u MDF, gwarantuj\u0105 nie tylko estetyczny wygl\u0105d, nowoczesny design, ale tak\u017ce praktyczne korzy\u015bci wynikaj\u0105ce z prostoty monta\u017cu.<\/p>\n<p><img loading=\"lazy\" decoding=\"async\" class=\"aligncenter size-large wp-image-4024\" src=\"https:\/\/drzwitarasy.pl\/wp-content\/uploads\/2024\/10\/KOLORY-LAMELI-Z-OPISAMI-5SZT-1024x400.jpg\" alt=\"\" width=\"640\" height=\"250\" srcset=\"https:\/\/drzwitarasy.pl\/wp-content\/uploads\/2024\/10\/KOLORY-LAMELI-Z-OPISAMI-5SZT-1024x400.jpg 1024w, https:\/\/drzwitarasy.pl\/wp-content\/uploads\/2024\/10\/KOLORY-LAMELI-Z-OPISAMI-5SZT-300x117.jpg 300w, https:\/\/drzwitarasy.pl\/wp-content\/uploads\/2024\/10\/KOLORY-LAMELI-Z-OPISAMI-5SZT-600x234.jpg 600w, https:\/\/drzwitarasy.pl\/wp-content\/uploads\/2024\/10\/KOLORY-LAMELI-Z-OPISAMI-5SZT-768x300.jpg 768w, https:\/\/drzwitarasy.pl\/wp-content\/uploads\/2024\/10\/KOLORY-LAMELI-Z-OPISAMI-5SZT.jpg 1027w\" sizes=\"auto, (max-width: 640px) 100vw, 640px\" \/><\/p>\n<p><img loading=\"lazy\" decoding=\"async\" class=\"aligncenter size-large wp-image-4096\" src=\"https:\/\/drzwitarasy.pl\/wp-content\/uploads\/2024\/10\/quattro-nero-mountainoak-585x1024-1.jpg\" alt=\"\" width=\"585\" height=\"1024\" srcset=\"https:\/\/drzwitarasy.pl\/wp-content\/uploads\/2024\/10\/quattro-nero-mountainoak-585x1024-1.jpg 585w, https:\/\/drzwitarasy.pl\/wp-content\/uploads\/2024\/10\/quattro-nero-mountainoak-585x1024-1-300x525.jpg 300w, https:\/\/drzwitarasy.pl\/wp-content\/uploads\/2024\/10\/quattro-nero-mountainoak-585x1024-1-171x300.jpg 171w\" sizes=\"auto, (max-width: 585px) 100vw, 585px\" \/> <img loading=\"lazy\" decoding=\"async\" class=\"aligncenter size-large wp-image-4097\" src=\"https:\/\/drzwitarasy.pl\/wp-content\/uploads\/2024\/10\/quattro-nero-mountainoak-ss-585x1024-start-stop.jpg\" alt=\"\" width=\"585\" height=\"1024\" srcset=\"https:\/\/drzwitarasy.pl\/wp-content\/uploads\/2024\/10\/quattro-nero-mountainoak-ss-585x1024-start-stop.jpg 585w, https:\/\/drzwitarasy.pl\/wp-content\/uploads\/2024\/10\/quattro-nero-mountainoak-ss-585x1024-start-stop-300x525.jpg 300w, https:\/\/drzwitarasy.pl\/wp-content\/uploads\/2024\/10\/quattro-nero-mountainoak-ss-585x1024-start-stop-171x300.jpg 171w\" sizes=\"auto, (max-width: 585px) 100vw, 585px\" \/> <img loading=\"lazy\" decoding=\"async\" class=\"aligncenter size-large wp-image-4100\" src=\"https:\/\/drzwitarasy.pl\/wp-content\/uploads\/2024\/10\/start-stop-ok-1-483x1024.jpg\" alt=\"\" width=\"483\" height=\"1024\" srcset=\"https:\/\/drzwitarasy.pl\/wp-content\/uploads\/2024\/10\/start-stop-ok-1-483x1024.jpg 483w, https:\/\/drzwitarasy.pl\/wp-content\/uploads\/2024\/10\/start-stop-ok-1-300x637.jpg 300w, https:\/\/drzwitarasy.pl\/wp-content\/uploads\/2024\/10\/start-stop-ok-1-600x1273.jpg 600w, https:\/\/drzwitarasy.pl\/wp-content\/uploads\/2024\/10\/start-stop-ok-1-141x300.jpg 141w, https:\/\/drzwitarasy.pl\/wp-content\/uploads\/2024\/10\/start-stop-ok-1-768x1630.jpg 768w, https:\/\/drzwitarasy.pl\/wp-content\/uploads\/2024\/10\/start-stop-ok-1-724x1536.jpg 724w, https:\/\/drzwitarasy.pl\/wp-content\/uploads\/2024\/10\/start-stop-ok-1-965x2048.jpg 965w, https:\/\/drzwitarasy.pl\/wp-content\/uploads\/2024\/10\/start-stop-ok-1.jpg 984w\" sizes=\"auto, (max-width: 483px) 100vw, 483px\" \/> <img loading=\"lazy\" decoding=\"async\" class=\"aligncenter size-large wp-image-4101\" src=\"https:\/\/drzwitarasy.pl\/wp-content\/uploads\/2024\/10\/wymiary-quatro-1-1024x710.jpg\" alt=\"\" width=\"640\" height=\"444\" srcset=\"https:\/\/drzwitarasy.pl\/wp-content\/uploads\/2024\/10\/wymiary-quatro-1-1024x710.jpg 1024w, https:\/\/drzwitarasy.pl\/wp-content\/uploads\/2024\/10\/wymiary-quatro-1-300x208.jpg 300w, https:\/\/drzwitarasy.pl\/wp-content\/uploads\/2024\/10\/wymiary-quatro-1-600x416.jpg 600w, https:\/\/drzwitarasy.pl\/wp-content\/uploads\/2024\/10\/wymiary-quatro-1-768x532.jpg 768w, https:\/\/drzwitarasy.pl\/wp-content\/uploads\/2024\/10\/wymiary-quatro-1-220x154.jpg 220w, https:\/\/drzwitarasy.pl\/wp-content\/uploads\/2024\/10\/wymiary-quatro-1.jpg 1170w\" sizes=\"auto, (max-width: 640px) 100vw, 640px\" \/><\/p>\n<p><img loading=\"lazy\" decoding=\"async\" class=\"aligncenter size-large wp-image-4114\" src=\"https:\/\/drzwitarasy.pl\/wp-content\/uploads\/2024\/10\/quattro-lamdeco-rys-tech-2048x820-wymiarrrry-1024x410.jpg\" alt=\"\" width=\"640\" height=\"256\" srcset=\"https:\/\/drzwitarasy.pl\/wp-content\/uploads\/2024\/10\/quattro-lamdeco-rys-tech-2048x820-wymiarrrry-1024x410.jpg 1024w, https:\/\/drzwitarasy.pl\/wp-content\/uploads\/2024\/10\/quattro-lamdeco-rys-tech-2048x820-wymiarrrry-300x120.jpg 300w, https:\/\/drzwitarasy.pl\/wp-content\/uploads\/2024\/10\/quattro-lamdeco-rys-tech-2048x820-wymiarrrry-600x240.jpg 600w, https:\/\/drzwitarasy.pl\/wp-content\/uploads\/2024\/10\/quattro-lamdeco-rys-tech-2048x820-wymiarrrry-768x308.jpg 768w, https:\/\/drzwitarasy.pl\/wp-content\/uploads\/2024\/10\/quattro-lamdeco-rys-tech-2048x820-wymiarrrry-1536x615.jpg 1536w, https:\/\/drzwitarasy.pl\/wp-content\/uploads\/2024\/10\/quattro-lamdeco-rys-tech-2048x820-wymiarrrry.jpg 2048w\" sizes=\"auto, (max-width: 640px) 100vw, 640px\" \/><\/p>\n","protected":false},"excerpt":{"rendered":"<p>&nbsp; &nbsp; &nbsp; &nbsp; &nbsp; Zestaw start+stop LAMDECO Quattro nero &#8211; na czarnej p\u0142ycie. Panele lamelowe\u00a0LAMDECO\u00a0to funkcjonalne rozwi\u0105zanie, kt\u00f3re dodaje charakteru i stylu ka\u017cdemu pomieszczeniu. Lamele dekoracyjne wykonane z wysokiej jako\u015bci materia\u0142u MDF, gwarantuj\u0105 nie tylko estetyczny wygl\u0105d, nowoczesny design, ale tak\u017ce praktyczne korzy\u015bci wynikaj\u0105ce z prostoty monta\u017cu.<\/p>\n","protected":false},"featured_media":4097,"template":"","meta":{"_acf_changed":false,"_monsterinsights_skip_tracking":false,"_monsterinsights_sitenote_active":false,"_monsterinsights_sitenote_note":"","_monsterinsights_sitenote_category":0},"product_brand":[527],"product_cat":[397,390],"product_tag":[405,400,398,403,404,173],"class_list":{"0":"post-4103","1":"product","2":"type-product","3":"status-publish","4":"has-post-thumbnail","6":"product_brand-windoor","7":"product_cat-lamdeco_quattro","8":"product_cat-lamele","9":"product_tag-koncowy","10":"product_tag-lamele","11":"product_tag-lamele-scienne","12":"product_tag-quattro-nero","13":"product_tag-startowy","14":"product_tag-windoor","16":"first","17":"instock","18":"sale","19":"shipping-taxable","20":"purchasable","21":"product-type-variable","22":"add-to-wishlist-after_add_to_cart"},"acf":[],"aioseo_notices":[],"jetpack_sharing_enabled":true,"_links":{"self":[{"href":"https:\/\/drzwitarasy.pl\/index.php?rest_route=\/wp\/v2\/product\/4103","targetHints":{"allow":["GET"]}}],"collection":[{"href":"https:\/\/drzwitarasy.pl\/index.php?rest_route=\/wp\/v2\/product"}],"about":[{"href":"https:\/\/drzwitarasy.pl\/index.php?rest_route=\/wp\/v2\/types\/product"}],"wp:featuredmedia":[{"embeddable":true,"href":"https:\/\/drzwitarasy.pl\/index.php?rest_route=\/wp\/v2\/media\/4097"}],"wp:attachment":[{"href":"https:\/\/drzwitarasy.pl\/index.php?rest_route=%2Fwp%2Fv2%2Fmedia&parent=4103"}],"wp:term":[{"taxonomy":"product_brand","embeddable":true,"href":"https:\/\/drzwitarasy.pl\/index.php?rest_route=%2Fwp%2Fv2%2Fproduct_brand&post=4103"},{"taxonomy":"product_cat","embeddable":true,"href":"https:\/\/drzwitarasy.pl\/index.php?rest_route=%2Fwp%2Fv2%2Fproduct_cat&post=4103"},{"taxonomy":"product_tag","embeddable":true,"href":"https:\/\/drzwitarasy.pl\/index.php?rest_route=%2Fwp%2Fv2%2Fproduct_tag&post=4103"}],"curies":[{"name":"wp","href":"https:\/\/api.w.org\/{rel}","templated":true}]}}

<h1></h1>
<p>&nbsp;</p>
<p><img loading="lazy" decoding="async" class="aligncenter size-large wp-image-4113" src="https://drzwitarasy.pl/wp-content/uploads/2024/10/start-stop-ok-2-483x1024.jpg" alt="" width="483" height="1024" srcset="https://drzwitarasy.pl/wp-content/uploads/2024/10/start-stop-ok-2-483x1024.jpg 483w, https://drzwitarasy.pl/wp-content/uploads/2024/10/start-stop-ok-2-300x637.jpg 300w, https://drzwitarasy.pl/wp-content/uploads/2024/10/start-stop-ok-2-600x1273.jpg 600w, https://drzwitarasy.pl/wp-content/uploads/2024/10/start-stop-ok-2-141x300.jpg 141w, https://drzwitarasy.pl/wp-content/uploads/2024/10/start-stop-ok-2-768x1630.jpg 768w, https://drzwitarasy.pl/wp-content/uploads/2024/10/start-stop-ok-2-724x1536.jpg 724w, https://drzwitarasy.pl/wp-content/uploads/2024/10/start-stop-ok-2-965x2048.jpg 965w, https://drzwitarasy.pl/wp-content/uploads/2024/10/start-stop-ok-2.jpg 984w" sizes="auto, (max-width: 483px) 100vw, 483px" /></p>
<p><img loading="lazy" decoding="async" class="alignnone wp-image-4112 size-medium" src="https://drzwitarasy.pl/wp-content/uploads/2024/10/quattro-nero-white-ss-585x1024-start-stop-171x300.jpg" alt="" width="171" height="300" srcset="https://drzwitarasy.pl/wp-content/uploads/2024/10/quattro-nero-white-ss-585x1024-start-stop-171x300.jpg 171w, https://drzwitarasy.pl/wp-content/uploads/2024/10/quattro-nero-white-ss-585x1024-start-stop-300x525.jpg 300w, https://drzwitarasy.pl/wp-content/uploads/2024/10/quattro-nero-white-ss-585x1024-start-stop.jpg 585w" sizes="auto, (max-width: 171px) 100vw, 171px" /><img loading="lazy" decoding="async" class="alignnone wp-image-4111 size-medium" src="https://drzwitarasy.pl/wp-content/uploads/2024/10/quattro-nero-northwalnut-ss-585x1024-start-stop-171x300.jpg" alt="" width="171" height="300" srcset="https://drzwitarasy.pl/wp-content/uploads/2024/10/quattro-nero-northwalnut-ss-585x1024-start-stop-171x300.jpg 171w, https://drzwitarasy.pl/wp-content/uploads/2024/10/quattro-nero-northwalnut-ss-585x1024-start-stop-300x525.jpg 300w, https://drzwitarasy.pl/wp-content/uploads/2024/10/quattro-nero-northwalnut-ss-585x1024-start-stop.jpg 585w" sizes="auto, (max-width: 171px) 100vw, 171px" /> <img loading="lazy" decoding="async" class="alignnone wp-image-4110 size-medium" src="https://drzwitarasy.pl/wp-content/uploads/2024/10/quattro-nero-gray-ss-585x1024-start-stop-171x300.jpg" alt="" width="171" height="300" srcset="https://drzwitarasy.pl/wp-content/uploads/2024/10/quattro-nero-gray-ss-585x1024-start-stop-171x300.jpg 171w, https://drzwitarasy.pl/wp-content/uploads/2024/10/quattro-nero-gray-ss-585x1024-start-stop-300x525.jpg 300w, https://drzwitarasy.pl/wp-content/uploads/2024/10/quattro-nero-gray-ss-585x1024-start-stop.jpg 585w" sizes="auto, (max-width: 171px) 100vw, 171px" /> <img loading="lazy" decoding="async" class="alignnone wp-image-4109 size-medium" src="https://drzwitarasy.pl/wp-content/uploads/2024/10/quattro-nero-black-ss-585x1024-start-stop-171x300.jpg" alt="" width="171" height="300" srcset="https://drzwitarasy.pl/wp-content/uploads/2024/10/quattro-nero-black-ss-585x1024-start-stop-171x300.jpg 171w, https://drzwitarasy.pl/wp-content/uploads/2024/10/quattro-nero-black-ss-585x1024-start-stop-300x525.jpg 300w, https://drzwitarasy.pl/wp-content/uploads/2024/10/quattro-nero-black-ss-585x1024-start-stop.jpg 585w" sizes="auto, (max-width: 171px) 100vw, 171px" /> <img loading="lazy" decoding="async" class="alignleft wp-image-4097 size-medium" src="https://drzwitarasy.pl/wp-content/uploads/2024/10/quattro-nero-mountainoak-ss-585x1024-start-stop-171x300.jpg" alt="" width="171" height="300" srcset="https://drzwitarasy.pl/wp-content/uploads/2024/10/quattro-nero-mountainoak-ss-585x1024-start-stop-171x300.jpg 171w, https://drzwitarasy.pl/wp-content/uploads/2024/10/quattro-nero-mountainoak-ss-585x1024-start-stop-300x525.jpg 300w, https://drzwitarasy.pl/wp-content/uploads/2024/10/quattro-nero-mountainoak-ss-585x1024-start-stop.jpg 585w" sizes="auto, (max-width: 171px) 100vw, 171px" /></p>
<p>&nbsp;</p>
<p>&nbsp;</p>
<p>&nbsp;</p>
<p>&nbsp;</p>
<h1></h1>
<h1 class="product_title entry-title">Zestaw start+stop LAMDECO Quattro nero &#8211; na czarnej płycie.</h1>
<h1 class="product_title entry-title"></h1>
<p>Panele lamelowe <b>LAMDECO </b>to funkcjonalne rozwiązanie, które dodaje charakteru i stylu każdemu pomieszczeniu. Lamele dekoracyjne wykonane z wysokiej jakości materiału MDF, gwarantują nie tylko estetyczny wygląd, nowoczesny design, ale także praktyczne korzyści wynikające z prostoty montażu.</p>
<p><img loading="lazy" decoding="async" class="aligncenter size-large wp-image-4024" src="https://drzwitarasy.pl/wp-content/uploads/2024/10/KOLORY-LAMELI-Z-OPISAMI-5SZT-1024x400.jpg" alt="" width="640" height="250" srcset="https://drzwitarasy.pl/wp-content/uploads/2024/10/KOLORY-LAMELI-Z-OPISAMI-5SZT-1024x400.jpg 1024w, https://drzwitarasy.pl/wp-content/uploads/2024/10/KOLORY-LAMELI-Z-OPISAMI-5SZT-300x117.jpg 300w, https://drzwitarasy.pl/wp-content/uploads/2024/10/KOLORY-LAMELI-Z-OPISAMI-5SZT-600x234.jpg 600w, https://drzwitarasy.pl/wp-content/uploads/2024/10/KOLORY-LAMELI-Z-OPISAMI-5SZT-768x300.jpg 768w, https://drzwitarasy.pl/wp-content/uploads/2024/10/KOLORY-LAMELI-Z-OPISAMI-5SZT.jpg 1027w" sizes="auto, (max-width: 640px) 100vw, 640px" /></p>
<p><img loading="lazy" decoding="async" class="aligncenter size-large wp-image-4096" src="https://drzwitarasy.pl/wp-content/uploads/2024/10/quattro-nero-mountainoak-585x1024-1.jpg" alt="" width="585" height="1024" srcset="https://drzwitarasy.pl/wp-content/uploads/2024/10/quattro-nero-mountainoak-585x1024-1.jpg 585w, https://drzwitarasy.pl/wp-content/uploads/2024/10/quattro-nero-mountainoak-585x1024-1-300x525.jpg 300w, https://drzwitarasy.pl/wp-content/uploads/2024/10/quattro-nero-mountainoak-585x1024-1-171x300.jpg 171w" sizes="auto, (max-width: 585px) 100vw, 585px" /> <img loading="lazy" decoding="async" class="aligncenter size-large wp-image-4097" src="https://drzwitarasy.pl/wp-content/uploads/2024/10/quattro-nero-mountainoak-ss-585x1024-start-stop.jpg" alt="" width="585" height="1024" srcset="https://drzwitarasy.pl/wp-content/uploads/2024/10/quattro-nero-mountainoak-ss-585x1024-start-stop.jpg 585w, https://drzwitarasy.pl/wp-content/uploads/2024/10/quattro-nero-mountainoak-ss-585x1024-start-stop-300x525.jpg 300w, https://drzwitarasy.pl/wp-content/uploads/2024/10/quattro-nero-mountainoak-ss-585x1024-start-stop-171x300.jpg 171w" sizes="auto, (max-width: 585px) 100vw, 585px" /> <img loading="lazy" decoding="async" class="aligncenter size-large wp-image-4100" src="https://drzwitarasy.pl/wp-content/uploads/2024/10/start-stop-ok-1-483x1024.jpg" alt="" width="483" height="1024" srcset="https://drzwitarasy.pl/wp-content/uploads/2024/10/start-stop-ok-1-483x1024.jpg 483w, https://drzwitarasy.pl/wp-content/uploads/2024/10/start-stop-ok-1-300x637.jpg 300w, https://drzwitarasy.pl/wp-content/uploads/2024/10/start-stop-ok-1-600x1273.jpg 600w, https://drzwitarasy.pl/wp-content/uploads/2024/10/start-stop-ok-1-141x300.jpg 141w, https://drzwitarasy.pl/wp-content/uploads/2024/10/start-stop-ok-1-768x1630.jpg 768w, https://drzwitarasy.pl/wp-content/uploads/2024/10/start-stop-ok-1-724x1536.jpg 724w, https://drzwitarasy.pl/wp-content/uploads/2024/10/start-stop-ok-1-965x2048.jpg 965w, https://drzwitarasy.pl/wp-content/uploads/2024/10/start-stop-ok-1.jpg 984w" sizes="auto, (max-width: 483px) 100vw, 483px" /> <img loading="lazy" decoding="async" class="aligncenter size-large wp-image-4101" src="https://drzwitarasy.pl/wp-content/uploads/2024/10/wymiary-quatro-1-1024x710.jpg" alt="" width="640" height="444" srcset="https://drzwitarasy.pl/wp-content/uploads/2024/10/wymiary-quatro-1-1024x710.jpg 1024w, https://drzwitarasy.pl/wp-content/uploads/2024/10/wymiary-quatro-1-300x208.jpg 300w, https://drzwitarasy.pl/wp-content/uploads/2024/10/wymiary-quatro-1-600x416.jpg 600w, https://drzwitarasy.pl/wp-content/uploads/2024/10/wymiary-quatro-1-768x532.jpg 768w, https://drzwitarasy.pl/wp-content/uploads/2024/10/wymiary-quatro-1-220x154.jpg 220w, https://drzwitarasy.pl/wp-content/uploads/2024/10/wymiary-quatro-1.jpg 1170w" sizes="auto, (max-width: 640px) 100vw, 640px" /></p>
<p><img loading="lazy" decoding="async" class="aligncenter size-large wp-image-4114" src="https://drzwitarasy.pl/wp-content/uploads/2024/10/quattro-lamdeco-rys-tech-2048x820-wymiarrrry-1024x410.jpg" alt="" width="640" height="256" srcset="https://drzwitarasy.pl/wp-content/uploads/2024/10/quattro-lamdeco-rys-tech-2048x820-wymiarrrry-1024x410.jpg 1024w, https://drzwitarasy.pl/wp-content/uploads/2024/10/quattro-lamdeco-rys-tech-2048x820-wymiarrrry-300x120.jpg 300w, https://drzwitarasy.pl/wp-content/uploads/2024/10/quattro-lamdeco-rys-tech-2048x820-wymiarrrry-600x240.jpg 600w, https://drzwitarasy.pl/wp-content/uploads/2024/10/quattro-lamdeco-rys-tech-2048x820-wymiarrrry-768x308.jpg 768w, https://drzwitarasy.pl/wp-content/uploads/2024/10/quattro-lamdeco-rys-tech-2048x820-wymiarrrry-1536x615.jpg 1536w, https://drzwitarasy.pl/wp-content/uploads/2024/10/quattro-lamdeco-rys-tech-2048x820-wymiarrrry.jpg 2048w" sizes="auto, (max-width: 640px) 100vw, 640px" /></p>

<p>&nbsp; &nbsp; &nbsp; &nbsp; &nbsp; Zestaw start+stop LAMDECO Quattro nero &#8211; na czarnej płycie. Panele lamelowe LAMDECO to funkcjonalne rozwiązanie, które dodaje charakteru i stylu każdemu pomieszczeniu. Lamele dekoracyjne wykonane z wysokiej jakości materiału MDF, gwarantują nie tylko estetyczny wygląd, nowoczesny design, ale także praktyczne korzyści wynikające z prostoty montażu.</p>
