{"id":3845,"date":"2024-09-24T20:18:02","date_gmt":"2024-09-24T18:18:02","guid":{"rendered":"https:\/\/drzwitarasy.pl\/?post_type=product&#038;p=3845"},"modified":"2025-08-19T20:47:02","modified_gmt":"2025-08-19T18:47:02","slug":"sztacheta-desenszlif-antracyt-winfloor-wyprzedaz","status":"publish","type":"product","link":"https:\/\/drzwitarasy.pl\/?product=sztacheta-desenszlif-antracyt-winfloor-wyprzedaz","title":{"rendered":"Sztacheta dese\u0144+szlif antracyt Winfloor WYPRZEDA\u017b"},"content":{"rendered":"<p>WYPRZEDA\u017b MAGAZYNOWA<\/p>\n<p><img loading=\"lazy\" decoding=\"async\" class=\"alignleft size-medium wp-image-3856\" src=\"https:\/\/drzwitarasy.pl\/wp-content\/uploads\/2024\/09\/DESEN-ANTRACYT-144x300.jpg\" alt=\"\" width=\"144\" height=\"300\" srcset=\"https:\/\/drzwitarasy.pl\/wp-content\/uploads\/2024\/09\/DESEN-ANTRACYT-144x300.jpg 144w, https:\/\/drzwitarasy.pl\/wp-content\/uploads\/2024\/09\/DESEN-ANTRACYT-300x625.jpg 300w, https:\/\/drzwitarasy.pl\/wp-content\/uploads\/2024\/09\/DESEN-ANTRACYT-600x1251.jpg 600w, https:\/\/drzwitarasy.pl\/wp-content\/uploads\/2024\/09\/DESEN-ANTRACYT-491x1024.jpg 491w, https:\/\/drzwitarasy.pl\/wp-content\/uploads\/2024\/09\/DESEN-ANTRACYT.jpg 721w\" sizes=\"auto, (max-width: 144px) 100vw, 144px\" \/> <img loading=\"lazy\" decoding=\"async\" class=\"alignleft size-medium wp-image-3855\" src=\"https:\/\/drzwitarasy.pl\/wp-content\/uploads\/2024\/09\/DESEN-ANTRACYT-3-140x300.jpg\" alt=\"\" width=\"140\" height=\"300\" srcset=\"https:\/\/drzwitarasy.pl\/wp-content\/uploads\/2024\/09\/DESEN-ANTRACYT-3-140x300.jpg 140w, https:\/\/drzwitarasy.pl\/wp-content\/uploads\/2024\/09\/DESEN-ANTRACYT-3-300x642.jpg 300w, https:\/\/drzwitarasy.pl\/wp-content\/uploads\/2024\/09\/DESEN-ANTRACYT-3-600x1284.jpg 600w, https:\/\/drzwitarasy.pl\/wp-content\/uploads\/2024\/09\/DESEN-ANTRACYT-3-479x1024.jpg 479w, https:\/\/drzwitarasy.pl\/wp-content\/uploads\/2024\/09\/DESEN-ANTRACYT-3.jpg 710w\" sizes=\"auto, (max-width: 140px) 100vw, 140px\" \/> <img loading=\"lazy\" decoding=\"async\" class=\"alignleft size-medium wp-image-3854\" src=\"https:\/\/drzwitarasy.pl\/wp-content\/uploads\/2024\/09\/DESEN-ANTRACYT-2-75x300.jpg\" alt=\"\" width=\"75\" height=\"300\" srcset=\"https:\/\/drzwitarasy.pl\/wp-content\/uploads\/2024\/09\/DESEN-ANTRACYT-2-75x300.jpg 75w, https:\/\/drzwitarasy.pl\/wp-content\/uploads\/2024\/09\/DESEN-ANTRACYT-2-300x1203.jpg 300w, https:\/\/drzwitarasy.pl\/wp-content\/uploads\/2024\/09\/DESEN-ANTRACYT-2-255x1024.jpg 255w, https:\/\/drzwitarasy.pl\/wp-content\/uploads\/2024\/09\/DESEN-ANTRACYT-2.jpg 362w\" sizes=\"auto, (max-width: 75px) 100vw, 75px\" \/> <img loading=\"lazy\" decoding=\"async\" class=\"alignleft size-medium wp-image-3608\" src=\"https:\/\/drzwitarasy.pl\/wp-content\/uploads\/2024\/09\/ZASLEPKI-SZTACHET-300x197.jpg\" alt=\"\" width=\"300\" height=\"197\" srcset=\"https:\/\/drzwitarasy.pl\/wp-content\/uploads\/2024\/09\/ZASLEPKI-SZTACHET-300x197.jpg 300w, https:\/\/drzwitarasy.pl\/wp-content\/uploads\/2024\/09\/ZASLEPKI-SZTACHET-600x394.jpg 600w, https:\/\/drzwitarasy.pl\/wp-content\/uploads\/2024\/09\/ZASLEPKI-SZTACHET-768x504.jpg 768w, https:\/\/drzwitarasy.pl\/wp-content\/uploads\/2024\/09\/ZASLEPKI-SZTACHET-350x230.jpg 350w, https:\/\/drzwitarasy.pl\/wp-content\/uploads\/2024\/09\/ZASLEPKI-SZTACHET.jpg 1012w\" sizes=\"auto, (max-width: 300px) 100vw, 300px\" \/><\/p>\n","protected":false},"excerpt":{"rendered":"<p>WYPRZEDA\u017b MAGAZYNOWA<\/p>\n","protected":false},"featured_media":1179,"template":"","meta":{"_acf_changed":false,"_monsterinsights_skip_tracking":false,"_monsterinsights_sitenote_active":false,"_monsterinsights_sitenote_note":"","_monsterinsights_sitenote_category":0},"product_brand":[],"product_cat":[354],"product_tag":[262,263,249,374],"class_list":{"0":"post-3845","1":"product","2":"type-product","3":"status-publish","4":"has-post-thumbnail","6":"product_cat-outlet","7":"product_tag-sztacheta","8":"product_tag-sztachety-kompozytowe","9":"product_tag-winfloor","10":"product_tag-wyprzedaz-magazynowa","12":"first","13":"instock","14":"sale","15":"featured","16":"shipping-taxable","17":"purchasable","18":"product-type-variable","19":"add-to-wishlist-after_add_to_cart"},"acf":[],"aioseo_notices":[],"jetpack_sharing_enabled":true,"_links":{"self":[{"href":"https:\/\/drzwitarasy.pl\/index.php?rest_route=\/wp\/v2\/product\/3845","targetHints":{"allow":["GET"]}}],"collection":[{"href":"https:\/\/drzwitarasy.pl\/index.php?rest_route=\/wp\/v2\/product"}],"about":[{"href":"https:\/\/drzwitarasy.pl\/index.php?rest_route=\/wp\/v2\/types\/product"}],"wp:featuredmedia":[{"embeddable":true,"href":"https:\/\/drzwitarasy.pl\/index.php?rest_route=\/wp\/v2\/media\/1179"}],"wp:attachment":[{"href":"https:\/\/drzwitarasy.pl\/index.php?rest_route=%2Fwp%2Fv2%2Fmedia&parent=3845"}],"wp:term":[{"taxonomy":"product_brand","embeddable":true,"href":"https:\/\/drzwitarasy.pl\/index.php?rest_route=%2Fwp%2Fv2%2Fproduct_brand&post=3845"},{"taxonomy":"product_cat","embeddable":true,"href":"https:\/\/drzwitarasy.pl\/index.php?rest_route=%2Fwp%2Fv2%2Fproduct_cat&post=3845"},{"taxonomy":"product_tag","embeddable":true,"href":"https:\/\/drzwitarasy.pl\/index.php?rest_route=%2Fwp%2Fv2%2Fproduct_tag&post=3845"}],"curies":[{"name":"wp","href":"https:\/\/api.w.org\/{rel}","templated":true}]}}