{"id":3833,"date":"2024-09-24T22:23:12","date_gmt":"2024-09-24T20:23:12","guid":{"rendered":"https:\/\/drzwitarasy.pl\/?post_type=product&#038;p=3833"},"modified":"2025-08-19T20:52:28","modified_gmt":"2025-08-19T18:52:28","slug":"sztacheta-desenszlif-grafit-winfloor-wyprzedaz","status":"publish","type":"product","link":"https:\/\/drzwitarasy.pl\/?product=sztacheta-desenszlif-grafit-winfloor-wyprzedaz","title":{"rendered":"Sztacheta dese\u0144+szlif grafit Winfloor WYPRZEDA\u017b"},"content":{"rendered":"<p>WYPRZEDA\u017b MAGAZYNOWA<\/p>\n<p>&nbsp;<\/p>\n<p><img loading=\"lazy\" decoding=\"async\" class=\"alignleft size-medium wp-image-3890\" src=\"https:\/\/drzwitarasy.pl\/wp-content\/uploads\/2024\/09\/DESEN-GRAFIT-I-ANTRACYT-180x300.jpg\" alt=\"\" width=\"180\" height=\"300\" srcset=\"https:\/\/drzwitarasy.pl\/wp-content\/uploads\/2024\/09\/DESEN-GRAFIT-I-ANTRACYT-180x300.jpg 180w, https:\/\/drzwitarasy.pl\/wp-content\/uploads\/2024\/09\/DESEN-GRAFIT-I-ANTRACYT-300x500.jpg 300w, https:\/\/drzwitarasy.pl\/wp-content\/uploads\/2024\/09\/DESEN-GRAFIT-I-ANTRACYT-600x1001.jpg 600w, https:\/\/drzwitarasy.pl\/wp-content\/uploads\/2024\/09\/DESEN-GRAFIT-I-ANTRACYT-614x1024.jpg 614w, https:\/\/drzwitarasy.pl\/wp-content\/uploads\/2024\/09\/DESEN-GRAFIT-I-ANTRACYT-768x1281.jpg 768w, https:\/\/drzwitarasy.pl\/wp-content\/uploads\/2024\/09\/DESEN-GRAFIT-I-ANTRACYT.jpg 820w\" sizes=\"auto, (max-width: 180px) 100vw, 180px\" \/><img loading=\"lazy\" decoding=\"async\" class=\"size-medium wp-image-3844 alignleft\" src=\"https:\/\/drzwitarasy.pl\/wp-content\/uploads\/2024\/09\/DESEN-GRAFIT-162x300.jpg\" alt=\"\" width=\"162\" height=\"300\" srcset=\"https:\/\/drzwitarasy.pl\/wp-content\/uploads\/2024\/09\/DESEN-GRAFIT-162x300.jpg 162w, https:\/\/drzwitarasy.pl\/wp-content\/uploads\/2024\/09\/DESEN-GRAFIT-300x556.jpg 300w, https:\/\/drzwitarasy.pl\/wp-content\/uploads\/2024\/09\/DESEN-GRAFIT-600x1112.jpg 600w, https:\/\/drzwitarasy.pl\/wp-content\/uploads\/2024\/09\/DESEN-GRAFIT-552x1024.jpg 552w, https:\/\/drzwitarasy.pl\/wp-content\/uploads\/2024\/09\/DESEN-GRAFIT-768x1424.jpg 768w, https:\/\/drzwitarasy.pl\/wp-content\/uploads\/2024\/09\/DESEN-GRAFIT-829x1536.jpg 829w, https:\/\/drzwitarasy.pl\/wp-content\/uploads\/2024\/09\/DESEN-GRAFIT.jpg 842w\" sizes=\"auto, (max-width: 162px) 100vw, 162px\" \/><img loading=\"lazy\" decoding=\"async\" class=\"size-medium wp-image-3843 alignleft\" src=\"https:\/\/drzwitarasy.pl\/wp-content\/uploads\/2024\/09\/DESEN-GRAFIT-3-184x300.jpg\" alt=\"\" width=\"184\" height=\"300\" srcset=\"https:\/\/drzwitarasy.pl\/wp-content\/uploads\/2024\/09\/DESEN-GRAFIT-3-184x300.jpg 184w, https:\/\/drzwitarasy.pl\/wp-content\/uploads\/2024\/09\/DESEN-GRAFIT-3-300x490.jpg 300w, https:\/\/drzwitarasy.pl\/wp-content\/uploads\/2024\/09\/DESEN-GRAFIT-3-600x981.jpg 600w, https:\/\/drzwitarasy.pl\/wp-content\/uploads\/2024\/09\/DESEN-GRAFIT-3-627x1024.jpg 627w, https:\/\/drzwitarasy.pl\/wp-content\/uploads\/2024\/09\/DESEN-GRAFIT-3-768x1255.jpg 768w, https:\/\/drzwitarasy.pl\/wp-content\/uploads\/2024\/09\/DESEN-GRAFIT-3.jpg 886w\" sizes=\"auto, (max-width: 184px) 100vw, 184px\" \/> <img loading=\"lazy\" decoding=\"async\" class=\"size-medium wp-image-3842 alignleft\" src=\"https:\/\/drzwitarasy.pl\/wp-content\/uploads\/2024\/09\/DESEN-GRAFIT-2-100x300.jpg\" alt=\"\" width=\"100\" height=\"300\" srcset=\"https:\/\/drzwitarasy.pl\/wp-content\/uploads\/2024\/09\/DESEN-GRAFIT-2-100x300.jpg 100w, https:\/\/drzwitarasy.pl\/wp-content\/uploads\/2024\/09\/DESEN-GRAFIT-2-300x899.jpg 300w, https:\/\/drzwitarasy.pl\/wp-content\/uploads\/2024\/09\/DESEN-GRAFIT-2-342x1024.jpg 342w, https:\/\/drzwitarasy.pl\/wp-content\/uploads\/2024\/09\/DESEN-GRAFIT-2.jpg 457w\" sizes=\"auto, (max-width: 100px) 100vw, 100px\" \/> <img loading=\"lazy\" decoding=\"async\" class=\"alignleft size-medium wp-image-3608\" src=\"https:\/\/drzwitarasy.pl\/wp-content\/uploads\/2024\/09\/ZASLEPKI-SZTACHET-300x197.jpg\" alt=\"\" width=\"300\" height=\"197\" srcset=\"https:\/\/drzwitarasy.pl\/wp-content\/uploads\/2024\/09\/ZASLEPKI-SZTACHET-300x197.jpg 300w, https:\/\/drzwitarasy.pl\/wp-content\/uploads\/2024\/09\/ZASLEPKI-SZTACHET-600x394.jpg 600w, https:\/\/drzwitarasy.pl\/wp-content\/uploads\/2024\/09\/ZASLEPKI-SZTACHET-768x504.jpg 768w, https:\/\/drzwitarasy.pl\/wp-content\/uploads\/2024\/09\/ZASLEPKI-SZTACHET-350x230.jpg 350w, https:\/\/drzwitarasy.pl\/wp-content\/uploads\/2024\/09\/ZASLEPKI-SZTACHET.jpg 1012w\" sizes=\"auto, (max-width: 300px) 100vw, 300px\" \/><\/p>\n","protected":false},"excerpt":{"rendered":"<p>WYPRZEDA\u017b MAGAZYNOWA &nbsp;<\/p>\n","protected":false},"featured_media":1182,"template":"","meta":{"_acf_changed":false,"_monsterinsights_skip_tracking":false,"_monsterinsights_sitenote_active":false,"_monsterinsights_sitenote_note":"","_monsterinsights_sitenote_category":0},"product_brand":[],"product_cat":[354],"product_tag":[262,263,249,374],"class_list":{"0":"post-3833","1":"product","2":"type-product","3":"status-publish","4":"has-post-thumbnail","6":"product_cat-outlet","7":"product_tag-sztacheta","8":"product_tag-sztachety-kompozytowe","9":"product_tag-winfloor","10":"product_tag-wyprzedaz-magazynowa","12":"first","13":"instock","14":"sale","15":"featured","16":"shipping-taxable","17":"purchasable","18":"product-type-variable","19":"add-to-wishlist-after_add_to_cart"},"acf":[],"aioseo_notices":[],"jetpack_sharing_enabled":true,"_links":{"self":[{"href":"https:\/\/drzwitarasy.pl\/index.php?rest_route=\/wp\/v2\/product\/3833","targetHints":{"allow":["GET"]}}],"collection":[{"href":"https:\/\/drzwitarasy.pl\/index.php?rest_route=\/wp\/v2\/product"}],"about":[{"href":"https:\/\/drzwitarasy.pl\/index.php?rest_route=\/wp\/v2\/types\/product"}],"wp:featuredmedia":[{"embeddable":true,"href":"https:\/\/drzwitarasy.pl\/index.php?rest_route=\/wp\/v2\/media\/1182"}],"wp:attachment":[{"href":"https:\/\/drzwitarasy.pl\/index.php?rest_route=%2Fwp%2Fv2%2Fmedia&parent=3833"}],"wp:term":[{"taxonomy":"product_brand","embeddable":true,"href":"https:\/\/drzwitarasy.pl\/index.php?rest_route=%2Fwp%2Fv2%2Fproduct_brand&post=3833"},{"taxonomy":"product_cat","embeddable":true,"href":"https:\/\/drzwitarasy.pl\/index.php?rest_route=%2Fwp%2Fv2%2Fproduct_cat&post=3833"},{"taxonomy":"product_tag","embeddable":true,"href":"https:\/\/drzwitarasy.pl\/index.php?rest_route=%2Fwp%2Fv2%2Fproduct_tag&post=3833"}],"curies":[{"name":"wp","href":"https:\/\/api.w.org\/{rel}","templated":true}]}}

Sztacheta deseń+szlif grafit Winfloor WYPRZEDAŻ

<p>WYPRZEDAŻ MAGAZYNOWA</p>
<p>&nbsp;</p>
<p><img loading="lazy" decoding="async" class="alignleft size-medium wp-image-3890" src="https://drzwitarasy.pl/wp-content/uploads/2024/09/DESEN-GRAFIT-I-ANTRACYT-180x300.jpg" alt="" width="180" height="300" srcset="https://drzwitarasy.pl/wp-content/uploads/2024/09/DESEN-GRAFIT-I-ANTRACYT-180x300.jpg 180w, https://drzwitarasy.pl/wp-content/uploads/2024/09/DESEN-GRAFIT-I-ANTRACYT-300x500.jpg 300w, https://drzwitarasy.pl/wp-content/uploads/2024/09/DESEN-GRAFIT-I-ANTRACYT-600x1001.jpg 600w, https://drzwitarasy.pl/wp-content/uploads/2024/09/DESEN-GRAFIT-I-ANTRACYT-614x1024.jpg 614w, https://drzwitarasy.pl/wp-content/uploads/2024/09/DESEN-GRAFIT-I-ANTRACYT-768x1281.jpg 768w, https://drzwitarasy.pl/wp-content/uploads/2024/09/DESEN-GRAFIT-I-ANTRACYT.jpg 820w" sizes="auto, (max-width: 180px) 100vw, 180px" /><img loading="lazy" decoding="async" class="size-medium wp-image-3844 alignleft" src="https://drzwitarasy.pl/wp-content/uploads/2024/09/DESEN-GRAFIT-162x300.jpg" alt="" width="162" height="300" srcset="https://drzwitarasy.pl/wp-content/uploads/2024/09/DESEN-GRAFIT-162x300.jpg 162w, https://drzwitarasy.pl/wp-content/uploads/2024/09/DESEN-GRAFIT-300x556.jpg 300w, https://drzwitarasy.pl/wp-content/uploads/2024/09/DESEN-GRAFIT-600x1112.jpg 600w, https://drzwitarasy.pl/wp-content/uploads/2024/09/DESEN-GRAFIT-552x1024.jpg 552w, https://drzwitarasy.pl/wp-content/uploads/2024/09/DESEN-GRAFIT-768x1424.jpg 768w, https://drzwitarasy.pl/wp-content/uploads/2024/09/DESEN-GRAFIT-829x1536.jpg 829w, https://drzwitarasy.pl/wp-content/uploads/2024/09/DESEN-GRAFIT.jpg 842w" sizes="auto, (max-width: 162px) 100vw, 162px" /><img loading="lazy" decoding="async" class="size-medium wp-image-3843 alignleft" src="https://drzwitarasy.pl/wp-content/uploads/2024/09/DESEN-GRAFIT-3-184x300.jpg" alt="" width="184" height="300" srcset="https://drzwitarasy.pl/wp-content/uploads/2024/09/DESEN-GRAFIT-3-184x300.jpg 184w, https://drzwitarasy.pl/wp-content/uploads/2024/09/DESEN-GRAFIT-3-300x490.jpg 300w, https://drzwitarasy.pl/wp-content/uploads/2024/09/DESEN-GRAFIT-3-600x981.jpg 600w, https://drzwitarasy.pl/wp-content/uploads/2024/09/DESEN-GRAFIT-3-627x1024.jpg 627w, https://drzwitarasy.pl/wp-content/uploads/2024/09/DESEN-GRAFIT-3-768x1255.jpg 768w, https://drzwitarasy.pl/wp-content/uploads/2024/09/DESEN-GRAFIT-3.jpg 886w" sizes="auto, (max-width: 184px) 100vw, 184px" /> <img loading="lazy" decoding="async" class="size-medium wp-image-3842 alignleft" src="https://drzwitarasy.pl/wp-content/uploads/2024/09/DESEN-GRAFIT-2-100x300.jpg" alt="" width="100" height="300" srcset="https://drzwitarasy.pl/wp-content/uploads/2024/09/DESEN-GRAFIT-2-100x300.jpg 100w, https://drzwitarasy.pl/wp-content/uploads/2024/09/DESEN-GRAFIT-2-300x899.jpg 300w, https://drzwitarasy.pl/wp-content/uploads/2024/09/DESEN-GRAFIT-2-342x1024.jpg 342w, https://drzwitarasy.pl/wp-content/uploads/2024/09/DESEN-GRAFIT-2.jpg 457w" sizes="auto, (max-width: 100px) 100vw, 100px" /> <img loading="lazy" decoding="async" class="alignleft size-medium wp-image-3608" src="https://drzwitarasy.pl/wp-content/uploads/2024/09/ZASLEPKI-SZTACHET-300x197.jpg" alt="" width="300" height="197" srcset="https://drzwitarasy.pl/wp-content/uploads/2024/09/ZASLEPKI-SZTACHET-300x197.jpg 300w, https://drzwitarasy.pl/wp-content/uploads/2024/09/ZASLEPKI-SZTACHET-600x394.jpg 600w, https://drzwitarasy.pl/wp-content/uploads/2024/09/ZASLEPKI-SZTACHET-768x504.jpg 768w, https://drzwitarasy.pl/wp-content/uploads/2024/09/ZASLEPKI-SZTACHET-350x230.jpg 350w, https://drzwitarasy.pl/wp-content/uploads/2024/09/ZASLEPKI-SZTACHET.jpg 1012w" sizes="auto, (max-width: 300px) 100vw, 300px" /></p>

<p>WYPRZEDAŻ MAGAZYNOWA &nbsp;</p>
