{"id":1605,"date":"2024-05-22T09:37:09","date_gmt":"2024-05-22T07:37:09","guid":{"rendered":"https:\/\/drzwitarasy.pl\/?post_type=product&#038;p=1605"},"modified":"2026-04-20T21:20:08","modified_gmt":"2026-04-20T19:20:08","slug":"drzwi-mensa-windoor","status":"publish","type":"product","link":"https:\/\/drzwitarasy.pl\/?product=drzwi-mensa-windoor","title":{"rendered":"Mensa drzwi wewn\u0119trzne Ramowe"},"content":{"rendered":"<p><img loading=\"lazy\" decoding=\"async\" class=\"aligncenter size-full wp-image-6036\" src=\"https:\/\/drzwitarasy.pl\/wp-content\/uploads\/2024\/12\/BANER-NOWY-ZMIENIONY.jpg\" alt=\"\" width=\"2420\" height=\"948\" srcset=\"https:\/\/drzwitarasy.pl\/wp-content\/uploads\/2024\/12\/BANER-NOWY-ZMIENIONY.jpg 2420w, https:\/\/drzwitarasy.pl\/wp-content\/uploads\/2024\/12\/BANER-NOWY-ZMIENIONY-300x118.jpg 300w, https:\/\/drzwitarasy.pl\/wp-content\/uploads\/2024\/12\/BANER-NOWY-ZMIENIONY-600x235.jpg 600w, https:\/\/drzwitarasy.pl\/wp-content\/uploads\/2024\/12\/BANER-NOWY-ZMIENIONY-1024x401.jpg 1024w, https:\/\/drzwitarasy.pl\/wp-content\/uploads\/2024\/12\/BANER-NOWY-ZMIENIONY-768x301.jpg 768w, https:\/\/drzwitarasy.pl\/wp-content\/uploads\/2024\/12\/BANER-NOWY-ZMIENIONY-1536x602.jpg 1536w, https:\/\/drzwitarasy.pl\/wp-content\/uploads\/2024\/12\/BANER-NOWY-ZMIENIONY-2048x802.jpg 2048w\" sizes=\"auto, (max-width: 2420px) 100vw, 2420px\" \/><img loading=\"lazy\" decoding=\"async\" class=\"aligncenter size-full wp-image-4210\" src=\"https:\/\/drzwitarasy.pl\/wp-content\/uploads\/2022\/10\/MENSA-WIZUAL.jpg\" alt=\"\" width=\"1086\" height=\"695\" srcset=\"https:\/\/drzwitarasy.pl\/wp-content\/uploads\/2022\/10\/MENSA-WIZUAL.jpg 1086w, https:\/\/drzwitarasy.pl\/wp-content\/uploads\/2022\/10\/MENSA-WIZUAL-300x192.jpg 300w, https:\/\/drzwitarasy.pl\/wp-content\/uploads\/2022\/10\/MENSA-WIZUAL-600x384.jpg 600w, https:\/\/drzwitarasy.pl\/wp-content\/uploads\/2022\/10\/MENSA-WIZUAL-1024x655.jpg 1024w, https:\/\/drzwitarasy.pl\/wp-content\/uploads\/2022\/10\/MENSA-WIZUAL-768x491.jpg 768w\" sizes=\"auto, (max-width: 1086px) 100vw, 1086px\" \/><\/p>\n<p>&nbsp;<\/p>\n<h2 data-section-id=\"no2oyb\" data-start=\"173\" data-end=\"212\"><strong data-start=\"176\" data-end=\"212\">Drzwi wewn\u0119trzne MENSA \u2013 Windoor<\/strong><\/h2>\n<p data-start=\"214\" data-end=\"460\">Stylowe drzwi wewn\u0119trzne <strong data-start=\"239\" data-end=\"256\">Mensa Windoor<\/strong> to idealne po\u0142\u0105czenie nowoczesnego designu, solidnej konstrukcji i funkcjonalno\u015bci. Zaprojektowane z my\u015bl\u0105 o wymagaj\u0105cych wn\u0119trzach \u2014 doskonale sprawdz\u0105 si\u0119 w salonie, sypialni, \u0142azience czy przedpokoju.<\/p>\n<h3 data-section-id=\"b4wbh6\" data-start=\"462\" data-end=\"497\">\u2728 <strong data-start=\"468\" data-end=\"497\">Elegancja i uniwersalno\u015b\u0107<\/strong><\/h3>\n<p data-start=\"498\" data-end=\"747\">Drzwi Mensa wyr\u00f3\u017cniaj\u0105 si\u0119 minimalistyczn\u0105 form\u0105 oraz estetycznym wyko\u0144czeniem, kt\u00f3re harmonizuje z r\u00f3\u017cnymi aran\u017cacjami \u2014 od klasycznych po nowoczesne. Dzi\u0119ki g\u0142adkiej powierzchni i starannie dopasowanej kolorystyce dopasujesz je do ka\u017cdego wn\u0119trza.<\/p>\n<h3 data-section-id=\"1nz4al8\" data-start=\"749\" data-end=\"784\">\ud83d\udee0\ufe0f <strong data-start=\"757\" data-end=\"784\">Wysoka jako\u015b\u0107 wykonania<\/strong><\/h3>\n<ul data-start=\"785\" data-end=\"1100\">\n<li data-section-id=\"gcq0ay\" data-start=\"785\" data-end=\"881\">\n<p data-start=\"787\" data-end=\"881\">Solidna konstrukcja ramowa wykonana z p\u0142yty MDF gwarantuje trwa\u0142o\u015b\u0107 i stabilno\u015b\u0107 przez lata.<\/p>\n<\/li>\n<li data-section-id=\"dimma8\" data-start=\"882\" data-end=\"989\">\n<p data-start=\"884\" data-end=\"989\">Po\u0142\u0105czenia pionowe i poziome zaawansowan\u0105 technologi\u0105 czopowania zapewniaj\u0105 odporno\u015b\u0107 na odkszta\u0142cenia.<\/p>\n<\/li>\n<li data-section-id=\"16v8vyd\" data-start=\"990\" data-end=\"1100\">\n<p data-start=\"992\" data-end=\"1100\">Wyko\u0144czenie w technologii <strong data-start=\"1018\" data-end=\"1030\">SOFTLine<\/strong> eliminuje widoczne \u0142\u0105czenia, co podnosi estetyk\u0119 i trwa\u0142o\u015b\u0107 kraw\u0119dzi.<\/p>\n<\/li>\n<\/ul>\n<h3 data-section-id=\"1r8vpq0\" data-start=\"1102\" data-end=\"1147\">\ud83c\udfa8 <strong data-start=\"1109\" data-end=\"1147\">Dost\u0119pne warianty i personalizacja<\/strong><\/h3>\n<p data-start=\"1148\" data-end=\"1238\">Model Mensa dost\u0119pny jest w kilku wariantach, dzi\u0119ki czemu \u0142atwo dopasujesz go do potrzeb:<\/p>\n<ul data-start=\"1239\" data-end=\"1464\">\n<li data-section-id=\"krk4ld\" data-start=\"1239\" data-end=\"1306\">\n<p data-start=\"1241\" data-end=\"1306\">wersje <strong data-start=\"1248\" data-end=\"1257\">pe\u0142ne<\/strong> oraz z <strong data-start=\"1265\" data-end=\"1283\">przeszkleniami<\/strong> (opcje r\u00f3\u017cnego szk\u0142a),<\/p>\n<\/li>\n<li data-section-id=\"18nix7z\" data-start=\"1307\" data-end=\"1381\">\n<p data-start=\"1309\" data-end=\"1381\">modele <strong data-start=\"1316\" data-end=\"1328\">pokojowe<\/strong>, <strong data-start=\"1330\" data-end=\"1344\">\u0142azienkowe<\/strong>, a tak\u017ce z podci\u0119ciem wentylacyjnym,<\/p>\n<\/li>\n<li data-section-id=\"1k9tde1\" data-start=\"1382\" data-end=\"1464\">\n<p data-start=\"1384\" data-end=\"1464\">szeroka paleta kolor\u00f3w i wyko\u0144cze\u0144 \u2014 od klasycznej bieli po modne dekory drewna.<\/p>\n<\/li>\n<\/ul>\n<h3 data-section-id=\"1ozxd52\" data-start=\"1466\" data-end=\"1498\">\ud83e\udde9 <strong data-start=\"1473\" data-end=\"1498\">Kompletne wyposa\u017cenie<\/strong><\/h3>\n<p data-start=\"1499\" data-end=\"1521\">Drzwi s\u0105 wyposa\u017cone w:<\/p>\n<ul data-start=\"1522\" data-end=\"1676\">\n<li data-section-id=\"1us050w\" data-start=\"1522\" data-end=\"1581\">\n<p data-start=\"1524\" data-end=\"1581\">trzy zawiasy regulowane zapewniaj\u0105ce stabilno\u015b\u0107 skrzyd\u0142a,<\/p>\n<\/li>\n<li data-section-id=\"j2xx63\" data-start=\"1582\" data-end=\"1626\">\n<p data-start=\"1584\" data-end=\"1626\">mo\u017cliwo\u015b\u0107 wyboru rodzaju zamka i osprz\u0119tu,<\/p>\n<\/li>\n<li data-section-id=\"vvehhn\" data-start=\"1627\" data-end=\"1676\">\n<p data-start=\"1629\" data-end=\"1676\">opcjonalne dodatki poprawiaj\u0105ce funkcjonalno\u015b\u0107.<\/p>\n<\/li>\n<\/ul>\n<h3 data-section-id=\"lvm5t8\" data-start=\"1678\" data-end=\"1725\">\ud83c\udfe1 <strong data-start=\"1685\" data-end=\"1725\">Dlaczego warto wybra\u0107 Mensa Windoor?<\/strong><\/h3>\n<p data-start=\"1726\" data-end=\"1893\">\u2714 elegancki wygl\u0105d pasuj\u0105cy do ka\u017cdego wn\u0119trza<br data-start=\"1772\" data-end=\"1775\" \/>\u2714 solidna konstrukcja i trwa\u0142e materia\u0142y<br data-start=\"1815\" data-end=\"1818\" \/>\u2714 \u0142atwy monta\u017c i komfort u\u017cytkowania<br data-start=\"1854\" data-end=\"1857\" \/>\u2714 \u015bwietny stosunek jako\u015bci do ceny<\/p>\n<p>&nbsp;<\/p>\n<p>&nbsp;<\/p>\n<p>Szukasz drzwi, kt\u00f3re nie tylko b\u0119d\u0105 funkcjonalne, ale tak\u017ce nadadz\u0105 Twojemu wn\u0119trzu nowoczesny wygl\u0105d i zapewni\u0105 trwa\u0142o\u015b\u0107 na lata? Drzwi ramiakowe z kolekcji Prestige s\u0105 idealnym rozwi\u0105zaniem.<\/p>\n<p><strong>G\u0142\u00f3wne cechy:<\/strong><\/p>\n<ul>\n<li><strong>Dost\u0119pne szeroko\u015bci:<\/strong> 60, 70, 80, 90, 100 cm<\/li>\n<li><strong>Wymiary drzwi:<\/strong> 2035 x 644\/744\/844\/944 x 40 mm<\/li>\n<li><strong>Pokrycie drzwi:<\/strong> folia finish, zapewniaj\u0105ca estetyczny wygl\u0105d i \u0142atwo\u015b\u0107 w utrzymaniu czysto\u015bci<\/li>\n<li><strong>Wyposa\u017cenie drzwi:<\/strong> 3 zawiasy w kolorze srebra z regulacj\u0105 2D, zapewniaj\u0105ce precyzyjne dopasowanie i stabilno\u015b\u0107<\/li>\n<li><strong>Gwarancja producenta:<\/strong> 2 lata<\/li>\n<\/ul>\n<p><strong>Konstrukcja i materia\u0142y:<\/strong><\/p>\n<ul>\n<li>Wykonane z wysokiej jako\u015bci pe\u0142nej p\u0142yty MDF, drzwi ramiakowe cechuj\u0105 si\u0119 wyj\u0105tkow\u0105 odporno\u015bci\u0105 na uszkodzenia mechaniczne.<\/li>\n<li>Szk\u0142o mleczne wzmacniane o grubo\u015bci 4 mm dodaje elegancji i zwi\u0119ksza trwa\u0142o\u015b\u0107 drzwi.<\/li>\n<li>Profile drzwi wykonane w technologii SOFTLine eliminuj\u0105 widoczne \u0142\u0105czenia okleiny na kraw\u0119dziach, co nadaje im estetyczny wygl\u0105d.<\/li>\n<\/ul>\n<p><strong>Technologia i trwa\u0142o\u015b\u0107:<\/strong><\/p>\n<ul>\n<li>Zastosowana technologia czopowania i ko\u0142kowania zapewnia stabilne po\u0142\u0105czenie element\u00f3w pionowych i poziomych, eliminuj\u0105c wypaczanie i opadanie drzwi nawet przy intensywnym u\u017cytkowaniu.<\/li>\n<\/ul>\n<p>Te drzwi ramiakowe z kolekcji Prestige s\u0105 idealnym wyborem do ka\u017cdego wn\u0119trza, zapewniaj\u0105c nie tylko funkcjonalno\u015b\u0107, ale tak\u017ce elegancki wygl\u0105d i trwa\u0142o\u015b\u0107 na lata. Kliknij &#8222;Dodaj do koszyka&#8221; i przekonaj si\u0119, jak \u0142atwo mo\u017cna podkre\u015bli\u0107 styl swojego wn\u0119trz.<\/p>\n<h1><img loading=\"lazy\" decoding=\"async\" class=\"aligncenter size-large wp-image-7263\" src=\"https:\/\/drzwitarasy.pl\/wp-content\/uploads\/2024\/05\/KOLORY-MENSA-NOWE-1016x1024.jpg\" alt=\"\" width=\"640\" height=\"645\" srcset=\"https:\/\/drzwitarasy.pl\/wp-content\/uploads\/2024\/05\/KOLORY-MENSA-NOWE-1016x1024.jpg 1016w, https:\/\/drzwitarasy.pl\/wp-content\/uploads\/2024\/05\/KOLORY-MENSA-NOWE-298x300.jpg 298w, https:\/\/drzwitarasy.pl\/wp-content\/uploads\/2024\/05\/KOLORY-MENSA-NOWE-150x150.jpg 150w, https:\/\/drzwitarasy.pl\/wp-content\/uploads\/2024\/05\/KOLORY-MENSA-NOWE-768x774.jpg 768w, https:\/\/drzwitarasy.pl\/wp-content\/uploads\/2024\/05\/KOLORY-MENSA-NOWE-300x302.jpg 300w, https:\/\/drzwitarasy.pl\/wp-content\/uploads\/2024\/05\/KOLORY-MENSA-NOWE-600x605.jpg 600w, https:\/\/drzwitarasy.pl\/wp-content\/uploads\/2024\/05\/KOLORY-MENSA-NOWE-100x100.jpg 100w, https:\/\/drzwitarasy.pl\/wp-content\/uploads\/2024\/05\/KOLORY-MENSA-NOWE-50x50.jpg 50w, https:\/\/drzwitarasy.pl\/wp-content\/uploads\/2024\/05\/KOLORY-MENSA-NOWE.jpg 1095w\" sizes=\"auto, (max-width: 640px) 100vw, 640px\" \/><\/h1>\n<p><img loading=\"lazy\" decoding=\"async\" class=\"aligncenter wp-image-7264 size-full\" src=\"https:\/\/drzwitarasy.pl\/wp-content\/uploads\/2024\/05\/MENSA-POKOJE-WSZYSTKIE-OK-BEZ-GRAFITA.jpg\" alt=\"\" width=\"2093\" height=\"1793\" srcset=\"https:\/\/drzwitarasy.pl\/wp-content\/uploads\/2024\/05\/MENSA-POKOJE-WSZYSTKIE-OK-BEZ-GRAFITA.jpg 2093w, https:\/\/drzwitarasy.pl\/wp-content\/uploads\/2024\/05\/MENSA-POKOJE-WSZYSTKIE-OK-BEZ-GRAFITA-300x257.jpg 300w, https:\/\/drzwitarasy.pl\/wp-content\/uploads\/2024\/05\/MENSA-POKOJE-WSZYSTKIE-OK-BEZ-GRAFITA-1024x877.jpg 1024w, https:\/\/drzwitarasy.pl\/wp-content\/uploads\/2024\/05\/MENSA-POKOJE-WSZYSTKIE-OK-BEZ-GRAFITA-768x658.jpg 768w, https:\/\/drzwitarasy.pl\/wp-content\/uploads\/2024\/05\/MENSA-POKOJE-WSZYSTKIE-OK-BEZ-GRAFITA-1536x1316.jpg 1536w, https:\/\/drzwitarasy.pl\/wp-content\/uploads\/2024\/05\/MENSA-POKOJE-WSZYSTKIE-OK-BEZ-GRAFITA-2048x1754.jpg 2048w, https:\/\/drzwitarasy.pl\/wp-content\/uploads\/2024\/05\/MENSA-POKOJE-WSZYSTKIE-OK-BEZ-GRAFITA-600x514.jpg 600w\" sizes=\"auto, (max-width: 2093px) 100vw, 2093px\" \/><\/p>\n<p><img loading=\"lazy\" decoding=\"async\" class=\"aligncenter size-large wp-image-5808\" src=\"https:\/\/drzwitarasy.pl\/wp-content\/uploads\/2025\/01\/ZAWIASY-DO-DRZWI-ALLEGRO-1024x758.jpeg\" alt=\"\" width=\"640\" height=\"474\" srcset=\"https:\/\/drzwitarasy.pl\/wp-content\/uploads\/2025\/01\/ZAWIASY-DO-DRZWI-ALLEGRO-1024x758.jpeg 1024w, https:\/\/drzwitarasy.pl\/wp-content\/uploads\/2025\/01\/ZAWIASY-DO-DRZWI-ALLEGRO-300x222.jpeg 300w, https:\/\/drzwitarasy.pl\/wp-content\/uploads\/2025\/01\/ZAWIASY-DO-DRZWI-ALLEGRO-600x444.jpeg 600w, https:\/\/drzwitarasy.pl\/wp-content\/uploads\/2025\/01\/ZAWIASY-DO-DRZWI-ALLEGRO-768x569.jpeg 768w, https:\/\/drzwitarasy.pl\/wp-content\/uploads\/2025\/01\/ZAWIASY-DO-DRZWI-ALLEGRO.jpeg 1101w\" sizes=\"auto, (max-width: 640px) 100vw, 640px\" \/><\/p>\n<p><img loading=\"lazy\" decoding=\"async\" class=\"aligncenter size-full wp-image-2354\" src=\"https:\/\/drzwitarasy.pl\/wp-content\/uploads\/2023\/02\/zawiasy-bezprz.jpg\" alt=\"\" width=\"459\" height=\"469\" srcset=\"https:\/\/drzwitarasy.pl\/wp-content\/uploads\/2023\/02\/zawiasy-bezprz.jpg 459w, https:\/\/drzwitarasy.pl\/wp-content\/uploads\/2023\/02\/zawiasy-bezprz-300x307.jpg 300w, https:\/\/drzwitarasy.pl\/wp-content\/uploads\/2023\/02\/zawiasy-bezprz-294x300.jpg 294w\" sizes=\"auto, (max-width: 459px) 100vw, 459px\" \/><\/p>\n<p><img loading=\"lazy\" decoding=\"async\" class=\"aligncenter size-full wp-image-6014\" src=\"https:\/\/drzwitarasy.pl\/wp-content\/uploads\/2025\/09\/KLAMKI-wszystkie.jpg\" alt=\"\" width=\"1387\" height=\"1440\" srcset=\"https:\/\/drzwitarasy.pl\/wp-content\/uploads\/2025\/09\/KLAMKI-wszystkie.jpg 1387w, https:\/\/drzwitarasy.pl\/wp-content\/uploads\/2025\/09\/KLAMKI-wszystkie-300x311.jpg 300w, https:\/\/drzwitarasy.pl\/wp-content\/uploads\/2025\/09\/KLAMKI-wszystkie-600x623.jpg 600w, https:\/\/drzwitarasy.pl\/wp-content\/uploads\/2025\/09\/KLAMKI-wszystkie-289x300.jpg 289w, https:\/\/drzwitarasy.pl\/wp-content\/uploads\/2025\/09\/KLAMKI-wszystkie-986x1024.jpg 986w, https:\/\/drzwitarasy.pl\/wp-content\/uploads\/2025\/09\/KLAMKI-wszystkie-768x797.jpg 768w\" sizes=\"auto, (max-width: 1387px) 100vw, 1387px\" \/><\/p>\n<p>&nbsp;<\/p>\n<p><img loading=\"lazy\" decoding=\"async\" class=\"aligncenter size-full wp-image-4460\" src=\"https:\/\/drzwitarasy.pl\/wp-content\/uploads\/2024\/11\/KONTAKT-ok.jpg\" alt=\"\" width=\"1619\" height=\"1410\" srcset=\"https:\/\/drzwitarasy.pl\/wp-content\/uploads\/2024\/11\/KONTAKT-ok.jpg 1619w, https:\/\/drzwitarasy.pl\/wp-content\/uploads\/2024\/11\/KONTAKT-ok-300x261.jpg 300w, https:\/\/drzwitarasy.pl\/wp-content\/uploads\/2024\/11\/KONTAKT-ok-600x523.jpg 600w, https:\/\/drzwitarasy.pl\/wp-content\/uploads\/2024\/11\/KONTAKT-ok-1024x892.jpg 1024w, https:\/\/drzwitarasy.pl\/wp-content\/uploads\/2024\/11\/KONTAKT-ok-768x669.jpg 768w, https:\/\/drzwitarasy.pl\/wp-content\/uploads\/2024\/11\/KONTAKT-ok-1536x1338.jpg 1536w\" sizes=\"auto, (max-width: 1619px) 100vw, 1619px\" \/><\/p>\n<p>&nbsp;<\/p>\n","protected":false},"excerpt":{"rendered":"<p>&nbsp; Drzwi wewn\u0119trzne MENSA \u2013 Windoor Stylowe drzwi wewn\u0119trzne Mensa Windoor to idealne po\u0142\u0105czenie nowoczesnego designu, solidnej konstrukcji i funkcjonalno\u015bci. Zaprojektowane z my\u015bl\u0105 o wymagaj\u0105cych wn\u0119trzach \u2014 doskonale sprawdz\u0105 si\u0119 w salonie, sypialni, \u0142azience czy przedpokoju. \u2728 Elegancja i uniwersalno\u015b\u0107 Drzwi Mensa wyr\u00f3\u017cniaj\u0105 si\u0119 minimalistyczn\u0105 form\u0105 oraz estetycznym wyko\u0144czeniem, kt\u00f3re harmonizuje z r\u00f3\u017cnymi aran\u017cacjami \u2014 [&hellip;]<\/p>\n","protected":false},"featured_media":6168,"template":"","meta":{"_acf_changed":false,"_monsterinsights_skip_tracking":false,"_monsterinsights_sitenote_active":false,"_monsterinsights_sitenote_note":"","_monsterinsights_sitenote_category":0},"product_brand":[527],"product_cat":[30,21,516,603],"product_tag":[356,480,409,410,173],"class_list":{"0":"post-1605","1":"product","2":"type-product","3":"status-publish","4":"has-post-thumbnail","6":"product_brand-windoor","7":"product_cat-drzwi-prestige","8":"product_cat-drzwi-wewnetrzne","9":"product_cat-windoor","10":"product_cat-mensa","11":"product_tag-drzwi","12":"product_tag-mensa","13":"product_tag-ramowe-drzwi","14":"product_tag-solidne-drzwi","15":"product_tag-windoor","16":"product_shipping_class-drzwi-windoor","18":"first","19":"instock","20":"sale","21":"shipping-taxable","22":"purchasable","23":"product-type-simple","24":"add-to-wishlist-after_add_to_cart"},"acf":[],"aioseo_notices":[],"jetpack_sharing_enabled":true,"_links":{"self":[{"href":"https:\/\/drzwitarasy.pl\/index.php?rest_route=\/wp\/v2\/product\/1605","targetHints":{"allow":["GET"]}}],"collection":[{"href":"https:\/\/drzwitarasy.pl\/index.php?rest_route=\/wp\/v2\/product"}],"about":[{"href":"https:\/\/drzwitarasy.pl\/index.php?rest_route=\/wp\/v2\/types\/product"}],"wp:featuredmedia":[{"embeddable":true,"href":"https:\/\/drzwitarasy.pl\/index.php?rest_route=\/wp\/v2\/media\/6168"}],"wp:attachment":[{"href":"https:\/\/drzwitarasy.pl\/index.php?rest_route=%2Fwp%2Fv2%2Fmedia&parent=1605"}],"wp:term":[{"taxonomy":"product_brand","embeddable":true,"href":"https:\/\/drzwitarasy.pl\/index.php?rest_route=%2Fwp%2Fv2%2Fproduct_brand&post=1605"},{"taxonomy":"product_cat","embeddable":true,"href":"https:\/\/drzwitarasy.pl\/index.php?rest_route=%2Fwp%2Fv2%2Fproduct_cat&post=1605"},{"taxonomy":"product_tag","embeddable":true,"href":"https:\/\/drzwitarasy.pl\/index.php?rest_route=%2Fwp%2Fv2%2Fproduct_tag&post=1605"}],"curies":[{"name":"wp","href":"https:\/\/api.w.org\/{rel}","templated":true}]}}