{"id":1469,"date":"2022-10-22T13:48:46","date_gmt":"2022-10-22T11:48:46","guid":{"rendered":"https:\/\/drzwitarasy.pl\/?post_type=product&#038;p=1469"},"modified":"2026-02-27T00:08:49","modified_gmt":"2026-02-26T23:08:49","slug":"drzwi-canis-windoor","status":"publish","type":"product","link":"https:\/\/drzwitarasy.pl\/?product=drzwi-canis-windoor","title":{"rendered":"Canis Drzwi Wewn\u0119trzne Windoor \u2013 Nowoczesne Drzwi"},"content":{"rendered":"<p>&nbsp;<\/p>\n<p><img loading=\"lazy\" decoding=\"async\" class=\"aligncenter size-full wp-image-5927\" src=\"https:\/\/drzwitarasy.pl\/wp-content\/uploads\/2019\/08\/CANIS-WIZUAL.jpg\" alt=\"\" width=\"1096\" height=\"1249\" srcset=\"https:\/\/drzwitarasy.pl\/wp-content\/uploads\/2019\/08\/CANIS-WIZUAL.jpg 1096w, https:\/\/drzwitarasy.pl\/wp-content\/uploads\/2019\/08\/CANIS-WIZUAL-300x342.jpg 300w, https:\/\/drzwitarasy.pl\/wp-content\/uploads\/2019\/08\/CANIS-WIZUAL-600x684.jpg 600w, https:\/\/drzwitarasy.pl\/wp-content\/uploads\/2019\/08\/CANIS-WIZUAL-263x300.jpg 263w, https:\/\/drzwitarasy.pl\/wp-content\/uploads\/2019\/08\/CANIS-WIZUAL-899x1024.jpg 899w, https:\/\/drzwitarasy.pl\/wp-content\/uploads\/2019\/08\/CANIS-WIZUAL-768x875.jpg 768w\" sizes=\"auto, (max-width: 1096px) 100vw, 1096px\" \/><\/p>\n<p style=\"text-align: center;\">Mamy przyjemno\u015b\u0107 przedstawi\u0107\u00a0<b>najnowsz\u0105 kolekcj\u0119<\/b>\u00a0drzwi wewn\u0119trznych. Skrzyd\u0142a te pokryte s\u0105 oklein\u0105 drewnopodobn\u0105 zapewniaj\u0105c\u0105\u00a0<b>wysokie walory estetyczne<\/b>, dzi\u0119ki kt\u00f3rym drzwi doskonale prezentuj\u0105 si\u0119 w Pa\u0144stwa domach.<\/p>\n<p style=\"text-align: center;\"><b>Unikalna struktura folii<\/b>\u00a0umo\u017cliwia odbijanie promieni s\u0142onecznych, co sprawia, \u017ce drzwi posiadaj\u0105 r\u00f3\u017cne odcienie w zale\u017cno\u015bci od pory dnia i nas\u0142onecznienia.<\/p>\n<p style=\"text-align: center;\">Proponowany model to skrzyd\u0142o drzwiowe wykonane z ramy MDF wype\u0142nionej wk\u0142adem stabilizuj\u0105cym w postaci tzw. plastra miodu. Rama wraz z wype\u0142nieniem jest dwustronnie ob\u0142o\u017cona p\u0142yt\u0105 HDF i oklejona Finish Foli\u0105 w kolorze drewna.<\/p>\n<p class=\"p1\"><span class=\"s1\"><b>KOLORY STANDARD<\/b><\/span><\/p>\n<p class=\"p1\"><span class=\"s2\">BIA\u0141Y &#8211; <\/span>SILVER &#8211; SONOMA &#8211; ORZECH<\/p>\n<p class=\"p1\"><span class=\"s1\"><b>KOLORY PREMIUM<\/b><\/span><\/p>\n<p class=\"p1\">D\u0104B COUNTRY &#8211; D\u0104B G\u00d3RSKI\u00a0 &#8211; ORZECH NORTH &#8211; CIEMNY BETON.<\/p>\n<p>&nbsp;<\/p>\n<p><img loading=\"lazy\" decoding=\"async\" class=\"aligncenter size-full wp-image-6876\" src=\"https:\/\/drzwitarasy.pl\/wp-content\/uploads\/2022\/10\/KOLORY-CANIS-NOWE.jpg\" alt=\"\" width=\"1100\" height=\"621\" srcset=\"https:\/\/drzwitarasy.pl\/wp-content\/uploads\/2022\/10\/KOLORY-CANIS-NOWE.jpg 1100w, https:\/\/drzwitarasy.pl\/wp-content\/uploads\/2022\/10\/KOLORY-CANIS-NOWE-300x169.jpg 300w, https:\/\/drzwitarasy.pl\/wp-content\/uploads\/2022\/10\/KOLORY-CANIS-NOWE-1024x578.jpg 1024w, https:\/\/drzwitarasy.pl\/wp-content\/uploads\/2022\/10\/KOLORY-CANIS-NOWE-768x434.jpg 768w, https:\/\/drzwitarasy.pl\/wp-content\/uploads\/2022\/10\/KOLORY-CANIS-NOWE-600x339.jpg 600w\" sizes=\"auto, (max-width: 1100px) 100vw, 1100px\" \/><\/p>\n<p>&nbsp;<\/p>\n<h1><\/h1>\n<p><img loading=\"lazy\" decoding=\"async\" class=\"aligncenter size-full wp-image-2394\" src=\"https:\/\/drzwitarasy.pl\/wp-content\/uploads\/2022\/10\/PRZEKRO%CC%81J.jpeg\" alt=\"\" width=\"720\" height=\"388\" \/><\/p>\n<p><img loading=\"lazy\" decoding=\"async\" class=\"aligncenter size-full wp-image-4460\" src=\"https:\/\/drzwitarasy.pl\/wp-content\/uploads\/2024\/11\/KONTAKT-ok.jpg\" alt=\"\" width=\"1619\" height=\"1410\" srcset=\"https:\/\/drzwitarasy.pl\/wp-content\/uploads\/2024\/11\/KONTAKT-ok.jpg 1619w, https:\/\/drzwitarasy.pl\/wp-content\/uploads\/2024\/11\/KONTAKT-ok-300x261.jpg 300w, https:\/\/drzwitarasy.pl\/wp-content\/uploads\/2024\/11\/KONTAKT-ok-600x523.jpg 600w, https:\/\/drzwitarasy.pl\/wp-content\/uploads\/2024\/11\/KONTAKT-ok-1024x892.jpg 1024w, https:\/\/drzwitarasy.pl\/wp-content\/uploads\/2024\/11\/KONTAKT-ok-768x669.jpg 768w, https:\/\/drzwitarasy.pl\/wp-content\/uploads\/2024\/11\/KONTAKT-ok-1536x1338.jpg 1536w\" sizes=\"auto, (max-width: 1619px) 100vw, 1619px\" \/><\/p>\n<p>&nbsp;<\/p>\n<p><img loading=\"lazy\" decoding=\"async\" class=\"aligncenter size-full wp-image-5926\" src=\"https:\/\/drzwitarasy.pl\/wp-content\/uploads\/2022\/10\/canisy.jpg\" alt=\"\" width=\"2108\" height=\"2551\" srcset=\"https:\/\/drzwitarasy.pl\/wp-content\/uploads\/2022\/10\/canisy.jpg 2108w, https:\/\/drzwitarasy.pl\/wp-content\/uploads\/2022\/10\/canisy-300x363.jpg 300w, https:\/\/drzwitarasy.pl\/wp-content\/uploads\/2022\/10\/canisy-600x726.jpg 600w, https:\/\/drzwitarasy.pl\/wp-content\/uploads\/2022\/10\/canisy-248x300.jpg 248w, https:\/\/drzwitarasy.pl\/wp-content\/uploads\/2022\/10\/canisy-846x1024.jpg 846w, https:\/\/drzwitarasy.pl\/wp-content\/uploads\/2022\/10\/canisy-768x929.jpg 768w, https:\/\/drzwitarasy.pl\/wp-content\/uploads\/2022\/10\/canisy-1269x1536.jpg 1269w, https:\/\/drzwitarasy.pl\/wp-content\/uploads\/2022\/10\/canisy-1692x2048.jpg 1692w\" sizes=\"auto, (max-width: 2108px) 100vw, 2108px\" \/><\/p>\n<p>&nbsp;<\/p>\n<p><img loading=\"lazy\" decoding=\"async\" class=\"aligncenter size-full wp-image-6877\" src=\"https:\/\/drzwitarasy.pl\/wp-content\/uploads\/2022\/10\/CACIS-BIALY-WIZUAL.jpg\" alt=\"\" width=\"943\" height=\"630\" srcset=\"https:\/\/drzwitarasy.pl\/wp-content\/uploads\/2022\/10\/CACIS-BIALY-WIZUAL.jpg 943w, https:\/\/drzwitarasy.pl\/wp-content\/uploads\/2022\/10\/CACIS-BIALY-WIZUAL-300x200.jpg 300w, https:\/\/drzwitarasy.pl\/wp-content\/uploads\/2022\/10\/CACIS-BIALY-WIZUAL-768x513.jpg 768w, https:\/\/drzwitarasy.pl\/wp-content\/uploads\/2022\/10\/CACIS-BIALY-WIZUAL-600x401.jpg 600w\" sizes=\"auto, (max-width: 943px) 100vw, 943px\" \/><\/p>\n<p><img loading=\"lazy\" decoding=\"async\" class=\"aligncenter size-full wp-image-6878\" src=\"https:\/\/drzwitarasy.pl\/wp-content\/uploads\/2022\/10\/CANIS-BIALE-DWA-PK-WC-Z-OPISEM.jpg\" alt=\"\" width=\"949\" height=\"805\" srcset=\"https:\/\/drzwitarasy.pl\/wp-content\/uploads\/2022\/10\/CANIS-BIALE-DWA-PK-WC-Z-OPISEM.jpg 949w, https:\/\/drzwitarasy.pl\/wp-content\/uploads\/2022\/10\/CANIS-BIALE-DWA-PK-WC-Z-OPISEM-300x254.jpg 300w, https:\/\/drzwitarasy.pl\/wp-content\/uploads\/2022\/10\/CANIS-BIALE-DWA-PK-WC-Z-OPISEM-768x651.jpg 768w, https:\/\/drzwitarasy.pl\/wp-content\/uploads\/2022\/10\/CANIS-BIALE-DWA-PK-WC-Z-OPISEM-600x509.jpg 600w\" sizes=\"auto, (max-width: 949px) 100vw, 949px\" \/><\/p>\n<p>&nbsp;<\/p>\n<p>OPCJA DRZWI BEZPRZYLGOWE<\/p>\n<p><img loading=\"lazy\" decoding=\"async\" class=\"aligncenter size-full wp-image-2912\" src=\"https:\/\/drzwitarasy.pl\/wp-content\/uploads\/2023\/09\/bezprz-zaw.jpg\" alt=\"\" width=\"459\" height=\"469\" srcset=\"https:\/\/drzwitarasy.pl\/wp-content\/uploads\/2023\/09\/bezprz-zaw.jpg 459w, https:\/\/drzwitarasy.pl\/wp-content\/uploads\/2023\/09\/bezprz-zaw-300x307.jpg 300w, https:\/\/drzwitarasy.pl\/wp-content\/uploads\/2023\/09\/bezprz-zaw-294x300.jpg 294w\" sizes=\"auto, (max-width: 459px) 100vw, 459px\" \/>Canis, drzwi inwestycyjne, drzwi przylgowe, drzwi bezprzylgowe<\/p>\n<p>&nbsp;<\/p>\n<ul>\n<li>2 srebrne zawiasy \u0142o\u017cyskowe<\/li>\n<li>zamek: na klucz ( pe\u0142ne), na wk\u0142adk\u0119 patentow\u0105 (dodatkowa op\u0142ata) lub obrotowy (\u0142azienkowe)<\/li>\n<li>klamka\/o\u015bcie\u017cnica za dodatkow\u0105 op\u0142at\u0105 (nie wchodzi w cen\u0119 skrzyd\u0142a)<\/li>\n<\/ul>\n<p>OPCJA BEZPRZYLGOWE:<\/p>\n<p>2 zawiasy chowane<\/p>\n<p>zamek magnetyczny<\/p>\n","protected":false},"excerpt":{"rendered":"<p>&nbsp; Mamy przyjemno\u015b\u0107 przedstawi\u0107\u00a0najnowsz\u0105 kolekcj\u0119\u00a0drzwi wewn\u0119trznych. Skrzyd\u0142a te pokryte s\u0105 oklein\u0105 drewnopodobn\u0105 zapewniaj\u0105c\u0105\u00a0wysokie walory estetyczne, dzi\u0119ki kt\u00f3rym drzwi doskonale prezentuj\u0105 si\u0119 w Pa\u0144stwa domach. Unikalna struktura folii\u00a0umo\u017cliwia odbijanie promieni s\u0142onecznych, co sprawia, \u017ce drzwi posiadaj\u0105 r\u00f3\u017cne odcienie w zale\u017cno\u015bci od pory dnia i nas\u0142onecznienia. Proponowany model to skrzyd\u0142o drzwiowe wykonane z ramy MDF wype\u0142nionej wk\u0142adem [&hellip;]<\/p>\n","protected":false},"featured_media":4639,"template":"","meta":{"_acf_changed":false,"_monsterinsights_skip_tracking":false,"_monsterinsights_sitenote_active":false,"_monsterinsights_sitenote_note":"","_monsterinsights_sitenote_category":0},"product_brand":[527],"product_cat":[22,21],"product_tag":[360,468,363,361,362],"class_list":{"0":"post-1469","1":"product","2":"type-product","3":"status-publish","4":"has-post-thumbnail","6":"product_brand-windoor","7":"product_cat-drzwi-standard","8":"product_cat-drzwi-wewnetrzne","9":"product_tag-canis","10":"product_tag-canis-zwykly","11":"product_tag-drzwi-bezprzylgowe","12":"product_tag-drzwi-inwestycyjne","13":"product_tag-drzwi-przylgowe","14":"product_shipping_class-drzwi-windoor","16":"first","17":"instock","18":"sale","19":"shipping-taxable","20":"purchasable","21":"product-type-simple","22":"add-to-wishlist-after_add_to_cart"},"acf":[],"aioseo_notices":[],"jetpack_sharing_enabled":true,"_links":{"self":[{"href":"https:\/\/drzwitarasy.pl\/index.php?rest_route=\/wp\/v2\/product\/1469","targetHints":{"allow":["GET"]}}],"collection":[{"href":"https:\/\/drzwitarasy.pl\/index.php?rest_route=\/wp\/v2\/product"}],"about":[{"href":"https:\/\/drzwitarasy.pl\/index.php?rest_route=\/wp\/v2\/types\/product"}],"wp:featuredmedia":[{"embeddable":true,"href":"https:\/\/drzwitarasy.pl\/index.php?rest_route=\/wp\/v2\/media\/4639"}],"wp:attachment":[{"href":"https:\/\/drzwitarasy.pl\/index.php?rest_route=%2Fwp%2Fv2%2Fmedia&parent=1469"}],"wp:term":[{"taxonomy":"product_brand","embeddable":true,"href":"https:\/\/drzwitarasy.pl\/index.php?rest_route=%2Fwp%2Fv2%2Fproduct_brand&post=1469"},{"taxonomy":"product_cat","embeddable":true,"href":"https:\/\/drzwitarasy.pl\/index.php?rest_route=%2Fwp%2Fv2%2Fproduct_cat&post=1469"},{"taxonomy":"product_tag","embeddable":true,"href":"https:\/\/drzwitarasy.pl\/index.php?rest_route=%2Fwp%2Fv2%2Fproduct_tag&post=1469"}],"curies":[{"name":"wp","href":"https:\/\/api.w.org\/{rel}","templated":true}]}}

Canis Drzwi Wewnętrzne Windoor – Nowoczesne Drzwi

<p>&nbsp;</p>
<p><img loading="lazy" decoding="async" class="aligncenter size-full wp-image-5927" src="https://drzwitarasy.pl/wp-content/uploads/2019/08/CANIS-WIZUAL.jpg" alt="" width="1096" height="1249" srcset="https://drzwitarasy.pl/wp-content/uploads/2019/08/CANIS-WIZUAL.jpg 1096w, https://drzwitarasy.pl/wp-content/uploads/2019/08/CANIS-WIZUAL-300x342.jpg 300w, https://drzwitarasy.pl/wp-content/uploads/2019/08/CANIS-WIZUAL-600x684.jpg 600w, https://drzwitarasy.pl/wp-content/uploads/2019/08/CANIS-WIZUAL-263x300.jpg 263w, https://drzwitarasy.pl/wp-content/uploads/2019/08/CANIS-WIZUAL-899x1024.jpg 899w, https://drzwitarasy.pl/wp-content/uploads/2019/08/CANIS-WIZUAL-768x875.jpg 768w" sizes="auto, (max-width: 1096px) 100vw, 1096px" /></p>
<p style="text-align: center;">Mamy przyjemność przedstawić <b>najnowszą kolekcję</b> drzwi wewnętrznych. Skrzydła te pokryte są okleiną drewnopodobną zapewniającą <b>wysokie walory estetyczne</b>, dzięki którym drzwi doskonale prezentują się w Państwa domach.</p>
<p style="text-align: center;"><b>Unikalna struktura folii</b> umożliwia odbijanie promieni słonecznych, co sprawia, że drzwi posiadają różne odcienie w zależności od pory dnia i nasłonecznienia.</p>
<p style="text-align: center;">Proponowany model to skrzydło drzwiowe wykonane z ramy MDF wypełnionej wkładem stabilizującym w postaci tzw. plastra miodu. Rama wraz z wypełnieniem jest dwustronnie obłożona płytą HDF i oklejona Finish Folią w kolorze drewna.</p>
<p class="p1"><span class="s1"><b>KOLORY STANDARD</b></span></p>
<p class="p1"><span class="s2">BIAŁY &#8211; </span>SILVER &#8211; SONOMA &#8211; ORZECH</p>
<p class="p1"><span class="s1"><b>KOLORY PREMIUM</b></span></p>
<p class="p1">DĄB COUNTRY &#8211; DĄB GÓRSKI  &#8211; ORZECH NORTH &#8211; CIEMNY BETON.</p>
<p>&nbsp;</p>
<p><img loading="lazy" decoding="async" class="aligncenter size-full wp-image-6876" src="https://drzwitarasy.pl/wp-content/uploads/2022/10/KOLORY-CANIS-NOWE.jpg" alt="" width="1100" height="621" srcset="https://drzwitarasy.pl/wp-content/uploads/2022/10/KOLORY-CANIS-NOWE.jpg 1100w, https://drzwitarasy.pl/wp-content/uploads/2022/10/KOLORY-CANIS-NOWE-300x169.jpg 300w, https://drzwitarasy.pl/wp-content/uploads/2022/10/KOLORY-CANIS-NOWE-1024x578.jpg 1024w, https://drzwitarasy.pl/wp-content/uploads/2022/10/KOLORY-CANIS-NOWE-768x434.jpg 768w, https://drzwitarasy.pl/wp-content/uploads/2022/10/KOLORY-CANIS-NOWE-600x339.jpg 600w" sizes="auto, (max-width: 1100px) 100vw, 1100px" /></p>
<p>&nbsp;</p>
<h1></h1>
<p><img loading="lazy" decoding="async" class="aligncenter size-full wp-image-2394" src="https://drzwitarasy.pl/wp-content/uploads/2022/10/PRZEKRO%CC%81J.jpeg" alt="" width="720" height="388" /></p>
<p><img loading="lazy" decoding="async" class="aligncenter size-full wp-image-4460" src="https://drzwitarasy.pl/wp-content/uploads/2024/11/KONTAKT-ok.jpg" alt="" width="1619" height="1410" srcset="https://drzwitarasy.pl/wp-content/uploads/2024/11/KONTAKT-ok.jpg 1619w, https://drzwitarasy.pl/wp-content/uploads/2024/11/KONTAKT-ok-300x261.jpg 300w, https://drzwitarasy.pl/wp-content/uploads/2024/11/KONTAKT-ok-600x523.jpg 600w, https://drzwitarasy.pl/wp-content/uploads/2024/11/KONTAKT-ok-1024x892.jpg 1024w, https://drzwitarasy.pl/wp-content/uploads/2024/11/KONTAKT-ok-768x669.jpg 768w, https://drzwitarasy.pl/wp-content/uploads/2024/11/KONTAKT-ok-1536x1338.jpg 1536w" sizes="auto, (max-width: 1619px) 100vw, 1619px" /></p>
<p>&nbsp;</p>
<p><img loading="lazy" decoding="async" class="aligncenter size-full wp-image-5926" src="https://drzwitarasy.pl/wp-content/uploads/2022/10/canisy.jpg" alt="" width="2108" height="2551" srcset="https://drzwitarasy.pl/wp-content/uploads/2022/10/canisy.jpg 2108w, https://drzwitarasy.pl/wp-content/uploads/2022/10/canisy-300x363.jpg 300w, https://drzwitarasy.pl/wp-content/uploads/2022/10/canisy-600x726.jpg 600w, https://drzwitarasy.pl/wp-content/uploads/2022/10/canisy-248x300.jpg 248w, https://drzwitarasy.pl/wp-content/uploads/2022/10/canisy-846x1024.jpg 846w, https://drzwitarasy.pl/wp-content/uploads/2022/10/canisy-768x929.jpg 768w, https://drzwitarasy.pl/wp-content/uploads/2022/10/canisy-1269x1536.jpg 1269w, https://drzwitarasy.pl/wp-content/uploads/2022/10/canisy-1692x2048.jpg 1692w" sizes="auto, (max-width: 2108px) 100vw, 2108px" /></p>
<p>&nbsp;</p>
<p><img loading="lazy" decoding="async" class="aligncenter size-full wp-image-6877" src="https://drzwitarasy.pl/wp-content/uploads/2022/10/CACIS-BIALY-WIZUAL.jpg" alt="" width="943" height="630" srcset="https://drzwitarasy.pl/wp-content/uploads/2022/10/CACIS-BIALY-WIZUAL.jpg 943w, https://drzwitarasy.pl/wp-content/uploads/2022/10/CACIS-BIALY-WIZUAL-300x200.jpg 300w, https://drzwitarasy.pl/wp-content/uploads/2022/10/CACIS-BIALY-WIZUAL-768x513.jpg 768w, https://drzwitarasy.pl/wp-content/uploads/2022/10/CACIS-BIALY-WIZUAL-600x401.jpg 600w" sizes="auto, (max-width: 943px) 100vw, 943px" /></p>
<p><img loading="lazy" decoding="async" class="aligncenter size-full wp-image-6878" src="https://drzwitarasy.pl/wp-content/uploads/2022/10/CANIS-BIALE-DWA-PK-WC-Z-OPISEM.jpg" alt="" width="949" height="805" srcset="https://drzwitarasy.pl/wp-content/uploads/2022/10/CANIS-BIALE-DWA-PK-WC-Z-OPISEM.jpg 949w, https://drzwitarasy.pl/wp-content/uploads/2022/10/CANIS-BIALE-DWA-PK-WC-Z-OPISEM-300x254.jpg 300w, https://drzwitarasy.pl/wp-content/uploads/2022/10/CANIS-BIALE-DWA-PK-WC-Z-OPISEM-768x651.jpg 768w, https://drzwitarasy.pl/wp-content/uploads/2022/10/CANIS-BIALE-DWA-PK-WC-Z-OPISEM-600x509.jpg 600w" sizes="auto, (max-width: 949px) 100vw, 949px" /></p>
<p>&nbsp;</p>
<p>OPCJA DRZWI BEZPRZYLGOWE</p>
<p><img loading="lazy" decoding="async" class="aligncenter size-full wp-image-2912" src="https://drzwitarasy.pl/wp-content/uploads/2023/09/bezprz-zaw.jpg" alt="" width="459" height="469" srcset="https://drzwitarasy.pl/wp-content/uploads/2023/09/bezprz-zaw.jpg 459w, https://drzwitarasy.pl/wp-content/uploads/2023/09/bezprz-zaw-300x307.jpg 300w, https://drzwitarasy.pl/wp-content/uploads/2023/09/bezprz-zaw-294x300.jpg 294w" sizes="auto, (max-width: 459px) 100vw, 459px" />Canis, drzwi inwestycyjne, drzwi przylgowe, drzwi bezprzylgowe</p>
<p>&nbsp;</p>
<ul>
<li>2 srebrne zawiasy łożyskowe</li>
<li>zamek: na klucz ( pełne), na wkładkę patentową (dodatkowa opłata) lub obrotowy (łazienkowe)</li>
<li>klamka/ościeżnica za dodatkową opłatą (nie wchodzi w cenę skrzydła)</li>
</ul>
<p>OPCJA BEZPRZYLGOWE:</p>
<p>2 zawiasy chowane</p>
<p>zamek magnetyczny</p>

<p>&nbsp; Mamy przyjemność przedstawić najnowszą kolekcję drzwi wewnętrznych. Skrzydła te pokryte są okleiną drewnopodobną zapewniającą wysokie walory estetyczne, dzięki którym drzwi doskonale prezentują się w Państwa domach. Unikalna struktura folii umożliwia odbijanie promieni słonecznych, co sprawia, że drzwi posiadają różne odcienie w zależności od pory dnia i nasłonecznienia. Proponowany model to skrzydło drzwiowe wykonane z ramy MDF wypełnionej wkładem [&hellip;]</p>
