{"id":1090,"date":"2025-04-01T15:22:03","date_gmt":"2025-04-01T13:22:03","guid":{"rendered":"http:\/\/drzwitarasy.pl\/?post_type=product&#038;p=1090"},"modified":"2026-03-16T01:35:27","modified_gmt":"2026-03-16T00:35:27","slug":"oscieznica-regulowana-standard","status":"publish","type":"product","link":"https:\/\/drzwitarasy.pl\/?product=oscieznica-regulowana-standard","title":{"rendered":"PRZYLGOWA Standard o\u015bcie\u017cnica regulowana do drzwi Prestige i P\u0142ycinowych Standard"},"content":{"rendered":"<h2 data-section-id=\"1wr7ipv\" data-start=\"104\" data-end=\"137\"><img loading=\"lazy\" decoding=\"async\" class=\"aligncenter size-full wp-image-6492\" src=\"https:\/\/drzwitarasy.pl\/wp-content\/uploads\/2026\/01\/BANER-NOWY-ZMIENIONY.jpg\" alt=\"\" width=\"2420\" height=\"948\" srcset=\"https:\/\/drzwitarasy.pl\/wp-content\/uploads\/2026\/01\/BANER-NOWY-ZMIENIONY.jpg 2420w, https:\/\/drzwitarasy.pl\/wp-content\/uploads\/2026\/01\/BANER-NOWY-ZMIENIONY-300x118.jpg 300w, https:\/\/drzwitarasy.pl\/wp-content\/uploads\/2026\/01\/BANER-NOWY-ZMIENIONY-1024x401.jpg 1024w, https:\/\/drzwitarasy.pl\/wp-content\/uploads\/2026\/01\/BANER-NOWY-ZMIENIONY-768x301.jpg 768w, https:\/\/drzwitarasy.pl\/wp-content\/uploads\/2026\/01\/BANER-NOWY-ZMIENIONY-1536x602.jpg 1536w, https:\/\/drzwitarasy.pl\/wp-content\/uploads\/2026\/01\/BANER-NOWY-ZMIENIONY-2048x802.jpg 2048w, https:\/\/drzwitarasy.pl\/wp-content\/uploads\/2026\/01\/BANER-NOWY-ZMIENIONY-600x235.jpg 600w\" sizes=\"auto, (max-width: 2420px) 100vw, 2420px\" \/><\/h2>\n<h2 data-section-id=\"1wr7ipv\" data-start=\"104\" data-end=\"137\"><\/h2>\n<h2 style=\"text-align: center;\" data-section-id=\"1wr7ipv\" data-start=\"104\" data-end=\"137\">O\u015bcie\u017cnica regulowana standard<\/h2>\n<p data-start=\"139\" data-end=\"525\">O\u015bcie\u017cnica regulowana standard to praktyczne i estetyczne rozwi\u0105zanie przeznaczone do monta\u017cu drzwi wewn\u0119trznych. Dzi\u0119ki regulowanej konstrukcji umo\u017cliwia idealne dopasowanie do grubo\u015bci muru, co u\u0142atwia monta\u017c oraz zapewnia estetyczne wyko\u0144czenie otworu drzwiowego. O\u015bcie\u017cnica stanowi solidn\u0105 podstaw\u0119 dla skrzyd\u0142a drzwiowego, gwarantuj\u0105c jego stabilno\u015b\u0107 i prawid\u0142owe funkcjonowanie.<\/p>\n<p data-start=\"527\" data-end=\"882\">Produkt wykonany jest z wysokiej jako\u015bci materia\u0142\u00f3w drewnopochodnych, najcz\u0119\u015bciej p\u0142yty MDF, kt\u00f3ra zapewnia trwa\u0142o\u015b\u0107, odporno\u015b\u0107 na odkszta\u0142cenia oraz estetyczny wygl\u0105d. Powierzchnia o\u015bcie\u017cnicy pokryta jest dekoracyjn\u0105 oklein\u0105, dzi\u0119ki czemu doskonale komponuje si\u0119 z nowoczesnymi oraz klasycznymi aran\u017cacjami wn\u0119trz.<\/p>\n<p data-start=\"884\" data-end=\"1095\">Regulowana konstrukcja pozwala dopasowa\u0107 o\u015bcie\u017cnic\u0119 do r\u00f3\u017cnych grubo\u015bci \u015bcian, co sprawia, \u017ce jest uniwersalnym rozwi\u0105zaniem do mieszka\u0144, dom\u00f3w oraz pomieszcze\u0144 biurowych.<\/p>\n<h3 data-section-id=\"kquy10\" data-start=\"1097\" data-end=\"1115\">Cechy produktu<\/h3>\n<ul data-start=\"1116\" data-end=\"1361\">\n<li data-section-id=\"1fkhd1l\" data-start=\"1116\" data-end=\"1168\">\n<p data-start=\"1118\" data-end=\"1168\">regulowana szeroko\u015b\u0107 dopasowana do grubo\u015bci muru<\/p>\n<\/li>\n<li data-section-id=\"5139ov\" data-start=\"1169\" data-end=\"1222\">\n<p data-start=\"1171\" data-end=\"1222\">solidna konstrukcja zapewniaj\u0105ca stabilno\u015b\u0107 drzwi<\/p>\n<\/li>\n<li data-section-id=\"11l6t2o\" data-start=\"1223\" data-end=\"1283\">\n<p data-start=\"1225\" data-end=\"1283\">estetyczne opaski maskuj\u0105ce zakrywaj\u0105ce kraw\u0119dzie \u015bciany<\/p>\n<\/li>\n<li data-section-id=\"tnnf9p\" data-start=\"1284\" data-end=\"1309\">\n<p data-start=\"1286\" data-end=\"1309\">\u0142atwy i szybki monta\u017c<\/p>\n<\/li>\n<li data-section-id=\"tshxab\" data-start=\"1310\" data-end=\"1361\">\n<p data-start=\"1312\" data-end=\"1361\">kompatybilno\u015b\u0107 z wi\u0119kszo\u015bci\u0105 drzwi wewn\u0119trznych<\/p>\n<\/li>\n<\/ul>\n<h3 data-section-id=\"19ra3p7\" data-start=\"1363\" data-end=\"1381\">Zestaw zawiera<\/h3>\n<ul data-start=\"1382\" data-end=\"1555\">\n<li data-section-id=\"1fnbv97\" data-start=\"1382\" data-end=\"1412\">\n<p data-start=\"1384\" data-end=\"1412\">element poziomy o\u015bcie\u017cnicy<\/p>\n<\/li>\n<li data-section-id=\"1ry8nso\" data-start=\"1413\" data-end=\"1437\">\n<p data-start=\"1415\" data-end=\"1437\">dwa elementy pionowe<\/p>\n<\/li>\n<li data-section-id=\"l8m5u7\" data-start=\"1438\" data-end=\"1458\">\n<p data-start=\"1440\" data-end=\"1458\">opaski maskuj\u0105ce<\/p>\n<\/li>\n<li data-section-id=\"3u1yk9\" data-start=\"1459\" data-end=\"1481\">\n<p data-start=\"1461\" data-end=\"1481\">uszczelk\u0119 drzwiow\u0105<\/p>\n<\/li>\n<li data-section-id=\"rqxubm\" data-start=\"1482\" data-end=\"1555\">\n<p data-start=\"1484\" data-end=\"1555\">zawiasy oraz elementy monta\u017cowe<\/p>\n<\/li>\n<\/ul>\n<p data-start=\"1557\" data-end=\"1727\">O\u015bcie\u017cnica regulowana standard to funkcjonalny i estetyczny element wyko\u0144czenia, kt\u00f3ry pozwala na szybki monta\u017c drzwi oraz uzyskanie eleganckiego efektu w ka\u017cdym wn\u0119trzu.<\/p>\n<p>&nbsp;<\/p>\n<p>&nbsp;<\/p>\n<p><img loading=\"lazy\" decoding=\"async\" class=\"aligncenter size-full wp-image-6231\" src=\"https:\/\/drzwitarasy.pl\/wp-content\/uploads\/2025\/04\/KOLORY-STANDARD.jpg\" alt=\"\" width=\"781\" height=\"287\" srcset=\"https:\/\/drzwitarasy.pl\/wp-content\/uploads\/2025\/04\/KOLORY-STANDARD.jpg 781w, https:\/\/drzwitarasy.pl\/wp-content\/uploads\/2025\/04\/KOLORY-STANDARD-300x110.jpg 300w, https:\/\/drzwitarasy.pl\/wp-content\/uploads\/2025\/04\/KOLORY-STANDARD-768x282.jpg 768w, https:\/\/drzwitarasy.pl\/wp-content\/uploads\/2025\/04\/KOLORY-STANDARD-600x220.jpg 600w\" sizes=\"auto, (max-width: 781px) 100vw, 781px\" \/><\/p>\n<p><img loading=\"lazy\" decoding=\"async\" class=\"aligncenter wp-image-6747 size-full\" src=\"https:\/\/drzwitarasy.pl\/wp-content\/uploads\/2025\/04\/kat-45\u00b0.jpg\" alt=\"\" width=\"922\" height=\"747\" srcset=\"https:\/\/drzwitarasy.pl\/wp-content\/uploads\/2025\/04\/kat-45\u00b0.jpg 922w, https:\/\/drzwitarasy.pl\/wp-content\/uploads\/2025\/04\/kat-45\u00b0-300x243.jpg 300w, https:\/\/drzwitarasy.pl\/wp-content\/uploads\/2025\/04\/kat-45\u00b0-768x622.jpg 768w, https:\/\/drzwitarasy.pl\/wp-content\/uploads\/2025\/04\/kat-45\u00b0-600x486.jpg 600w\" sizes=\"auto, (max-width: 922px) 100vw, 922px\" \/><\/p>\n<p><img loading=\"lazy\" decoding=\"async\" class=\"aligncenter size-full wp-image-4440\" src=\"https:\/\/drzwitarasy.pl\/wp-content\/uploads\/2024\/03\/IMG_2144.jpg\" alt=\"\" width=\"1206\" height=\"990\" srcset=\"https:\/\/drzwitarasy.pl\/wp-content\/uploads\/2024\/03\/IMG_2144.jpg 1206w, https:\/\/drzwitarasy.pl\/wp-content\/uploads\/2024\/03\/IMG_2144-300x246.jpg 300w, https:\/\/drzwitarasy.pl\/wp-content\/uploads\/2024\/03\/IMG_2144-600x493.jpg 600w, https:\/\/drzwitarasy.pl\/wp-content\/uploads\/2024\/03\/IMG_2144-1024x841.jpg 1024w, https:\/\/drzwitarasy.pl\/wp-content\/uploads\/2024\/03\/IMG_2144-768x630.jpg 768w\" sizes=\"auto, (max-width: 1206px) 100vw, 1206px\" \/><\/p>\n<p><img loading=\"lazy\" decoding=\"async\" class=\"aligncenter size-full wp-image-4462\" src=\"https:\/\/drzwitarasy.pl\/wp-content\/uploads\/2024\/11\/REGULOWANE-OK.jpg\" alt=\"\" width=\"1280\" height=\"1794\" srcset=\"https:\/\/drzwitarasy.pl\/wp-content\/uploads\/2024\/11\/REGULOWANE-OK.jpg 1280w, https:\/\/drzwitarasy.pl\/wp-content\/uploads\/2024\/11\/REGULOWANE-OK-300x420.jpg 300w, https:\/\/drzwitarasy.pl\/wp-content\/uploads\/2024\/11\/REGULOWANE-OK-600x841.jpg 600w, https:\/\/drzwitarasy.pl\/wp-content\/uploads\/2024\/11\/REGULOWANE-OK-214x300.jpg 214w, https:\/\/drzwitarasy.pl\/wp-content\/uploads\/2024\/11\/REGULOWANE-OK-731x1024.jpg 731w, https:\/\/drzwitarasy.pl\/wp-content\/uploads\/2024\/11\/REGULOWANE-OK-768x1076.jpg 768w, https:\/\/drzwitarasy.pl\/wp-content\/uploads\/2024\/11\/REGULOWANE-OK-1096x1536.jpg 1096w\" sizes=\"auto, (max-width: 1280px) 100vw, 1280px\" \/><\/p>\n","protected":false},"excerpt":{"rendered":"<p><img loading=\"lazy\" decoding=\"async\" class=\"aligncenter wp-image-6747 size-medium\" src=\"https:\/\/drzwitarasy.pl\/wp-content\/uploads\/2025\/04\/kat-45\u00b0-300x243.jpg\" alt=\"\" width=\"300\" height=\"243\" srcset=\"https:\/\/drzwitarasy.pl\/wp-content\/uploads\/2025\/04\/kat-45\u00b0-300x243.jpg 300w, https:\/\/drzwitarasy.pl\/wp-content\/uploads\/2025\/04\/kat-45\u00b0-768x622.jpg 768w, https:\/\/drzwitarasy.pl\/wp-content\/uploads\/2025\/04\/kat-45\u00b0-360x290.jpg 360w, https:\/\/drzwitarasy.pl\/wp-content\/uploads\/2025\/04\/kat-45\u00b0-600x486.jpg 600w, https:\/\/drzwitarasy.pl\/wp-content\/uploads\/2025\/04\/kat-45\u00b0.jpg 922w\" sizes=\"auto, (max-width: 300px) 100vw, 300px\" \/><\/p>\n","protected":false},"featured_media":3612,"template":"","meta":{"_acf_changed":false,"_monsterinsights_skip_tracking":false,"_monsterinsights_sitenote_active":false,"_monsterinsights_sitenote_note":"","_monsterinsights_sitenote_category":0},"product_brand":[527],"product_cat":[21,516,253,531,250,32,559],"product_tag":[484,173],"class_list":{"0":"post-1090","1":"product","2":"type-product","3":"status-publish","4":"has-post-thumbnail","6":"product_brand-windoor","7":"product_cat-drzwi-wewnetrzne","8":"product_cat-windoor","9":"product_cat-oscieznice-prestige-standard","10":"product_cat-oscieznice-i-akcesoria","11":"product_cat-regulowane-prestige-standard","12":"product_cat-oscieznice-akcesoria","13":"product_cat-przylgowe","14":"product_tag-regulowane-standard","15":"product_tag-windoor","17":"first","18":"instock","19":"sale","20":"shipping-taxable","21":"purchasable","22":"product-type-simple","23":"add-to-wishlist-after_add_to_cart"},"acf":[],"aioseo_notices":[],"jetpack_sharing_enabled":true,"_links":{"self":[{"href":"https:\/\/drzwitarasy.pl\/index.php?rest_route=\/wp\/v2\/product\/1090","targetHints":{"allow":["GET"]}}],"collection":[{"href":"https:\/\/drzwitarasy.pl\/index.php?rest_route=\/wp\/v2\/product"}],"about":[{"href":"https:\/\/drzwitarasy.pl\/index.php?rest_route=\/wp\/v2\/types\/product"}],"wp:featuredmedia":[{"embeddable":true,"href":"https:\/\/drzwitarasy.pl\/index.php?rest_route=\/wp\/v2\/media\/3612"}],"wp:attachment":[{"href":"https:\/\/drzwitarasy.pl\/index.php?rest_route=%2Fwp%2Fv2%2Fmedia&parent=1090"}],"wp:term":[{"taxonomy":"product_brand","embeddable":true,"href":"https:\/\/drzwitarasy.pl\/index.php?rest_route=%2Fwp%2Fv2%2Fproduct_brand&post=1090"},{"taxonomy":"product_cat","embeddable":true,"href":"https:\/\/drzwitarasy.pl\/index.php?rest_route=%2Fwp%2Fv2%2Fproduct_cat&post=1090"},{"taxonomy":"product_tag","embeddable":true,"href":"https:\/\/drzwitarasy.pl\/index.php?rest_route=%2Fwp%2Fv2%2Fproduct_tag&post=1090"}],"curies":[{"name":"wp","href":"https:\/\/api.w.org\/{rel}","templated":true}]}}