{"id":1125,"date":"2019-02-04T19:43:11","date_gmt":"2019-02-04T18:43:11","guid":{"rendered":"http:\/\/drzwitarasy.pl\/?page_id=1125"},"modified":"2024-09-25T11:17:25","modified_gmt":"2024-09-25T09:17:25","slug":"regulamin","status":"publish","type":"page","link":"https:\/\/drzwitarasy.pl\/?page_id=1125","title":{"rendered":"Regulamin"},"content":{"rendered":"<ol>\n<li>Sklep internetowy firmy PUH Norbert Mo\u015bci\u0144ski, znajduj\u0105cy si\u0119 na stronie internetowej pod adresem <a href=\"http:\/\/www.drzwi-tarasy.pl\">www.drzwi-tarasy.pl<\/a>\u00a0\u00a0umo\u017cliwia dokonywanie zakup\u00f3w za po\u015brednictwem Internetu.<\/li>\n<li>Ceny produkt\u00f3w znajduj\u0105cych si\u0119 w sklepie internetowym \u00a0s\u0105 podane w z\u0142otych polskich i zawieraj\u0105 VAT (s\u0105 cenami brutto).<\/li>\n<li>3AWysy\u0142ka od 3 komplet\u00f3w. (Drzwi i o\u015bcie\u017cnica)Wcze\u015bniej prosz\u0119 o pytanie w sprawie dok\u0142adnego kosztu dostawy. (uzale\u017cnione od np. modelu drzwi, ilo\u015bci itp.)505 891 772<br \/>\n&#8212;&#8212;&#8212;&#8212;&#8212;&#8212;&#8212;&#8212;&#8212;&#8212;&#8212;&#8212;&#8212;&#8212;&#8212;&#8212;&#8212;&#8212;&#8212;&#8212;&#8212;&#8212;&#8212;&#8212;Regulamin \u015bwiadczenia us\u0142ug przez PUH Norbert Mo\u015bci\u0144ski.\u00a0Decyduj\u0105c si\u0119 na korzystanie z us\u0142ug PUH Norbert Mo\u015bci\u0144ski\u00a0za po\u015brednictwem strony internetowej www.drzwi-tarasy.pl automatycznie akceptuj\u0105 Pa\u0144stwo warunki okre\u015blone w niniejszym Regulaminie. Je\u015bli nie wyra\u017caj\u0105 Pa\u0144stwo zgody na zawarte w nim warunki, prosimy o nie dokonywanie zamawiania us\u0142ug.<\/p>\n<p>\u00a71 Informacje og\u00f3lne<\/p>\n<p>1.Niniejszy Regulamin \u015bwiadczenia us\u0142ug drog\u0105 elektroniczn\u0105 (zwany dalej: \u201eRegulaminem\u201d) okre\u015bla zasady korzystania z us\u0142ug zamawianych online \u015bwiadczonych przez PUH Norbert Mo\u015bci\u0144ski\u00a0z siedzib\u0105 w 26-600 Radom, ul. Sandomierska 11 lok 38, zarejestrowan\u0105 w rejestrze przedsi\u0119biorc\u00f3w prowadzonym przez II Urz\u0105d Skarbowy w Radomiu, NIP: 948-212-54-36, (zwan\u0105 dalej: \u201ePUH Norbert Mo\u015bci\u0144ski\u00a0\u201d lub \u201eUs\u0142ugodawc\u0105\u201d).<\/p>\n<p>2.Niniejszy Regulamin jest regulaminem w znaczeniu art. 8 ustawy z dnia 18 lipca 2002 r. o \u015bwiadczeniu us\u0142ug drog\u0105 elektroniczn\u0105 (Dz. U. Nr 144, poz. 1204 z p\u00f3\u017an. zm.).<\/p>\n<p>3.Niniejszy Regulamin okre\u015bla: rodzaje i zakres us\u0142ug \u015bwiadczonych przez PUH Norbert Mo\u015bci\u0144ski\u00a0 drog\u0105 elektroniczn\u0105, warunki \u015bwiadczenia tych us\u0142ug, warunki zawierania um\u00f3w o \u015bwiadczenie us\u0142ug drog\u0105 elektroniczn\u0105 oraz tryb post\u0119powania reklamacyjnego.<\/p>\n<p>\u00a72 Definicje<\/p>\n<p>1.Us\u0142ugodawca \u2013 PUH\u00a0Norbert Mo\u015bci\u0144ski<\/p>\n<p>2.Strona internetowa \u2013 serwis internetowy znajduj\u0105cy si\u0119 pod adresem www.drzwi-tarasy.pl, za pomoc\u0105 kt\u00f3rego Klient mo\u017ce zamawia\u0107 24 godziny na dob\u0119, 7 dni w tygodniu, us\u0142ugi \u015bwiadczone drog\u0105 elektroniczn\u0105 przez PUH\u00a0 Norbert Mo\u015bci\u0144ski.<\/p>\n<p>3.Klient \u2013 osoba fizyczna posiadaj\u0105ca pe\u0142n\u0105 zdolno\u015b\u0107 do czynno\u015bci prawnych, osoba prawna lub jednostka organizacyjna nie posiadaj\u0105ca osobowo\u015bci prawnej, kt\u00f3rej ustawa przyzna\u0142a zdolno\u015b\u0107 prawn\u0105, kt\u00f3ra u\u017cywa Strony internetowej w celu korzystania z us\u0142ug \u015bwiadczonych drog\u0105 elektroniczn\u0105 przez PUH Norbert Mo\u015bci\u0144ski.<\/p>\n<p>4.Us\u0142ugi \u2013 us\u0142ugi \u015bwiadczone przez PUH Norbert Mo\u015bci\u0144ski, wskazane w \u00a73 niniejszego Regulaminu.<\/p>\n<p>5.Umowa \u2013 umowa zawierana pomi\u0119dzy Klientem a PUH\u00a0Norbert Mo\u015bci\u0144ski<\/p>\n<p>\u00a73 Us\u0142ugi<\/p>\n<p>1. PUH Norbert Mo\u015bci\u0144ski\u00a0\u015bwiadczy za pomoc\u0105 Strony internetowej oraz drog\u0105 elektroniczn\u0105 Us\u0142ugi polegaj\u0105ce na sprzeda\u017cy towar\u00f3w przez siebie oferowanych, w tym: drzwi, o\u015bcie\u017cnic, akcesori\u00f3w drzwiowych etc. i na \u017cyczenie Klienta dor\u0119czeniu ich na terenie ca\u0142ej Polski . Do Um\u00f3w zawartych w nast\u0119pstwie takiego zam\u00f3wienia zapisy Regulaminu maj\u0105 odpowiednie zastosowanie.<\/p>\n<p>2.Wszelkie informacje, dane i materia\u0142y udost\u0119pniane na Stronie internetowej (w tym m.in. nazwy, logotypy i cenniki) oraz wszelkie inne prawa w\u0142asno\u015bci intelektualnej nale\u017c\u0105 do PUH Norbert Mo\u015bci\u0144ski\u00a0lub podmiot\u00f3w wsp\u00f3\u0142pracuj\u0105cych i s\u0105 chronione prawami autorskimi, prawami do znak\u00f3w towarowych, prawami do baz danych lub innymi prawami w\u0142asno\u015bci intelektualnej.<\/p>\n<p>3.Nie jest dopuszczalne wykorzystywanie zasob\u00f3w Strony internetowej jako podstawy do prowadzenia przez Klienta jakiejkolwiek dzia\u0142alno\u015bci gospodarczej, opartej o zawarte na Stronie internetowej informacje lub narz\u0119dzia.<\/p>\n<p>\u00a74 Zawarcie i warunki Umowy<\/p>\n<p>1.Klient mo\u017ce korzysta\u0107 z Us\u0142ug dost\u0119pnych przez Stron\u0119 internetow\u0105 z zastrze\u017ceniem spe\u0142nienia wymaga\u0144 technicznych, o jakich mowa w \u00a75 Regulaminu, oraz pod warunkiem akceptacji postanowie\u0144 niniejszego Regulaminu.<\/p>\n<p>2.Postanowienia niniejszego Regulaminu maj\u0105 charakter porozumienia pomi\u0119dzy PUH Norbert Mo\u015bci\u0144ski\u00a0a Klientem oraz okre\u015blaj\u0105 podstawy prawne i warunki Umowy.<\/p>\n<p>3.Ka\u017cdy Klient zobowi\u0105zany jest, w chwili podj\u0119cia czynno\u015bci zmierzaj\u0105cych do zawarcia Umowy, do przestrzegania warunk\u00f3w niniejszego Regulaminu.<\/p>\n<p>4.Stronami Umowy s\u0105 Klient oraz PUH Norbert Mo\u015bci\u0144ski.<\/p>\n<p>5.Klient niniejszym potwierdza, \u017ce posiada pe\u0142n\u0105 zdolno\u015b\u0107 do czynno\u015bci prawnych i do zawierania prawnie wi\u0105\u017c\u0105cych zobowi\u0105za\u0144, akceptuj\u0105c za\u015b warunki niniejszego Regulaminu przyjmuje na siebie pe\u0142n\u0105 odpowiedzialno\u015b\u0107 finansow\u0105 za nale\u017cyte wykonanie Umowy. Zabrania si\u0119 Klientowi zawierania Umowy lub dokonywania jakichkolwiek p\u0142atno\u015bci z tytu\u0142u Umowy z u\u017cyciem fa\u0142szywego lub cudzego imienia lub nazwiska\/firmy, z wykorzystaniem fa\u0142szywej b\u0105d\u017a cudzej karty kredytowej lub cudzego konta bankowego, bez zgody w\u0142a\u015bciciela karty kredytowej lub konta bankowego lub w ka\u017cdy inny spos\u00f3b niezgodny z prawem.<\/p>\n<p>6.Klient zapewnia, \u017ce zawiera Umow\u0119 wy\u0142\u0105cznie w spos\u00f3b zgody z obowi\u0105zuj\u0105cym prawem.<\/p>\n<p>7.Warunkami zawarcia Umowy s\u0105: prawid\u0142owy przebieg procesu zam\u00f3wienia towaru, w tym podania kompletnych danych, akceptacja warunk\u00f3w niniejszego Regulaminu i dokonanie op\u0142aty za zam\u00f3wiony towar. Ceny towar\u00f3w zawieraj\u0105 podatek VAT.<\/p>\n<p>8.Proces zam\u00f3wienia Us\u0142ugi wymaga podj\u0119cia nast\u0119puj\u0105cych krok\u00f3w: a) wej\u015bcia przez Klienta na Stron\u0119 internetow\u0105 lub z\u0142o\u017cenie zam\u00f3wienia drog\u0105 elktroniczn\u0105. b) wyboru przez Klienta towaru; c) podania danych kontaktowych Klienta, ewentualnie danych osoby\/firmy, kt\u00f3rej zam\u00f3wienie ma zosta\u0107 dostarczone; d) wyboru sposobu odbioru towaru: osobistego lub, transport firmowy, a tak\u017ee dostarczenia przez kuriera, g) po wprowadzeniu danych, o kt\u00f3rych mowa powy\u017cej i zaznaczeniu pola \u201ePrzejd\u017a do p\u0142atno\u015bci\u201d Klient dokonuje wyboru sposobu p\u0142atno\u015bci, potwierdza zam\u00f3wienie i zostaje przekierowany na stron\u0119 odpowiedni\u0105 do dokonania wybranego sposobu p\u0142atno\u015bci; h) po z\u0142o\u017ceniu zam\u00f3wienia towar, na podany przez Klienta adres e-mail przes\u0142ana zostanie wiadomo\u015b\u0107 z potwierdzeniem dokonania zam\u00f3wienia. (wraz z za\u0142\u0105cznikiem w postaci formularza zam\u00f3wienia). W przypadku zam\u00f3wie\u0144 telefonicznych Us\u0142ugodawca poinformuje Klienta o czynno\u015bciach koniecznych do podj\u0119cia w celu zawarcia Umowy.<\/p>\n<p>9. Moment zawarcia Umowy nast\u0119puje w chwili ca\u0142kowitej akceptacji zam\u00f3wienia przez Klienta oraz po dokonaniu wp\u0142aty zadatku na z\u0142o\u017ceone zam\u00f3wienia lub op\u0142aty ca\u0142o\u015bciowej.<\/p>\n<p>10. Warunkiem uruchomienia zam\u00f3wienia jest pisemne potwierdzenie przez Klienta oraz po uiszczeniu wp\u0142aty.<\/p>\n<p>11. Termin realizacji zam\u00f3wienia wynosi minimalnie 1 tydzie\u0144, maksymalnie 5 tygodni i podawany jest prze PUH Norbert Mo\u015bci\u0144ski podczas sk\u0142adania zam\u00f3wienia (termin realizacji uzale\u017cniony jest od zakupionego towaru) i liczony od momentu uiszczenia wp\u0142aty.<\/p>\n<p>12. Ostatnim etapem realizacji Us\u0142ugi jest dostarczenia zam\u00f3wionego towaru osobie wskazanej przez Klienta, ewentualnie osobisty odbi\u00f3r towaru.<\/p>\n<p>13. Na podstawie Umowy PUH Norbert Mo\u015bci\u0144ski\u00a0jest zobowi\u0105zany do wydania lub dostarczenia zam\u00f3wionego towaru w terminie wskazanym przez Us\u0142ugodawc\u0119 w czasie zamawiania towaru.<\/p>\n<p>\u00a75 Odpowiedzialno\u015b\u0107<\/p>\n<p>1.Niedozwolonym jest korzystanie ze Strony internetowej (w tym z Us\u0142ug \u015bwiadczonych drog\u0105 elektroniczn\u0105) w celu naruszaj\u0105cym obowi\u0105zuj\u0105ce przepisy prawa, postanowienia Regulaminu lub dobre obyczaje.<\/p>\n<p>2.Zakazane jest przesy\u0142anie przez Klienta do PUH Norbert Mo\u015bci\u0144ski informacji i tre\u015bci o charakterze bezprawnym, obra\u017aliwym, informacji mog\u0105cych wprowadzi\u0107 w b\u0142\u0105d, a tak\u017ce tre\u015bci mog\u0105cych wywo\u0142a\u0107 zak\u0142\u00f3cenia lub uszkodzenia system\u00f3w komputerowych.<\/p>\n<p>3. PUH Norbert Mo\u015bci\u0144ski\u00a0ma prawo do wstrzymania dost\u0119pu do Us\u0142ug lub rozwi\u0105zania Umowy w przypadku Klienta, kt\u00f3ry: a) wykorzystuje Us\u0142ugi do cel\u00f3w niezgodnych z ich przeznaczeniem lub na szkod\u0119 os\u00f3b trzecich; b) narusza obowi\u0105zuj\u0105ce przepisy prawa, postanowienia Regulaminu b\u0105d\u017a dobre obyczaje.<\/p>\n<p>4.Klient ponosi pe\u0142n\u0105 odpowiedzialno\u015b\u0107 za szkody wynikaj\u0105ce z zachowa\u0144 niezgodnych z postanowieniami niniejszego Regulaminu.<\/p>\n<p>5. PUH Norbert Mo\u015bci\u0144ski\u00a0nie ponosi odpowiedzialno\u015bci za korzystanie przez Klienta ze Strony internetowej w spos\u00f3b sprzeczny z postanowieniami niniejszego Regulaminu oraz za konsekwencje decyzji podj\u0119tych na podstawie tre\u015bci zamieszczonych na Stronie internetowej.<\/p>\n<p>6.W przypadku jakiegokolwiek nieupowa\u017cnionego korzystania ze Strony internetowej lub Us\u0142ug PUH Norbert Mo\u015bci\u0144ski zastrzega sobie prawo do podj\u0119cia wszelkich niezb\u0119dnych dzia\u0142a\u0144, nie wykluczaj\u0105c wyst\u0105pienia na drog\u0119 s\u0105dow\u0105, bez powiadomienia o tym fakcie Klienta.<\/p>\n<p>7. Prezentowane na Stronie internetowej materia\u0142y, informacje lub ceny, nie stanowi\u0105 oferty w rozumieniu przepis\u00f3w Kodeksu cywilnego z dnia 23 kwietnia 1964 r. (Dz. U. z 1964 r. Nr 16, poz. 93 z p\u00f3\u017an. zm.).<\/p>\n<p>8.Wybrane towary mog\u0105 by\u0107 w okre\u015blonym czasie obj\u0119te promocj\u0105, kt\u00f3rej warunki mog\u0105 r\u00f3\u017cni\u0107 si\u0119 od warunk\u00f3w zawartych w niniejszym Regulaminie. Promocje, rabaty, itp., si\u0119 nie \u0142\u0105cz\u0105.<\/p>\n<p>9. Kolory drzwi mog\u0105 nieznacznie r\u00f3\u017cni\u0107 si\u0119 od kolor\u00f3w prezentowanych na zdj\u0119ciach.<\/p>\n<p>10.W przypadku braku mo\u017cliwo\u015bci dostarczenia towaru pod wskazany przez Klienta adres z przyczyn niezale\u017cnych od PUH Norbert Mo\u015bci\u0144ski, jak np. z powodu wskazania b\u0142\u0119dnego adresu, czy niezastania odbiorcy pod wskazanym przez Klienta adresem, Us\u0142ugodawca nie ponosi odpowiedzialno\u015bci za spowodowane takimi okoliczno\u015bciami nieterminowe wykonanie Us\u0142ugi.<\/p>\n<p>11.W przypadku braku mo\u017cliwo\u015bci zrealizowania Us\u0142ugi z przyczyn le\u017c\u0105cych po stronie Klienta, np. w wyniku wskazania b\u0142\u0119dnych danych, i poniesienia przez Us\u0142ugodawc\u0119 koszt\u00f3w zwi\u0105zanych z realizacj\u0105 Us\u0142ugi, Us\u0142uga zostanie uznana za zrealizowan\u0105. Ponowna pr\u00f3ba realizacji zam\u00f3wienia b\u0119dzie uznawana za nowe zam\u00f3wienie (obci\u0105zenie Klienta ponownycm kosztem transportu).<\/p>\n<p>12. PUH Norbert Mo\u015bci\u0144ski\u00a0nie ponosi odpowiedzialno\u015bci za problemy techniczne b\u0105d\u017a ograniczenia techniczne Strony internetowej.<\/p>\n<p>Reklamacje, zwroty<\/p>\n<p>1. Zakupiony towar mo\u017cna zwr\u00f3ci\u0107 w ci\u0105gu 14 dni. Aby dokona\u0107 zwrotu towaru nale\u017cy wype\u0142ni\u0107 formularz zwrot\u00f3w znajduj\u0105cy si\u0119 na stronie internetowej. Towar powinien by\u0107 zwr\u00f3cony w nienaruszonym opakowaniu fabrycznym. Zwrot towaru dokonywany jest na koszt Zamawiaj\u0105cego na ustalony adres . Niezw\u0142ocznie, a w ka\u017cdym razie nie p\u00f3\u017aniej ni\u017c 14 dni od dnia, w kt\u00f3rym poinofrmowany zosta\u0142 Us\u0142ugodawca o odst\u0105pieniu od umowy. Termin jest zachowany, je\u017celi towar zostanie odes\u0142any przed up\u0142ywem 14 dni. Nale\u017cno\u015b\u0107 za zwr\u00f3cony towar b\u0119dzie wp\u0142acana na konto podane przez Zamawiaj\u0105cego, jednak\u017ce pod warunkiem otrzymania towaru w opakowaniu fabrycznym i nienaruszonym.<\/p>\n<p>2. Odbieraj\u0105c zam\u00f3wiony towar Zamawiaj\u0105cy jest zobowi\u0105zany do sprawdzenia przesy\u0142ki. W przypadku stwierdzenia uszkodzenia przesy\u0142ki, nale\u017cy powiadomi\u0107 Us\u0142ugodawc\u0119.<\/p>\n<p>3. Reklamacji nie podlegaj\u0105 drzwi lub ich dodatkowe elementy ze zmianami mechanicznymi, dokonanymi przez klienta.<\/p>\n<p>4. Wszelkie reklamacje dotycz\u0105ce zam\u00f3wionych towar\u00f3w nale\u017cy sk\u0142ada\u0107 w formie pisemnej, przesy\u0142aj\u0105c je na adres e-mail: norbertmoscinski@go2.pl. lub listownie na adres: PUH Norbert Mo\u015bci\u0144ski\u00a0Ul. Sandomierska 11 lok 38\u00a026-600 Radom tel. 505891772\u00a0Reklamacja powinna zawiera\u0107 oznaczenie Zamawiaj\u0105cego, adres do dor\u0119cze\u0144, adres e-mail (je\u015bli Zamawiaj\u0105cy go posiada) oraz zwi\u0119z\u0142y opis zdarzenia uzasadniaj\u0105cego reklamacj\u0119. Odpowied\u017a na reklamacj\u0119 b\u0119dzie udzielana w terminie 14 dni od otrzymania pisma od Zamawiaj\u0105cego. Reklamacje nieprawid\u0142owe nie b\u0119d\u0105 rozpatrywane. Termin realizacji reklamacji liczony b\u0119dzie od momentu ostatecznego rozpatrzenia reklamacji oraz ustalany na podstawie specyfikacji towaru (w zale\u017cno\u015bci od producenta towaru). Reklamacja powinna zosta\u0107 wys\u0142ana na e-mail: sklep@drzwi-tarasy.pl Postanowienia ko\u0144cowe<\/p>\n<p>5. PUH Norbert Mo\u015bci\u0144ski\u00a0zastrzega sobie prawo jednostronnego dokonywania zmian w regulaminie oraz wysoko\u015bci op\u0142at za dor\u0119czenie przesy\u0142ek.<\/p>\n<p>6. Zmiany w Regulaminie s\u0105 obowi\u0105zuj\u0105ce od chwili zamieszczenia ich na stronie internetowej w cz\u0119\u015bci Regulamin. Zmiany nie dotycz\u0105 ju\u017c potwierdzonych zam\u00f3wie\u0144.<\/p>\n<p>&#8212;&#8212;&#8212;&#8212;&#8212;&#8212;&#8212;&#8212;&#8212;&#8212;&#8212;&#8212;&#8212;&#8212;&#8212;&#8212;&#8212;&#8212;&#8212;&#8212;&#8212;&#8212;&#8212;&#8211;<\/p>\n<p>Termin realizacji zam\u00f3wienia \u00a0dla\u00a0Windoor\u00a0\u00a02 tygodnie<\/p>\n<p>Nie ponosimy odpowiedzialno\u015bci za op\u00f3\u017anienia ze strony producenta. (Np. awaria kt\u00f3rej\u015b z maszyn na produkcji.)<\/p>\n<p>&#8212;&#8212;&#8212;&#8212;&#8212;&#8212;&#8212;&#8212;&#8212;&#8212;&#8212;&#8212;&#8212;&#8212;&#8212;&#8212;&#8212;&#8212;&#8212;&#8212;&#8212;&#8212;&#8212;&#8212; Zam\u00f3wienie zostaje uruchomione z chwil\u0105 uiszczenia zadatku.<\/p>\n<p>&#8211; Je\u015bli w ci\u0105gu 24 godzin od daty z\u0142o\u017cenia zam\u00f3wienia Kupuj\u0105cy nie zg\u0142osi uwag lub zmian do niniejszego formularza, tym samym wyra\u017ca on zgod\u0119 na rozpocz\u0119cie realizacji zam\u00f3wienia. Zmiany i uzupe\u0142nienia zam\u00f3wienia wymagaj\u0105 dla swej wa\u017cno\u015bci formy pisemnej.<\/p>\n<p>&#8211; Je\u017celi Kupuj\u0105cy wybra\u0142 opcj\u0119 odbioru osobistego zam\u00f3wionego towaru, jest zobowi\u0105zany do jego odbioru nie p\u00f3\u017aniej ni\u017c w terminie 5 dni roboczych po uzyskaniu informacji od sprzedaj\u0105cego o dostarczeniu towaru do magazynu lub sklepu.<\/p>\n<p>&#8211; Prosimy o przemy\u015blany zakup, towar nie podlega zwrotowi.<\/li>\n<\/ol>\n<h4>Procedura sk\u0142adania i realizacji zam\u00f3wie\u0144<\/h4>\n<ol start=\"3\">\n<li>Podany przez U\u017cytkownika adres e-mail jak i telefon mo\u017ce zosta\u0107 wykorzystany do realizacji sk\u0142adanych zam\u00f3wie\u0144.<\/li>\n<li>Podstawowym warunkiem realizacji dokonanych zakup\u00f3w jest prawid\u0142owe wype\u0142nienie przez Zamawiaj\u0105cego formularza zam\u00f3wienia, udost\u0119pnionego przez PRZEDSI\u0118BIORSTWO US\u0141UGOWO HANDLOWE Norbert Mo\u015bci\u0144ski\u00a0na stronach sklepu internetowego.<\/li>\n<li>W przypadku wyst\u0105pienia okoliczno\u015bci uniemo\u017cliwiaj\u0105cych ca\u0142kowicie lub czasowo realizacj\u0119 z\u0142o\u017conego zam\u00f3wienia PRZEDSI\u0118BIORSTWO US\u0141UGOWO HANDLOWE Norbert Mo\u015bci\u0144ski\u00a0zastrzega sobie prawo do wstrzymania realizacji zam\u00f3wienia &#8211; o zaistnia\u0142ej sytuacji zobowi\u0105zuje si\u0119 niezw\u0142ocznie powiadomi\u0107 Zamawiaj\u0105cego.<\/li>\n<li>Nieprawid\u0142owo wype\u0142nione formularze zam\u00f3wienia nie b\u0119d\u0105 rozpatrywane.<\/li>\n<li>Zakupione produkty s\u0105 dostarczane pod adres wskazany w formularzu zam\u00f3wie\u0144.<\/li>\n<li>Klient posiada prawo wyboru sposobu dostawy, zgodnie z formularzem zam\u00f3wienia.<\/li>\n<li>Koszty przesy\u0142ki s\u0105 pokrywane przez nabywc\u0119. W okre\u015blonych przypadkach, o ile dopuszcza je PRZEDSI\u0118BIORSTWO US\u0141UGOWO HANDLOWE Norbert Mo\u015bci\u0144ski, op\u0142ata za dostaw\u0119 zam\u00f3wionych towar\u00f3w mo\u017ce by\u0107 przerzucona na PRZEDSI\u0118BIORSTWO US\u0141UGOWO HANDLOWE\u00a0Norbert Mo\u015bci\u0144ski.<\/li>\n<\/ol>\n<h4>Gwarancje i reklamacje<\/h4>\n<ol start=\"10\">\n<li>Towary oferowane w sklepie internetowym s\u0105 obj\u0119te gwarancj\u0105 producenta i dostarczane z odpowiednimi kartami gwarancyjnymi.<\/li>\n<li>W przypadku reklamacji nale\u017cy kontaktowa\u0107 si\u0119 z \u00a0lub z odpowiednim serwisem, o ile jego adres zosta\u0142\u201a podany na karcie gwarancyjnej. Podstaw\u0105 wszcz\u0119cia procedury reklamacyjnej jest karta gwarancyjna, kt\u00f3r\u0105 Klient otrzymuje wraz z zam\u00f3wionym produktem.<\/li>\n<\/ol>\n<h4>Postanowienia ko\u0144cowe<\/h4>\n<ol start=\"13\">\n<li>Zamawiaj\u0105cy dokonuj\u0105cy zakupu w Sklepie , wyra\u017ca zgod\u0119 na przetwarzanie jego danych osobowych przez operatora platformy sklepowej, na kt\u00f3rej funkcjonuje sklep .<\/li>\n<li>W sprawach nieuregulowanych niniejszym regulaminem obowi\u0105zuj\u0105 przepisy kodeksu cywilnego oraz ustawy o ochronie niekt\u00f3rych praw konsument\u00f3w oraz odpowiedzialno\u015bci za szkod\u0119 wyrz\u0105dzon\u0105 przez produkt niebezpieczny z dnia 31 marca 2000 r. Dz.U. nr 22 poz.271).<\/li>\n<\/ol>\n","protected":false},"excerpt":{"rendered":"<p>Sklep internetowy firmy PUH Norbert Mo\u015bci\u0144ski, znajduj\u0105cy si\u0119 na stronie internetowej pod adresem www.drzwi-tarasy.pl\u00a0\u00a0umo\u017cliwia dokonywanie zakup\u00f3w za po\u015brednictwem Internetu. Ceny produkt\u00f3w znajduj\u0105cych si\u0119 w sklepie internetowym \u00a0s\u0105 podane w z\u0142otych polskich i zawieraj\u0105 VAT (s\u0105 cenami brutto). 3AWysy\u0142ka od 3 komplet\u00f3w. (Drzwi i o\u015bcie\u017cnica)Wcze\u015bniej prosz\u0119 o pytanie w sprawie dok\u0142adnego kosztu dostawy. (uzale\u017cnione od np. [&hellip;]<\/p>\n","protected":false},"author":1,"featured_media":0,"parent":0,"menu_order":0,"comment_status":"closed","ping_status":"closed","template":"","meta":{"_acf_changed":false,"_monsterinsights_skip_tracking":false,"_monsterinsights_sitenote_active":false,"_monsterinsights_sitenote_note":"","_monsterinsights_sitenote_category":0,"footnotes":""},"class_list":["post-1125","page","type-page","status-publish","hentry"],"acf":[],"aioseo_notices":[],"jetpack_sharing_enabled":true,"_links":{"self":[{"href":"https:\/\/drzwitarasy.pl\/index.php?rest_route=\/wp\/v2\/pages\/1125","targetHints":{"allow":["GET"]}}],"collection":[{"href":"https:\/\/drzwitarasy.pl\/index.php?rest_route=\/wp\/v2\/pages"}],"about":[{"href":"https:\/\/drzwitarasy.pl\/index.php?rest_route=\/wp\/v2\/types\/page"}],"author":[{"embeddable":true,"href":"https:\/\/drzwitarasy.pl\/index.php?rest_route=\/wp\/v2\/users\/1"}],"replies":[{"embeddable":true,"href":"https:\/\/drzwitarasy.pl\/index.php?rest_route=%2Fwp%2Fv2%2Fcomments&post=1125"}],"version-history":[{"count":3,"href":"https:\/\/drzwitarasy.pl\/index.php?rest_route=\/wp\/v2\/pages\/1125\/revisions"}],"predecessor-version":[{"id":3906,"href":"https:\/\/drzwitarasy.pl\/index.php?rest_route=\/wp\/v2\/pages\/1125\/revisions\/3906"}],"wp:attachment":[{"href":"https:\/\/drzwitarasy.pl\/index.php?rest_route=%2Fwp%2Fv2%2Fmedia&parent=1125"}],"curies":[{"name":"wp","href":"https:\/\/api.w.org\/{rel}","templated":true}]}}